{"id":1029,"date":"2018-11-18T12:30:26","date_gmt":"2018-11-18T11:30:26","guid":{"rendered":"http:\/\/agora.xtec.cat\/iesperealsius\/?page_id=1029"},"modified":"2018-11-18T12:32:42","modified_gmt":"2018-11-18T11:32:42","slug":"sortides-despres-de-leso","status":"publish","type":"page","link":"https:\/\/agora.xtec.cat\/iesperealsius\/estudis\/orientacio\/sortides-despres-de-leso\/","title":{"rendered":"Sortides despr\u00e9s de l&#8217;ESO"},"content":{"rendered":"<div style=\"text-align: center;\"><\/div>\n<div style=\"text-align: left;\">\n<p><span style=\"font-size: large;\"><span style=\"font-family: verdana,sans-serif;\"><span style=\"text-decoration: underline;\"><span style=\"color: #000000; text-decoration: underline;\"><a style=\"color: #000000; text-decoration: underline;\" href=\"http:\/\/queestudiar.gencat.cat\/ca\/estudis\/batxillerat\/\" target=\"_blank\" rel=\"noopener\"><b>El batxillerat<\/b><\/a> <\/span><\/span><br \/>\n<\/span><\/span><\/p>\n<ul>\n<li style=\"font-family: verdana,sans-serif;\"><span style=\"font-size: large;\"><a style=\"font-family: verdana,sans-serif;\" href=\"http:\/\/queestudiar.gencat.cat\/ca\/estudis\/batxillerat\/\" target=\"_blank\" rel=\"nofollow noopener\">Informaci\u00f3 General<\/a><\/span><\/li>\n<li style=\"font-family: verdana,sans-serif;\"><span style=\"font-size: large;\"><a href=\"http:\/\/universitats.gencat.cat\/ca\/pau\/que_heu_saber\/estructura_qualificacio\/\" target=\"_blank\" rel=\"nofollow noopener\">Estructura de les PAU<\/a><\/span><\/li>\n<li style=\"font-family: verdana,sans-serif;\"><span style=\"font-size: large;\"><a href=\"http:\/\/universitats.gencat.cat\/ca\/preinscripcio\/taula_ponderacions\/\" target=\"_blank\" rel=\"nofollow noopener\">Ponderaci\u00f3 de les mat\u00e8ries de modalitat en l&#8217;acc\u00e9s a la universitat<\/a><br \/>\n<\/span><\/li>\n<li style=\"font-family: verdana,sans-serif;\"><a href=\"http:\/\/universitats.gencat.cat\/ca\/preinscripcio\/llistes_i_notes\/\" target=\"_blank\" rel=\"nofollow noopener\"><span style=\"font-size: large;\">Llistes de notes de tall i de places universit\u00e0ries<\/span><\/a><\/li>\n<li style=\"font-family: verdana,sans-serif;\"><span style=\"font-weight: normal;\"><span style=\"font-size: large;\"><a href=\"http:\/\/queestudiar.gencat.cat\/ca\/estudis\/fp\/cicles\/gs\/\" target=\"_blank\" rel=\"nofollow noopener\">Cicles formatius de grau superior<\/a><\/span><\/span><\/li>\n<li style=\"font-family: verdana,sans-serif;\"><span style=\"font-weight: normal;\"><span style=\"font-size: large;\"><a href=\"https:\/\/sites.google.com\/a\/xtec.cat\/preinscripcio-ins-pere-alsius\/home\/batxillerat\/CFGS_Prioritats_per_la_via_de_Batxillerat.pdf?attredirects=0&amp;d=1\" target=\"_blank\" rel=\"noopener\">Acc\u00e9s als cicles formatius de grau superior: prioritat per la via del batxillerat<\/a><\/span><\/span><\/li>\n<\/ul>\n<p>&nbsp;<\/p>\n<p><span style=\"font-size: large;\"><span style=\"font-family: verdana,sans-serif;\"><u><b>Formaci\u00f3 professional<\/b><\/u><br \/>\n<\/span><\/span><\/p>\n<ul>\n<li><span style=\"font-size: large;\"><span style=\"font-family: verdana,sans-serif;\"><a href=\"http:\/\/queestudiar.gencat.cat\/ca\/estudis\/fp\/info-general\/\" target=\"_blank\" rel=\"noopener\">Informaci\u00f3 general<\/a><br \/>\n<\/span><\/span><\/li>\n<li><span style=\"font-size: large;\"><span style=\"font-family: verdana,sans-serif;\"><a href=\"http:\/\/queestudiar.gencat.cat\/sites\/queestudiar\/ca\/estudis\/fp\/cicles\" target=\"_blank\" rel=\"noopener\">Fam\u00edlies professionals<\/a><\/span><\/span><\/li>\n<li><span style=\"font-size: large;\"><span style=\"font-family: verdana,sans-serif;\"><a href=\"http:\/\/queestudiar.gencat.cat\/sites\/queestudiar\/ca\/estudis\/fp\/cicles\/gm\">Cicles formatius de grau mitj\u00e0<\/a><\/span><\/span><\/li>\n<li><span style=\"font-size: large;\"><span style=\"font-family: verdana,sans-serif;\"><a href=\"http:\/\/queestudiar.gencat.cat\/sites\/queestudiar\/ca\/estudis\/fp\/cicles\/gs\" target=\"_blank\" rel=\"noopener\">Cicles formatius de grau superior<\/a><\/span><\/span><\/li>\n<li><span style=\"font-size: large;\"><span style=\"font-family: verdana,sans-serif;\"><a href=\"http:\/\/queestudiar.gencat.cat\/sites\/queestudiar\/ca\/estudis\/acces-cicles\" target=\"_blank\" rel=\"noopener\">Cursos espec\u00edfics d&#8217;acc\u00e9s als cicles<\/a><\/span><\/span><\/li>\n<\/ul>\n<p>&nbsp;<\/p>\n<p><span style=\"font-size: large;\"><span style=\"font-family: verdana,sans-serif;\"><u><b>Ensenyaments de r\u00e8gim especial<\/b><\/u><br \/>\n<\/span><\/span><\/p>\n<ul>\n<li><a href=\"http:\/\/queestudiar.gencat.cat\/ca\/estudis\/esportius\/\" target=\"_blank\" rel=\"noopener\"><span style=\"font-size: large;\"><span style=\"font-family: verdana,sans-serif;\">Esports<\/span><\/span><\/a><\/li>\n<li><a href=\"http:\/\/queestudiar.gencat.cat\/ca\/estudis\/musica\/\" target=\"_blank\" rel=\"noopener\"><span style=\"font-size: large;\"><span style=\"font-family: verdana,sans-serif;\">M\u00fasica<\/span><\/span><\/a><\/li>\n<li><a href=\"http:\/\/queestudiar.gencat.cat\/ca\/estudis\/dansa\/\" target=\"_blank\" rel=\"noopener\"><span style=\"font-size: large;\"><span style=\"font-family: verdana,sans-serif;\">Dansa<\/span><\/span><\/a><\/li>\n<li><a href=\"http:\/\/queestudiar.gencat.cat\/ca\/estudis\/apd\/\" target=\"_blank\" rel=\"noopener\"><span style=\"font-size: large;\"><span style=\"font-family: verdana,sans-serif;\">Arts pl\u00e0stiques i disseny<\/span><\/span><\/a><\/li>\n<li><a href=\"http:\/\/queestudiar.gencat.cat\/ca\/estudis\/eas\/\" target=\"_blank\" rel=\"noopener\"><span style=\"font-size: large;\"><span style=\"font-family: verdana,sans-serif;\">Art\u00edstics superiors<\/span><\/span><\/a><\/li>\n<\/ul>\n<p>&nbsp;<\/p>\n<\/div>\n<p><span style=\"font-family: verdana, sans-serif; font-size: large;\"><b><a href=\"http:\/\/xtec.gencat.cat\/ca\/formacio\/formaciocollectiusespecifics\/educacioadults\" target=\"_blank\" rel=\"noopener\">Escola d&#8217;Adults<\/a><\/b><\/span><\/p>\n","protected":false},"excerpt":{"rendered":"<p><a style=\"color: #000000; text-decoration: underline;\" href=\"http:\/\/queestudiar.gencat.cat\/ca\/estudis\/batxillerat\/\" target=\"_blank\" rel=\"noopener\">El batxillerat<\/a> <\/p>\n<ul>\n<li style=\"font-family: verdana,sans-serif;\"><a style=\"font-family: verdana,sans-serif;\" href=\"http:\/\/queestudiar.gencat.cat\/ca\/estudis\/batxillerat\/\" target=\"_blank\" rel=\"nofollow noopener\">Informaci\u00f3 General<\/a><\/li>\n<li style=\"font-family: verdana,sans-serif;\"><a href=\"http:\/\/universitats.gencat.cat\/ca\/pau\/que_heu_saber\/estructura_qualificacio\/\" target=\"_blank\" rel=\"nofollow noopener\">Estructura de les PAU<\/a><\/li>\n<li style=\"font-family: verdana,sans-serif;\"><a href=\"http:\/\/universitats.gencat.cat\/ca\/preinscripcio\/taula_ponderacions\/\" target=\"_blank\" rel=\"nofollow noopener\">Ponderaci\u00f3 de les mat\u00e8ries de modalitat en l&#8217;acc\u00e9s a la universitat<\/a>\n<\/li>\n<li style=\"font-family:&hellip;  <a href=\"https:\/\/agora.xtec.cat\/iesperealsius\/estudis\/orientacio\/sortides-despres-de-leso\/\" title=\"Read Sortides despr\u00e9s de l&#8217;ESO\">Llegeix m\u00e9s\u00bb<\/a><br \/>\n","protected":false},"author":1,"featured_media":0,"parent":1014,"menu_order":20,"comment_status":"closed","ping_status":"closed","template":"page-templates\/side-menu.php","meta":{"_bbp_topic_count":0,"_bbp_reply_count":0,"_bbp_total_topic_count":0,"_bbp_total_reply_count":0,"_bbp_voice_count":0,"_bbp_anonymous_reply_count":0,"_bbp_topic_count_hidden":0,"_bbp_reply_count_hidden":0,"_bbp_forum_subforum_count":0,"footnotes":""},"class_list":["post-1029","page","type-page","status-publish","hentry"],"post_mailing_queue_ids":[],"_links":{"self":[{"href":"https:\/\/agora.xtec.cat\/iesperealsius\/wp-json\/wp\/v2\/pages\/1029","targetHints":{"allow":["GET"]}}],"collection":[{"href":"https:\/\/agora.xtec.cat\/iesperealsius\/wp-json\/wp\/v2\/pages"}],"about":[{"href":"https:\/\/agora.xtec.cat\/iesperealsius\/wp-json\/wp\/v2\/types\/page"}],"author":[{"embeddable":true,"href":"https:\/\/agora.xtec.cat\/iesperealsius\/wp-json\/wp\/v2\/users\/1"}],"replies":[{"embeddable":true,"href":"https:\/\/agora.xtec.cat\/iesperealsius\/wp-json\/wp\/v2\/comments?post=1029"}],"version-history":[{"count":1,"href":"https:\/\/agora.xtec.cat\/iesperealsius\/wp-json\/wp\/v2\/pages\/1029\/revisions"}],"predecessor-version":[{"id":1030,"href":"https:\/\/agora.xtec.cat\/iesperealsius\/wp-json\/wp\/v2\/pages\/1029\/revisions\/1030"}],"up":[{"embeddable":true,"href":"https:\/\/agora.xtec.cat\/iesperealsius\/wp-json\/wp\/v2\/pages\/1014"}],"wp:attachment":[{"href":"https:\/\/agora.xtec.cat\/iesperealsius\/wp-json\/wp\/v2\/media?parent=1029"}],"curies":[{"name":"wp","href":"https:\/\/api.w.org\/{rel}","templated":true}]}}