{"id":6656,"date":"2026-01-28T21:02:48","date_gmt":"2026-01-28T20:02:48","guid":{"rendered":"https:\/\/agora.xtec.cat\/iespedrol\/?page_id=6656"},"modified":"2026-01-29T20:19:52","modified_gmt":"2026-01-29T19:19:52","slug":"visual-i-plastica","status":"publish","type":"page","link":"https:\/\/agora.xtec.cat\/iespedrol\/departaments-didactics\/visual-i-plastica\/visual-i-plastica\/","title":{"rendered":"Visual i Pl\u00e0stica"},"content":{"rendered":"\n<p><strong>PROFESSORAT<\/strong>: Carla Salam\u00f3 i Raquel Puerto<\/p>\n\n\n\n<figure class=\"wp-block-image aligncenter size-large\"><img loading=\"lazy\" decoding=\"async\" width=\"500\" height=\"375\" src=\"https:\/\/agora.xtec.cat\/iespedrol\/wp-content\/uploads\/usu155\/2026\/01\/WhatsApp-Image-2026-01-28-at-14.40.57-500x375.jpeg\" alt=\"\" class=\"wp-image-6660\" srcset=\"https:\/\/agora.xtec.cat\/iespedrol\/wp-content\/uploads\/usu155\/2026\/01\/WhatsApp-Image-2026-01-28-at-14.40.57-500x375.jpeg 500w, https:\/\/agora.xtec.cat\/iespedrol\/wp-content\/uploads\/usu155\/2026\/01\/WhatsApp-Image-2026-01-28-at-14.40.57-250x188.jpeg 250w, https:\/\/agora.xtec.cat\/iespedrol\/wp-content\/uploads\/usu155\/2026\/01\/WhatsApp-Image-2026-01-28-at-14.40.57-125x94.jpeg 125w, https:\/\/agora.xtec.cat\/iespedrol\/wp-content\/uploads\/usu155\/2026\/01\/WhatsApp-Image-2026-01-28-at-14.40.57-768x576.jpeg 768w, https:\/\/agora.xtec.cat\/iespedrol\/wp-content\/uploads\/usu155\/2026\/01\/WhatsApp-Image-2026-01-28-at-14.40.57-1536x1152.jpeg 1536w, https:\/\/agora.xtec.cat\/iespedrol\/wp-content\/uploads\/usu155\/2026\/01\/WhatsApp-Image-2026-01-28-at-14.40.57.jpeg 1600w\" sizes=\"auto, (max-width: 500px) 100vw, 500px\" \/><\/figure>\n\n\n\n<p><strong>Les assignatures que cursem s\u00f3n:<\/strong><\/p>\n\n\n\n<p>Educaci\u00f3 Pl\u00e0stica, Visual i Audiovisual 1r d&#8217;ESO (2h setmanals)<\/p>\n\n\n\n<p>Educaci\u00f3 Pl\u00e0stica, Visual i Audiovisual 3r d&#8217;ESO (2h setmanals)<\/p>\n\n\n\n<p>Optativa d&#8217;Expressi\u00f3 Art\u00edstica a 4rt d&#8217;ESO (3h setmanals)<\/p>\n\n\n\n<p>Dibuix T\u00e8cnic 1r de Batxillerat (actualment 3h setmanals)<\/p>\n\n\n\n<p>Dibuix T\u00e8cnic 2n de Batxillerat (4h setmanals)<\/p>\n\n\n\n<div class=\"wp-block-columns is-layout-flex wp-container-core-columns-is-layout-1 wp-block-columns-is-layout-flex\">\n<div class=\"wp-block-column is-layout-flow wp-block-column-is-layout-flow\">\n<figure class=\"wp-block-image size-large\"><img loading=\"lazy\" decoding=\"async\" width=\"375\" height=\"500\" src=\"https:\/\/agora.xtec.cat\/iespedrol\/wp-content\/uploads\/usu155\/2026\/01\/WhatsApp-Image-2026-01-28-at-14.42.04-375x500.jpeg\" alt=\"\" class=\"wp-image-6665\" srcset=\"https:\/\/agora.xtec.cat\/iespedrol\/wp-content\/uploads\/usu155\/2026\/01\/WhatsApp-Image-2026-01-28-at-14.42.04-375x500.jpeg 375w, https:\/\/agora.xtec.cat\/iespedrol\/wp-content\/uploads\/usu155\/2026\/01\/WhatsApp-Image-2026-01-28-at-14.42.04-188x250.jpeg 188w, https:\/\/agora.xtec.cat\/iespedrol\/wp-content\/uploads\/usu155\/2026\/01\/WhatsApp-Image-2026-01-28-at-14.42.04-94x125.jpeg 94w, https:\/\/agora.xtec.cat\/iespedrol\/wp-content\/uploads\/usu155\/2026\/01\/WhatsApp-Image-2026-01-28-at-14.42.04-768x1024.jpeg 768w, https:\/\/agora.xtec.cat\/iespedrol\/wp-content\/uploads\/usu155\/2026\/01\/WhatsApp-Image-2026-01-28-at-14.42.04-1152x1536.jpeg 1152w, https:\/\/agora.xtec.cat\/iespedrol\/wp-content\/uploads\/usu155\/2026\/01\/WhatsApp-Image-2026-01-28-at-14.42.04.jpeg 1200w\" sizes=\"auto, (max-width: 375px) 100vw, 375px\" \/><\/figure>\n<\/div>\n\n\n\n<div class=\"wp-block-column is-layout-flow wp-block-column-is-layout-flow\">\n<figure class=\"wp-block-image size-large\"><img loading=\"lazy\" decoding=\"async\" width=\"375\" height=\"500\" src=\"https:\/\/agora.xtec.cat\/iespedrol\/wp-content\/uploads\/usu155\/2026\/01\/WhatsApp-Image-2026-01-28-at-14.36.59-375x500.jpeg\" alt=\"\" class=\"wp-image-6666\" srcset=\"https:\/\/agora.xtec.cat\/iespedrol\/wp-content\/uploads\/usu155\/2026\/01\/WhatsApp-Image-2026-01-28-at-14.36.59-375x500.jpeg 375w, https:\/\/agora.xtec.cat\/iespedrol\/wp-content\/uploads\/usu155\/2026\/01\/WhatsApp-Image-2026-01-28-at-14.36.59-188x250.jpeg 188w, https:\/\/agora.xtec.cat\/iespedrol\/wp-content\/uploads\/usu155\/2026\/01\/WhatsApp-Image-2026-01-28-at-14.36.59-94x125.jpeg 94w, https:\/\/agora.xtec.cat\/iespedrol\/wp-content\/uploads\/usu155\/2026\/01\/WhatsApp-Image-2026-01-28-at-14.36.59-768x1024.jpeg 768w, https:\/\/agora.xtec.cat\/iespedrol\/wp-content\/uploads\/usu155\/2026\/01\/WhatsApp-Image-2026-01-28-at-14.36.59-1152x1536.jpeg 1152w, https:\/\/agora.xtec.cat\/iespedrol\/wp-content\/uploads\/usu155\/2026\/01\/WhatsApp-Image-2026-01-28-at-14.36.59.jpeg 1200w\" sizes=\"auto, (max-width: 375px) 100vw, 375px\" \/><\/figure>\n<\/div>\n\n\n\n<div class=\"wp-block-column is-layout-flow wp-block-column-is-layout-flow\">\n<figure class=\"wp-block-image size-large\"><img loading=\"lazy\" decoding=\"async\" width=\"375\" height=\"500\" src=\"https:\/\/agora.xtec.cat\/iespedrol\/wp-content\/uploads\/usu155\/2026\/01\/WhatsApp-Image-2026-01-28-at-14.37.23-375x500.jpeg\" alt=\"\" class=\"wp-image-6667\" srcset=\"https:\/\/agora.xtec.cat\/iespedrol\/wp-content\/uploads\/usu155\/2026\/01\/WhatsApp-Image-2026-01-28-at-14.37.23-375x500.jpeg 375w, https:\/\/agora.xtec.cat\/iespedrol\/wp-content\/uploads\/usu155\/2026\/01\/WhatsApp-Image-2026-01-28-at-14.37.23-188x250.jpeg 188w, https:\/\/agora.xtec.cat\/iespedrol\/wp-content\/uploads\/usu155\/2026\/01\/WhatsApp-Image-2026-01-28-at-14.37.23-94x125.jpeg 94w, https:\/\/agora.xtec.cat\/iespedrol\/wp-content\/uploads\/usu155\/2026\/01\/WhatsApp-Image-2026-01-28-at-14.37.23-768x1024.jpeg 768w, https:\/\/agora.xtec.cat\/iespedrol\/wp-content\/uploads\/usu155\/2026\/01\/WhatsApp-Image-2026-01-28-at-14.37.23-1152x1536.jpeg 1152w, https:\/\/agora.xtec.cat\/iespedrol\/wp-content\/uploads\/usu155\/2026\/01\/WhatsApp-Image-2026-01-28-at-14.37.23.jpeg 1200w\" sizes=\"auto, (max-width: 375px) 100vw, 375px\" \/><\/figure>\n<\/div>\n<\/div>\n\n\n\n<p><strong>Espais:<\/strong><\/p>\n\n\n\n<p>Aula de dibuix a la Seu:&nbsp;<\/p>\n\n\n\n<p>&#8211; amb materials per treballar diferents t\u00e8cniques art\u00edstiques<\/p>\n\n\n\n<p>&#8211; dues zones de projecci\u00f3 i ambients: depenent de si es fa dibuix t\u00e8cnic o dibuix assistit per ordinador (CAD)<\/p>\n\n\n\n<div class=\"wp-block-columns is-layout-flex wp-container-core-columns-is-layout-2 wp-block-columns-is-layout-flex\">\n<div class=\"wp-block-column is-layout-flow wp-block-column-is-layout-flow\">\n<figure class=\"wp-block-image size-large\"><img loading=\"lazy\" decoding=\"async\" width=\"375\" height=\"500\" src=\"https:\/\/agora.xtec.cat\/iespedrol\/wp-content\/uploads\/usu155\/2026\/01\/WhatsApp-Image-2026-01-28-at-14.38.08-375x500.jpeg\" alt=\"\" class=\"wp-image-6663\" srcset=\"https:\/\/agora.xtec.cat\/iespedrol\/wp-content\/uploads\/usu155\/2026\/01\/WhatsApp-Image-2026-01-28-at-14.38.08-375x500.jpeg 375w, https:\/\/agora.xtec.cat\/iespedrol\/wp-content\/uploads\/usu155\/2026\/01\/WhatsApp-Image-2026-01-28-at-14.38.08-188x250.jpeg 188w, https:\/\/agora.xtec.cat\/iespedrol\/wp-content\/uploads\/usu155\/2026\/01\/WhatsApp-Image-2026-01-28-at-14.38.08-94x125.jpeg 94w, https:\/\/agora.xtec.cat\/iespedrol\/wp-content\/uploads\/usu155\/2026\/01\/WhatsApp-Image-2026-01-28-at-14.38.08-768x1024.jpeg 768w, https:\/\/agora.xtec.cat\/iespedrol\/wp-content\/uploads\/usu155\/2026\/01\/WhatsApp-Image-2026-01-28-at-14.38.08-1152x1536.jpeg 1152w, https:\/\/agora.xtec.cat\/iespedrol\/wp-content\/uploads\/usu155\/2026\/01\/WhatsApp-Image-2026-01-28-at-14.38.08.jpeg 1200w\" sizes=\"auto, (max-width: 375px) 100vw, 375px\" \/><\/figure>\n<\/div>\n\n\n\n<div class=\"wp-block-column is-layout-flow wp-block-column-is-layout-flow\">\n<figure class=\"wp-block-image size-large\"><img loading=\"lazy\" decoding=\"async\" width=\"375\" height=\"500\" src=\"https:\/\/agora.xtec.cat\/iespedrol\/wp-content\/uploads\/usu155\/2026\/01\/WhatsApp-Image-2026-01-28-at-14.39.25-375x500.jpeg\" alt=\"\" class=\"wp-image-6661\" srcset=\"https:\/\/agora.xtec.cat\/iespedrol\/wp-content\/uploads\/usu155\/2026\/01\/WhatsApp-Image-2026-01-28-at-14.39.25-375x500.jpeg 375w, https:\/\/agora.xtec.cat\/iespedrol\/wp-content\/uploads\/usu155\/2026\/01\/WhatsApp-Image-2026-01-28-at-14.39.25-188x250.jpeg 188w, https:\/\/agora.xtec.cat\/iespedrol\/wp-content\/uploads\/usu155\/2026\/01\/WhatsApp-Image-2026-01-28-at-14.39.25-94x125.jpeg 94w, https:\/\/agora.xtec.cat\/iespedrol\/wp-content\/uploads\/usu155\/2026\/01\/WhatsApp-Image-2026-01-28-at-14.39.25-768x1024.jpeg 768w, https:\/\/agora.xtec.cat\/iespedrol\/wp-content\/uploads\/usu155\/2026\/01\/WhatsApp-Image-2026-01-28-at-14.39.25-1152x1536.jpeg 1152w, https:\/\/agora.xtec.cat\/iespedrol\/wp-content\/uploads\/usu155\/2026\/01\/WhatsApp-Image-2026-01-28-at-14.39.25.jpeg 1200w\" sizes=\"auto, (max-width: 375px) 100vw, 375px\" \/><\/figure>\n<\/div>\n\n\n\n<div class=\"wp-block-column is-layout-flow wp-block-column-is-layout-flow\">\n<figure class=\"wp-block-image size-large\"><img loading=\"lazy\" decoding=\"async\" width=\"375\" height=\"500\" src=\"https:\/\/agora.xtec.cat\/iespedrol\/wp-content\/uploads\/usu155\/2026\/01\/WhatsApp-Image-2026-01-28-at-14.43.28-375x500.jpeg\" alt=\"\" class=\"wp-image-6662\" srcset=\"https:\/\/agora.xtec.cat\/iespedrol\/wp-content\/uploads\/usu155\/2026\/01\/WhatsApp-Image-2026-01-28-at-14.43.28-375x500.jpeg 375w, https:\/\/agora.xtec.cat\/iespedrol\/wp-content\/uploads\/usu155\/2026\/01\/WhatsApp-Image-2026-01-28-at-14.43.28-188x250.jpeg 188w, https:\/\/agora.xtec.cat\/iespedrol\/wp-content\/uploads\/usu155\/2026\/01\/WhatsApp-Image-2026-01-28-at-14.43.28-94x125.jpeg 94w, https:\/\/agora.xtec.cat\/iespedrol\/wp-content\/uploads\/usu155\/2026\/01\/WhatsApp-Image-2026-01-28-at-14.43.28-768x1024.jpeg 768w, https:\/\/agora.xtec.cat\/iespedrol\/wp-content\/uploads\/usu155\/2026\/01\/WhatsApp-Image-2026-01-28-at-14.43.28-1152x1536.jpeg 1152w, https:\/\/agora.xtec.cat\/iespedrol\/wp-content\/uploads\/usu155\/2026\/01\/WhatsApp-Image-2026-01-28-at-14.43.28.jpeg 1200w\" sizes=\"auto, (max-width: 375px) 100vw, 375px\" \/><\/figure>\n<\/div>\n<\/div>\n\n\n\n<p><strong>Descripci\u00f3 optativa 4t:<\/strong><\/p>\n\n\n\n<p id=\"m_4485200824073686529m_5756751217897850889gmail-docs-internal-guid-2ded9ee1-7fff-2536-6ef8-952582b0f031\">Durant aquest curs ampliarem els coneixements de geometria ja estudiats i els aplicarem&nbsp; en la resoluci\u00f3 de figures i dibuixos.<\/p>\n\n\n\n<p>Tamb\u00e9 desenvoluparem els coneixements dels sistemes de representaci\u00f3. Estudiarem amb m\u00e9s profunditat, els sistemes di\u00e8dric i axonom\u00e8tric, i comen\u00e7arem a treballar en el sistema c\u00f2nic (un sistema que permet fer dibuixos molt semblants a la visi\u00f3 que el nostre ull t\u00e9 de la&nbsp;realitat que ens envolta).<\/p>\n\n\n\n<p>Tota aquesta part us pot interessar a aquells de vosaltres que tingueu la intenci\u00f3 de fer&nbsp; un Batxillerat Tecnol\u00f2gic, ja que estudiarem la base des d\u2019on comen\u00e7arem a fer el Dibuix T\u00e8cnic de Batxillerat.<\/p>\n\n\n\n<p>L\u2019\u00faltima part del curs la dedicarem a investigar diversos apartats de les arts pl\u00e0stiques, (t\u00e8cniques de dibuix&nbsp; i pintura, elements del disseny gr\u00e0fic, etc.). Tamb\u00e9 descobrirem un munt d\u2019estils art\u00edstics que es van desenvolupar un cop acabada la II Guerra&nbsp;Mundial. Estils sorprenents, que posicionen l\u2019art actual entre una reflexi\u00f3 profunda de la realitat.<\/p>\n\n\n\n<p>Tota aquesta part us pot ser \u00fatil als que vulgueu optar per fer un Batxillerat Art\u00edstic o Human\u00edstic.<\/p>\n\n\n\n<p id=\"m_4485200824073686529m_5756751217897850889gmail-docs-internal-guid-abfe8e61-7fff-541f-0b44-2fe450fec28c\">Quan feu produccions art\u00edstiques o de disseny pr\u00f2pies, us fixareu l&#8217;objectiu de planificar sempre un disseny previ, utilitzant els recursos m\u00e9s adients&nbsp;del llenguatge visual i pl\u00e0stic que s\u2019hauran treballat: disseny, les noves tecnologies, les literatures de&nbsp;la imatge, els mitjans tridimensionals i els llenguatges gr\u00e0fico-pl\u00e0stics.<\/p>\n\n\n\n<p><\/p>\n","protected":false},"excerpt":{"rendered":"<p>PROFESSORAT: Carla Salam\u00f3 i Raquel Puerto Les assignatures que cursem s\u00f3n: Educaci\u00f3 Pl\u00e0stica, Visual i Audiovisual 1r d&#8217;ESO (2h setmanals) Educaci\u00f3 Pl\u00e0stica, Visual i Audiovisual 3r d&#8217;ESO (2h setmanals) Optativa d&#8217;Expressi\u00f3 Art\u00edstica a 4rt d&#8217;ESO (3h setmanals) Dibuix T\u00e8cnic 1r de Batxillerat (actualment 3h setmanals) Dibuix T\u00e8cnic 2n de Batxillerat (4h setmanals) Espais: Aula de [&hellip;]<\/p>\n","protected":false},"author":6,"featured_media":0,"parent":6590,"menu_order":0,"comment_status":"closed","ping_status":"close","template":"","meta":{"_bbp_topic_count":0,"_bbp_reply_count":0,"_bbp_total_topic_count":0,"_bbp_total_reply_count":0,"_bbp_voice_count":0,"_bbp_anonymous_reply_count":0,"_bbp_topic_count_hidden":0,"_bbp_reply_count_hidden":0,"_bbp_forum_subforum_count":0,"site-sidebar-layout":"left-sidebar","site-content-layout":"","ast-site-content-layout":"default","site-content-style":"default","site-sidebar-style":"default","ast-global-header-display":"","ast-banner-title-visibility":"","ast-main-header-display":"","ast-hfb-above-header-display":"","ast-hfb-below-header-display":"","ast-hfb-mobile-header-display":"","site-post-title":"","ast-breadcrumbs-content":"","ast-featured-img":"","footer-sml-layout":"","theme-transparent-header-meta":"","adv-header-id-meta":"","stick-header-meta":"","header-above-stick-meta":"","header-main-stick-meta":"","header-below-stick-meta":"","astra-migrate-meta-layouts":"set","ast-page-background-enabled":"default","ast-page-background-meta":{"desktop":{"background-color":"var(--ast-global-color-4)","background-image":"","background-repeat":"repeat","background-position":"center center","background-size":"auto","background-attachment":"scroll","background-type":"","background-media":"","overlay-type":"","overlay-color":"","overlay-opacity":"","overlay-gradient":""},"tablet":{"background-color":"","background-image":"","background-repeat":"repeat","background-position":"center center","background-size":"auto","background-attachment":"scroll","background-type":"","background-media":"","overlay-type":"","overlay-color":"","overlay-opacity":"","overlay-gradient":""},"mobile":{"background-color":"","background-image":"","background-repeat":"repeat","background-position":"center center","background-size":"auto","background-attachment":"scroll","background-type":"","background-media":"","overlay-type":"","overlay-color":"","overlay-opacity":"","overlay-gradient":""}},"ast-content-background-meta":{"desktop":{"background-color":"var(--ast-global-color-5)","background-image":"","background-repeat":"repeat","background-position":"center center","background-size":"auto","background-attachment":"scroll","background-type":"","background-media":"","overlay-type":"","overlay-color":"","overlay-opacity":"","overlay-gradient":""},"tablet":{"background-color":"var(--ast-global-color-5)","background-image":"","background-repeat":"repeat","background-position":"center center","background-size":"auto","background-attachment":"scroll","background-type":"","background-media":"","overlay-type":"","overlay-color":"","overlay-opacity":"","overlay-gradient":""},"mobile":{"background-color":"var(--ast-global-color-5)","background-image":"","background-repeat":"repeat","background-position":"center center","background-size":"auto","background-attachment":"scroll","background-type":"","background-media":"","overlay-type":"","overlay-color":"","overlay-opacity":"","overlay-gradient":""}},"footnotes":""},"class_list":["post-6656","page","type-page","status-publish","hentry"],"post_mailing_queue_ids":[],"_links":{"self":[{"href":"https:\/\/agora.xtec.cat\/iespedrol\/wp-json\/wp\/v2\/pages\/6656","targetHints":{"allow":["GET"]}}],"collection":[{"href":"https:\/\/agora.xtec.cat\/iespedrol\/wp-json\/wp\/v2\/pages"}],"about":[{"href":"https:\/\/agora.xtec.cat\/iespedrol\/wp-json\/wp\/v2\/types\/page"}],"author":[{"embeddable":true,"href":"https:\/\/agora.xtec.cat\/iespedrol\/wp-json\/wp\/v2\/users\/6"}],"replies":[{"embeddable":true,"href":"https:\/\/agora.xtec.cat\/iespedrol\/wp-json\/wp\/v2\/comments?post=6656"}],"version-history":[{"count":6,"href":"https:\/\/agora.xtec.cat\/iespedrol\/wp-json\/wp\/v2\/pages\/6656\/revisions"}],"predecessor-version":[{"id":6773,"href":"https:\/\/agora.xtec.cat\/iespedrol\/wp-json\/wp\/v2\/pages\/6656\/revisions\/6773"}],"up":[{"embeddable":true,"href":"https:\/\/agora.xtec.cat\/iespedrol\/wp-json\/wp\/v2\/pages\/6590"}],"wp:attachment":[{"href":"https:\/\/agora.xtec.cat\/iespedrol\/wp-json\/wp\/v2\/media?parent=6656"}],"curies":[{"name":"wp","href":"https:\/\/api.w.org\/{rel}","templated":true}]}}