{"id":796,"date":"2015-11-18T14:07:57","date_gmt":"2015-11-18T13:07:57","guid":{"rendered":"http:\/\/agora.xtec.cat\/iespauvila\/?page_id=796"},"modified":"2026-01-26T17:42:38","modified_gmt":"2026-01-26T16:42:38","slug":"pv-la-revista-de-linstitut","status":"publish","type":"page","link":"https:\/\/agora.xtec.cat\/iespauvila\/projecte-educatiu\/pv-la-revista-de-linstitut\/","title":{"rendered":"PV, la revista de l&#8217;institut"},"content":{"rendered":"<p>L&#8217;actual revista del nostre centre es diu <strong>PV<\/strong>, ja podeu imaginar el per qu\u00e8! El Pau Vila ha tingut gaireb\u00e9 sempre la seva publicaci\u00f3 anual, feta per alguns dels seus alumnes. Els darrers anys, la redacci\u00f3 de PV la forma un grup d&#8217;alumnes de quart d&#8217;ESO que cursen la mat\u00e8ria optativa <em><strong>Revista<\/strong><\/em>. En una hora setmanal de classe, aquests estudiants tenen com a objectiu l&#8217;elaboraci\u00f3 del n\u00famero anual de la nostra revista all\u00e0 cap el mes de maig.<\/p>\n<p>PV \u00e9s una revista magazine; aix\u00f2 vol dir que no t\u00e9 uns continguts tancats i predeterminats des de la seva concepci\u00f3. Tot hi cap si pot ser de l&#8217;inter\u00e8s del nostres lectors. I els nostres lectors s\u00f3n l&#8217;alumnat, les fam\u00edlies i tota la comunitat educativa de l&#8217;institut. Tampoc som una revista d&#8217;actualitat i, per tant, el g\u00e8nere que hi predomina \u00e9s el reportatge i l&#8217;explicaci\u00f3 dels fets m\u00e9s destacables del desenvolupament del curs. La revista \u00e9s tamb\u00e9 un anuari i serveix com a recull d&#8217;algunes de les millors not\u00edcies que s&#8217;han generat al Pau Vila.<\/p>\n<p>La nostra identitat com a revista es basa en l&#8217;elaboraci\u00f3 dels seus continguts. Les not\u00edcies que hi publiquem han estat redactades amb rigor; els reportatges intenten tenir certa profunditat; les entrevistes estan fetes amb un m\u00e8tode. En aquest sentit, el primer trimestre de curs, l&#8217;alumnat de la redacci\u00f3 rep una breu formaci\u00f3 en g\u00e8neres period\u00edstics que hauran de dur a la pr\u00e0ctica durant la redacci\u00f3.<\/p>\n<p>El resultat el teniu aqu\u00ed a la web. La vostra lectura \u00e9s el nostre millor premi. I si dintre d&#8217;uns anys torneu a mirar PV i us porta bons records, el nostre objectiu estar\u00e0 m\u00e9s que assolit.<\/p>\n<p>Generalment es fa una edici\u00f3 en format digital i una versi\u00f3 impresa a final de curs. Totes les aportacions que es vulguin fer sobre els temes al voltant de la vida del nostre centre s&#8217;han de comunicar al professorat encarregat d&#8217;aquesta assignatura.<\/p>\n<table style=\"border-collapse: collapse; width: 100%; height: 538px;\">\n<tbody>\n<tr>\n<td style=\"width: 25%;\"><\/td>\n<td style=\"width: 25%; text-align: center;\"><a href=\"https:\/\/drive.google.com\/file\/d\/1JEEN2ZfyIhoabmwpwxh9kxfdrBcNfOos\/view?usp=sharing\" target=\"_blank\" rel=\"noopener\"><img loading=\"lazy\" decoding=\"async\" class=\"aligncenter size-full wp-image-15007\" src=\"https:\/\/agora.xtec.cat\/iespauvila\/wp-content\/uploads\/usu486\/2026\/01\/Revista-PV11-24-25.jpg\" alt=\"\" width=\"264\" height=\"376\" srcset=\"https:\/\/agora.xtec.cat\/iespauvila\/wp-content\/uploads\/usu486\/2026\/01\/Revista-PV11-24-25.jpg 264w, https:\/\/agora.xtec.cat\/iespauvila\/wp-content\/uploads\/usu486\/2026\/01\/Revista-PV11-24-25-211x300.jpg 211w\" sizes=\"auto, (max-width: 264px) 100vw, 264px\" \/><\/a><\/td>\n<td style=\"width: 25%; text-align: center;\"><a href=\"https:\/\/drive.google.com\/file\/d\/1J0-rKV73rfJblWayBfnOnnwrZCzJ4IGz\/view?usp=sharing\" target=\"_blank\" rel=\"noopener\"><img loading=\"lazy\" decoding=\"async\" class=\"aligncenter wp-image-14417\" src=\"https:\/\/agora.xtec.cat\/iespauvila\/wp-content\/uploads\/usu486\/2024\/06\/0-Portada_page-0001-724x1024.jpg\" alt=\"\" width=\"212\" height=\"300\" srcset=\"https:\/\/agora.xtec.cat\/iespauvila\/wp-content\/uploads\/usu486\/2024\/06\/0-Portada_page-0001-724x1024.jpg 724w, https:\/\/agora.xtec.cat\/iespauvila\/wp-content\/uploads\/usu486\/2024\/06\/0-Portada_page-0001-212x300.jpg 212w, https:\/\/agora.xtec.cat\/iespauvila\/wp-content\/uploads\/usu486\/2024\/06\/0-Portada_page-0001-768x1086.jpg 768w, https:\/\/agora.xtec.cat\/iespauvila\/wp-content\/uploads\/usu486\/2024\/06\/0-Portada_page-0001-1086x1536.jpg 1086w, https:\/\/agora.xtec.cat\/iespauvila\/wp-content\/uploads\/usu486\/2024\/06\/0-Portada_page-0001.jpg 1241w\" sizes=\"auto, (max-width: 212px) 100vw, 212px\" \/><\/a><\/td>\n<td style=\"width: 25%; text-align: center;\"><a href=\"https:\/\/drive.google.com\/file\/d\/1eG_S5HS33wmm7me8zKnlYM1TyUkteDiX\/view?usp=drive_link\" target=\"_blank\" rel=\"noopener\"><img loading=\"lazy\" decoding=\"async\" class=\"aligncenter wp-image-13967 size-medium\" src=\"https:\/\/agora.xtec.cat\/iespauvila\/wp-content\/uploads\/usu486\/2023\/07\/1.1.-Portada-PV9_page-0001-212x300.jpg\" alt=\"\" width=\"212\" height=\"300\" srcset=\"https:\/\/agora.xtec.cat\/iespauvila\/wp-content\/uploads\/usu486\/2023\/07\/1.1.-Portada-PV9_page-0001-212x300.jpg 212w, https:\/\/agora.xtec.cat\/iespauvila\/wp-content\/uploads\/usu486\/2023\/07\/1.1.-Portada-PV9_page-0001.jpg 724w\" sizes=\"auto, (max-width: 212px) 100vw, 212px\" \/><\/a><\/td>\n<\/tr>\n<tr>\n<td style=\"width: 25%;\"><\/td>\n<td style=\"width: 25%; text-align: center;\">Revista PV 2024-2025<\/td>\n<td style=\"width: 25%; text-align: center;\">Revista PV 2023-2024<\/td>\n<td style=\"width: 25%; text-align: center;\">Revista PV 2022-2023<\/td>\n<\/tr>\n<tr style=\"height: 32px;\">\n<td style=\"width: 25%; height: 32px;\"><a href=\"https:\/\/drive.google.com\/file\/d\/1mm7yDXmzpeQWacXdxF4Iwt8jFmwRsQXX\/view?usp=sharing\" target=\"_blank\" rel=\"noopener\"><img loading=\"lazy\" decoding=\"async\" class=\"aligncenter size-medium wp-image-12979\" src=\"https:\/\/agora.xtec.cat\/iespauvila\/wp-content\/uploads\/usu486\/2022\/06\/1-Portada_page-0001-212x300.jpg\" alt=\"\" width=\"212\" height=\"300\" srcset=\"https:\/\/agora.xtec.cat\/iespauvila\/wp-content\/uploads\/usu486\/2022\/06\/1-Portada_page-0001-212x300.jpg 212w, https:\/\/agora.xtec.cat\/iespauvila\/wp-content\/uploads\/usu486\/2022\/06\/1-Portada_page-0001-724x1024.jpg 724w, https:\/\/agora.xtec.cat\/iespauvila\/wp-content\/uploads\/usu486\/2022\/06\/1-Portada_page-0001-768x1086.jpg 768w, https:\/\/agora.xtec.cat\/iespauvila\/wp-content\/uploads\/usu486\/2022\/06\/1-Portada_page-0001-1086x1536.jpg 1086w, https:\/\/agora.xtec.cat\/iespauvila\/wp-content\/uploads\/usu486\/2022\/06\/1-Portada_page-0001.jpg 1241w\" sizes=\"auto, (max-width: 212px) 100vw, 212px\" \/><\/a><\/td>\n<td style=\"width: 25%; height: 32px; text-align: center;\"><a href=\"https:\/\/www.calameo.com\/books\/006762870df24dc6648bf\" target=\"_blank\" rel=\"noopener\"><img loading=\"lazy\" decoding=\"async\" class=\"alignleft size-medium wp-image-11172\" src=\"https:\/\/agora.xtec.cat\/iespauvila\/wp-content\/uploads\/usu486\/2021\/06\/0-portada_page-0001-212x300.jpg\" alt=\"\" width=\"212\" height=\"300\" srcset=\"https:\/\/agora.xtec.cat\/iespauvila\/wp-content\/uploads\/usu486\/2021\/06\/0-portada_page-0001-212x300.jpg 212w, https:\/\/agora.xtec.cat\/iespauvila\/wp-content\/uploads\/usu486\/2021\/06\/0-portada_page-0001-768x1086.jpg 768w, https:\/\/agora.xtec.cat\/iespauvila\/wp-content\/uploads\/usu486\/2021\/06\/0-portada_page-0001-724x1024.jpg 724w, https:\/\/agora.xtec.cat\/iespauvila\/wp-content\/uploads\/usu486\/2021\/06\/0-portada_page-0001.jpg 1241w\" sizes=\"auto, (max-width: 212px) 100vw, 212px\" \/><\/a><\/td>\n<td style=\"width: 25%; height: 32px; text-align: center;\"><a href=\"https:\/\/drive.google.com\/file\/d\/1e6v7enPIYYJKAGtMWOo4PDbQ5lXSNhO-\/view?usp=sharing\" target=\"_blank\" rel=\"noopener\"><img loading=\"lazy\" decoding=\"async\" class=\"wp-image-7190 alignnone\" src=\"https:\/\/agora.xtec.cat\/iespauvila\/wp-content\/uploads\/usu486\/2019\/10\/Revista-Pau-Vila-6-20182019.jpg\" alt=\"\" width=\"212\" height=\"300\" srcset=\"https:\/\/agora.xtec.cat\/iespauvila\/wp-content\/uploads\/usu486\/2019\/10\/Revista-Pau-Vila-6-20182019.jpg 454w, https:\/\/agora.xtec.cat\/iespauvila\/wp-content\/uploads\/usu486\/2019\/10\/Revista-Pau-Vila-6-20182019-212x300.jpg 212w\" sizes=\"auto, (max-width: 212px) 100vw, 212px\" \/><\/a><\/td>\n<td style=\"width: 25%; height: 32px; text-align: center;\"><a href=\"https:\/\/www.calameo.com\/read\/00359991890b5b29ba4b8\" target=\"_blank\" rel=\"noopener noreferrer\"><img loading=\"lazy\" decoding=\"async\" class=\"wp-image-5116 size-medium\" src=\"http:\/\/agora.xtec.cat\/iespauvila\/wp-content\/uploads\/usu486\/2018\/06\/0-Portada-001-212x300.jpg\" alt=\"Revista PV 1718\" width=\"212\" height=\"300\" hspace=\"10\" vspace=\"15\" srcset=\"https:\/\/agora.xtec.cat\/iespauvila\/wp-content\/uploads\/usu486\/2018\/06\/0-Portada-001-212x300.jpg 212w, https:\/\/agora.xtec.cat\/iespauvila\/wp-content\/uploads\/usu486\/2018\/06\/0-Portada-001-768x1086.jpg 768w, https:\/\/agora.xtec.cat\/iespauvila\/wp-content\/uploads\/usu486\/2018\/06\/0-Portada-001-724x1024.jpg 724w, https:\/\/agora.xtec.cat\/iespauvila\/wp-content\/uploads\/usu486\/2018\/06\/0-Portada-001.jpg 1191w\" sizes=\"auto, (max-width: 212px) 100vw, 212px\" \/><\/a><\/td>\n<\/tr>\n<tr style=\"height: 32px;\">\n<td style=\"width: 25%; height: 32px; text-align: center;\">Revista PV 2021-2022<\/td>\n<td style=\"width: 25%; height: 32px; text-align: center;\">Revista PV 2020-2021<\/td>\n<td style=\"width: 25%; height: 32px; text-align: center;\">Revista PV 2018-2019<\/td>\n<td style=\"width: 25%; height: 32px; text-align: center;\">Revista PV 2017-2018<\/td>\n<\/tr>\n<tr style=\"height: 378px;\">\n<td style=\"width: 25%; height: 378px; text-align: center;\"><a href=\"http:\/\/en.calameo.com\/read\/00359991863f02e886b52\" target=\"_blank\" rel=\"noopener noreferrer\"><img loading=\"lazy\" decoding=\"async\" class=\"size-medium wp-image-3344\" src=\"http:\/\/agora.xtec.cat\/iespauvila\/wp-content\/uploads\/usu486\/2017\/06\/0001-1-212x300.jpg\" alt=\"Revista PV 1617\" width=\"212\" height=\"300\" hspace=\"10\" vspace=\"15\" srcset=\"https:\/\/agora.xtec.cat\/iespauvila\/wp-content\/uploads\/usu486\/2017\/06\/0001-1-212x300.jpg 212w, https:\/\/agora.xtec.cat\/iespauvila\/wp-content\/uploads\/usu486\/2017\/06\/0001-1-768x1086.jpg 768w, https:\/\/agora.xtec.cat\/iespauvila\/wp-content\/uploads\/usu486\/2017\/06\/0001-1-724x1024.jpg 724w, https:\/\/agora.xtec.cat\/iespauvila\/wp-content\/uploads\/usu486\/2017\/06\/0001-1.jpg 800w\" sizes=\"auto, (max-width: 212px) 100vw, 212px\" \/><\/a><\/td>\n<td style=\"width: 25%; height: 378px; text-align: center;\"><a href=\"https:\/\/en.calameo.com\/read\/0035999182a6ed46055be\" target=\"_blank\" rel=\"noopener noreferrer\"><img loading=\"lazy\" decoding=\"async\" class=\"wp-image-1519 size-medium\" src=\"http:\/\/agora.xtec.cat\/iespauvila\/wp-content\/uploads\/usu486\/2015\/11\/portada1516-212x300.jpg\" alt=\"Revista PV 1516\" width=\"212\" height=\"300\" hspace=\"10\" vspace=\"15\" \/><\/a><\/td>\n<td style=\"width: 25%; height: 378px;\"><a href=\"http:\/\/www.calameo.com\/read\/003599918644ae4c66852\" target=\"_blank\" rel=\"noopener noreferrer\"><img loading=\"lazy\" decoding=\"async\" class=\"wp-image-655 size-medium aligncenter\" src=\"http:\/\/agora.xtec.cat\/iespauvila\/wp-content\/uploads\/usu486\/2015\/06\/revista-232x300.jpg\" alt=\"Revista PV 1415\" width=\"232\" height=\"300\" hspace=\"10\" vspace=\"15\" srcset=\"https:\/\/agora.xtec.cat\/iespauvila\/wp-content\/uploads\/usu486\/2015\/06\/revista-232x300.jpg 232w, https:\/\/agora.xtec.cat\/iespauvila\/wp-content\/uploads\/usu486\/2015\/06\/revista-791x1024.jpg 791w\" sizes=\"auto, (max-width: 232px) 100vw, 232px\" \/><\/a><\/td>\n<td style=\"width: 25%; height: 378px;\"><a href=\"https:\/\/en.calameo.com\/read\/00359991822533329edaf\" target=\"_blank\" rel=\"noopener noreferrer\"><img loading=\"lazy\" decoding=\"async\" class=\"wp-image-1525 size-medium aligncenter\" src=\"http:\/\/agora.xtec.cat\/iespauvila\/wp-content\/uploads\/usu486\/2015\/11\/Revista-PV-1314-232x300.jpg\" alt=\"Revista PV 1314\" width=\"232\" height=\"300\" hspace=\"10\" vspace=\"15\" \/><\/a><\/td>\n<\/tr>\n<tr style=\"height: 32px;\">\n<td style=\"width: 25%; height: 32px; text-align: center;\">Revista PV 2016-2017<\/td>\n<td style=\"width: 25%; height: 32px; text-align: center;\">Revista PV 2015-2016<\/td>\n<td style=\"width: 25%; height: 32px; text-align: center;\">Revista PV 2014-2015<\/td>\n<td style=\"width: 25%; text-align: center; height: 32px;\">Revista PV 2013-2014<\/td>\n<\/tr>\n<\/tbody>\n<\/table>\n","protected":false},"excerpt":{"rendered":"<p>L&#8217;actual revista del nostre centre es diu PV, ja podeu imaginar el per qu\u00e8! El Pau Vila ha tingut gaireb\u00e9 sempre la seva publicaci\u00f3 anual, feta per alguns dels seus alumnes. Els darrers anys, la redacci\u00f3 de PV la forma un grup d&#8217;alumnes de quart&hellip;  <a href=\"https:\/\/agora.xtec.cat\/iespauvila\/projecte-educatiu\/pv-la-revista-de-linstitut\/\" title=\"Read PV, la revista de l&#8217;institut\">Llegeix m\u00e9s\u00bb<\/a><\/p>\n","protected":false},"author":1,"featured_media":0,"parent":57,"menu_order":38,"comment_status":"closed","ping_status":"closed","template":"page-templates\/side-menu.php","meta":{"_bbp_topic_count":0,"_bbp_reply_count":0,"_bbp_total_topic_count":0,"_bbp_total_reply_count":0,"_bbp_voice_count":0,"_bbp_anonymous_reply_count":0,"_bbp_topic_count_hidden":0,"_bbp_reply_count_hidden":0,"_bbp_forum_subforum_count":0,"footnotes":""},"class_list":["post-796","page","type-page","status-publish","hentry"],"post_mailing_queue_ids":[],"_links":{"self":[{"href":"https:\/\/agora.xtec.cat\/iespauvila\/wp-json\/wp\/v2\/pages\/796","targetHints":{"allow":["GET"]}}],"collection":[{"href":"https:\/\/agora.xtec.cat\/iespauvila\/wp-json\/wp\/v2\/pages"}],"about":[{"href":"https:\/\/agora.xtec.cat\/iespauvila\/wp-json\/wp\/v2\/types\/page"}],"author":[{"embeddable":true,"href":"https:\/\/agora.xtec.cat\/iespauvila\/wp-json\/wp\/v2\/users\/1"}],"replies":[{"embeddable":true,"href":"https:\/\/agora.xtec.cat\/iespauvila\/wp-json\/wp\/v2\/comments?post=796"}],"version-history":[{"count":5,"href":"https:\/\/agora.xtec.cat\/iespauvila\/wp-json\/wp\/v2\/pages\/796\/revisions"}],"predecessor-version":[{"id":15008,"href":"https:\/\/agora.xtec.cat\/iespauvila\/wp-json\/wp\/v2\/pages\/796\/revisions\/15008"}],"up":[{"embeddable":true,"href":"https:\/\/agora.xtec.cat\/iespauvila\/wp-json\/wp\/v2\/pages\/57"}],"wp:attachment":[{"href":"https:\/\/agora.xtec.cat\/iespauvila\/wp-json\/wp\/v2\/media?parent=796"}],"curies":[{"name":"wp","href":"https:\/\/api.w.org\/{rel}","templated":true}]}}