{"id":692,"date":"2015-11-12T12:28:42","date_gmt":"2015-11-12T11:28:42","guid":{"rendered":"http:\/\/agora.xtec.cat\/iespauvila\/?page_id=692"},"modified":"2021-07-25T13:30:30","modified_gmt":"2021-07-25T11:30:30","slug":"consergeria","status":"publish","type":"page","link":"https:\/\/agora.xtec.cat\/iespauvila\/serveis\/consergeria\/","title":{"rendered":"Consergeria"},"content":{"rendered":"<h2><img loading=\"lazy\" decoding=\"async\" class=\"aligncenter wp-image-4467 size-full\" src=\"http:\/\/agora.xtec.cat\/iespauvila\/wp-content\/uploads\/usu486\/2015\/11\/consergeria-1.jpg\" alt=\"Consergeria\" width=\"800\" height=\"385\" srcset=\"https:\/\/agora.xtec.cat\/iespauvila\/wp-content\/uploads\/usu486\/2015\/11\/consergeria-1.jpg 800w, https:\/\/agora.xtec.cat\/iespauvila\/wp-content\/uploads\/usu486\/2015\/11\/consergeria-1-300x144.jpg 300w, https:\/\/agora.xtec.cat\/iespauvila\/wp-content\/uploads\/usu486\/2015\/11\/consergeria-1-768x370.jpg 768w\" sizes=\"auto, (max-width: 800px) 100vw, 800px\" \/><\/h2>\n<h2>Horari<\/h2>\n<ul>\n<li>Matins: de dilluns a divendres, de 8:00 a 15:00<\/li>\n<li>Tardes: de 16:00 a 18:35\u00a0 i de 19:20 a 21:00\n<div class=\"yj6qo\"><\/div>\n<\/li>\n<li>Estiu: de dilluns a divendres, de 8:00 a 15:00<\/li>\n<\/ul>\n<h2 style=\"text-align: justify;\">Avisos d&#8217;abs\u00e8ncia<\/h2>\n<p style=\"text-align: justify;\">Preguem a les fam\u00edlies que truquin informant de l&#8217;alumnat que no assistir\u00e0 a primera hora. En qualsevol cas, la justificaci\u00f3 s&#8217;haur\u00e0 de fer per escrit i lliurar-la al tutor o tutora de l&#8217;alumne.<\/p>\n<h2 style=\"text-align: justify;\">Entrades i sortides d&#8217;alumnes<\/h2>\n<p style=\"text-align: justify;\">Al mat\u00ed, cinc minuts despr\u00e9s de l&#8217;inici de la primera classe, es tanquen les portes del centre. L&#8217;alumnat d&#8217;ESO que arribi m\u00e9s tard, ha de passar per consergeria on s&#8217;anotar\u00e0 el retard. L&#8217;alumnat de Batxillerat di\u00fcrn que arribi m\u00e9s tard no podr\u00e0 entrar fins a la seg\u00fcent hora.<\/p>\n<p style=\"text-align: justify;\">Cap alumne de di\u00fcrn pot sortir del centre sense autoritzaci\u00f3 escrita de la fam\u00edlia o de l&#8217;equip docent.<\/p>\n<h2 style=\"text-align: justify;\">Reprografia<\/h2>\n<p style=\"text-align: justify;\">Hi ha un servei de fotoc\u00f2pies i impressions, en blanc i negre, sempre que l&#8217;arxiu estigui en format pdf. Els arxius es poden presentar en mem\u00f2ria usb.<\/p>\n<h2 style=\"text-align: justify;\">Pr\u00e9stec de pilotes<\/h2>\n<p style=\"text-align: justify;\">Tenim un servei de pr\u00e9stec de pilotes durant el temps d&#8217;esbarjo o sota la supervisi\u00f3 del professorat. El pr\u00e9stec \u00e9s a canvi d&#8217;una penyora que es retornar\u00e0 en el moment de la devoluci\u00f3 de les pilotes.<\/p>\n<h2 style=\"text-align: justify;\">Objectes perduts<\/h2>\n<p style=\"text-align: justify;\">Si heu perdut algun objecte i no el trobeu en el lloc on el v\u00e0reu oblidar, pregunteu a consergeria, perqu\u00e8 all\u00e0 \u00e9s on es porten en cas de trobar-los a les instal\u00b7lacions del centre. Per recuperar-los caldr\u00e0 demostrar-ne la propietat.<\/p>\n<h2 style=\"text-align: justify;\">Desperfectes<\/h2>\n<p style=\"text-align: justify;\">Cal comunicar qualsevol desperfecte (persianes, vidres, lavabos, etc.) al m\u00e9s aviat possible.<\/p>\n","protected":false},"excerpt":{"rendered":"<p>Horari<\/p>\n<ul>\n<li>Matins: de dilluns a divendres, de 8:00 a 15:00<\/li>\n<li>Tardes: de 16:00 a 18:35\u00a0 i de 19:20 a 21:00\n<\/li>\n<li>Estiu: de dilluns a divendres, de 8:00 a 15:00<\/li>\n<\/ul>\n<p>Avisos d&#8217;abs\u00e8ncia<br \/>\nPreguem a les fam\u00edlies que truquin informant de l&#8217;alumnat que no assistir\u00e0 a primera hora. En qualsevol cas, la&hellip;  <a href=\"https:\/\/agora.xtec.cat\/iespauvila\/serveis\/consergeria\/\" title=\"Read Consergeria\">Llegeix m\u00e9s\u00bb<\/a><\/p>\n","protected":false},"author":1,"featured_media":0,"parent":393,"menu_order":42,"comment_status":"closed","ping_status":"closed","template":"page-templates\/side-menu.php","meta":{"_bbp_topic_count":0,"_bbp_reply_count":0,"_bbp_total_topic_count":0,"_bbp_total_reply_count":0,"_bbp_voice_count":0,"_bbp_anonymous_reply_count":0,"_bbp_topic_count_hidden":0,"_bbp_reply_count_hidden":0,"_bbp_forum_subforum_count":0,"footnotes":""},"class_list":["post-692","page","type-page","status-publish","hentry"],"post_mailing_queue_ids":[],"_links":{"self":[{"href":"https:\/\/agora.xtec.cat\/iespauvila\/wp-json\/wp\/v2\/pages\/692","targetHints":{"allow":["GET"]}}],"collection":[{"href":"https:\/\/agora.xtec.cat\/iespauvila\/wp-json\/wp\/v2\/pages"}],"about":[{"href":"https:\/\/agora.xtec.cat\/iespauvila\/wp-json\/wp\/v2\/types\/page"}],"author":[{"embeddable":true,"href":"https:\/\/agora.xtec.cat\/iespauvila\/wp-json\/wp\/v2\/users\/1"}],"replies":[{"embeddable":true,"href":"https:\/\/agora.xtec.cat\/iespauvila\/wp-json\/wp\/v2\/comments?post=692"}],"version-history":[{"count":3,"href":"https:\/\/agora.xtec.cat\/iespauvila\/wp-json\/wp\/v2\/pages\/692\/revisions"}],"predecessor-version":[{"id":11282,"href":"https:\/\/agora.xtec.cat\/iespauvila\/wp-json\/wp\/v2\/pages\/692\/revisions\/11282"}],"up":[{"embeddable":true,"href":"https:\/\/agora.xtec.cat\/iespauvila\/wp-json\/wp\/v2\/pages\/393"}],"wp:attachment":[{"href":"https:\/\/agora.xtec.cat\/iespauvila\/wp-json\/wp\/v2\/media?parent=692"}],"curies":[{"name":"wp","href":"https:\/\/api.w.org\/{rel}","templated":true}]}}