{"id":596,"date":"2015-11-06T14:51:08","date_gmt":"2015-11-06T13:51:08","guid":{"rendered":"http:\/\/agora.xtec.cat\/iespauvila\/?page_id=596"},"modified":"2026-03-13T18:10:21","modified_gmt":"2026-03-13T17:10:21","slug":"batxillerat-diurn","status":"publish","type":"page","link":"https:\/\/agora.xtec.cat\/iespauvila\/estudis\/batxillerat-diurn\/","title":{"rendered":"Batxillerat di\u00fcrn"},"content":{"rendered":"<h1><span style=\"color: revert; font-size: revert; font-weight: revert;\">ITINERARIS Batxillerat di\u00fcrn<\/span><\/h1>\n<div><a href=\"https:\/\/drive.google.com\/drive\/folders\/1uvg0FEt3qCHxv2BhWhpt4KIbtNx_9ZDR?usp=drive_link\"><img loading=\"lazy\" decoding=\"async\" class=\"aligncenter size-full wp-image-15296\" src=\"https:\/\/agora.xtec.cat\/iespauvila\/wp-content\/uploads\/usu486\/2026\/03\/Batxillerat-Diurn.png\" alt=\"\" width=\"2064\" height=\"512\" srcset=\"https:\/\/agora.xtec.cat\/iespauvila\/wp-content\/uploads\/usu486\/2026\/03\/Batxillerat-Diurn.png 2064w, https:\/\/agora.xtec.cat\/iespauvila\/wp-content\/uploads\/usu486\/2026\/03\/Batxillerat-Diurn-300x74.png 300w, https:\/\/agora.xtec.cat\/iespauvila\/wp-content\/uploads\/usu486\/2026\/03\/Batxillerat-Diurn-1024x254.png 1024w, https:\/\/agora.xtec.cat\/iespauvila\/wp-content\/uploads\/usu486\/2026\/03\/Batxillerat-Diurn-768x191.png 768w, https:\/\/agora.xtec.cat\/iespauvila\/wp-content\/uploads\/usu486\/2026\/03\/Batxillerat-Diurn-1536x381.png 1536w, https:\/\/agora.xtec.cat\/iespauvila\/wp-content\/uploads\/usu486\/2026\/03\/Batxillerat-Diurn-2048x508.png 2048w\" sizes=\"auto, (max-width: 2064px) 100vw, 2064px\" \/><\/a><br \/>\nClicant\u00a0<a href=\"https:\/\/drive.google.com\/drive\/folders\/1uvg0FEt3qCHxv2BhWhpt4KIbtNx_9ZDR?usp=drive_link\" target=\"_blank\" rel=\"noopener\" data-saferedirecturl=\"https:\/\/www.google.com\/url?q=https:\/\/drive.google.com\/drive\/folders\/1uvg0FEt3qCHxv2BhWhpt4KIbtNx_9ZDR?usp%3Ddrive_link&amp;source=gmail&amp;ust=1773485752572000&amp;usg=AOvVaw1TiMEHMN1VLd3psBWWToTk\">AQU\u00cd<\/a> accedireu als itineraris de Batxillerat di\u00fcrn i als quaderns de fam\u00edlies de batxillerat del curs actual.<\/div>\n<h3><span style=\"font-size: 1.6875em;\">Exempcions i convalidacions<\/span><\/h3>\n<p>En determinades circumst\u00e0ncies, es poden sol\u00b7licitar diverses exempcions i convalidacions de mat\u00e8ries. Podeu consultar la informaci\u00f3 a l&#8217;apartat 3 del seg\u00fcent document: <a href=\"https:\/\/documents.espai.educacio.gencat.cat\/IPCNormativa\/DOIGC\/CUR_Batxillerat.pdf\" target=\"_blank\" rel=\"noopener noreferrer\">Concreci\u00f3 i desenvolupament del curr\u00edculum del batxillerat<\/a>.<\/p>\n<h2>El treball de recerca<\/h2>\n<ul>\n<li>El treball de recerca \u00e9s una activitat d\u2019investigaci\u00f3 que ha de fer tot l\u2019alumnat de batxillerat. A l&#8217;institut l&#8217;iniciem cap a finals del primer curs i es presenta per escrit i oralment a segon. Representa el 10% de la qualificaci\u00f3 final del Batxillerat, i s\u2019ha d\u2019aprovar per assolir el t\u00edtol de batxillerat.<\/li>\n<li>Cada treball \u00e9s guiat per un tutor que assessora en com cal fer un treball, i no tant en els continguts que aquest ha de tenir.<\/li>\n<li>\u00c9s un treball en grup, de com a m\u00ednim 2 alumnes.<\/li>\n<li>S\u2019avalua tenint en compte l\u2019actuaci\u00f3 durant la realitzaci\u00f3 del treball, la mem\u00f2ria escrita i la defensa de forma oral.<\/li>\n<\/ul>\n<h2>Acc\u00e9s a estudis posteriors<\/h2>\n<p data-canvas-width=\"593.0599999999998\">En el moment de la tria de mat\u00e8ries de modalitat caldr\u00e0 tenir en compte:<\/p>\n<ul>\n<li data-canvas-width=\"221.85999999999996\">Les <a href=\"https:\/\/universitats.gencat.cat\/ca\/preinscripcions\/sobre-preinscripcio\/ponderacions\/\" target=\"_blank\" rel=\"noopener noreferrer\">mat\u00e8ries de modalitat vinculades a cada opci\u00f3 de les PAU<\/a>. La informaci\u00f3 est\u00e0 exposada al tauler d\u2019anuncis del centre.<\/li>\n<li data-canvas-width=\"77.47999999999999\">Les <a href=\"http:\/\/queestudiar.gencat.cat\/ca\/preinscripcio\/estudis\/fp-gs\/prioritat-batx\/\" target=\"_blank\" rel=\"noopener noreferrer\">modalitats que donen prioritat per a l\u2019admissi\u00f3 d\u2019alumnes a cicles formatius de grau superior<\/a> .<\/li>\n<li data-canvas-width=\"205.16\">Durant el curs l\u2019alumnat ser\u00e0 informat de l\u2019<a href=\"https:\/\/universitats.gencat.cat\/ca\/proves-acces-PAU-PAP\/\" target=\"_blank\" rel=\"noopener noreferrer\">organitzaci\u00f3 de les PAU<\/a> mitjan\u00e7ant xerrades informatives organitzades des de la sotsdirecci\u00f3.<\/li>\n<\/ul>\n","protected":false},"excerpt":{"rendered":"<p>ITINERARIS Batxillerat di\u00fcrn<br \/>\n<a href=\"https:\/\/drive.google.com\/drive\/folders\/1uvg0FEt3qCHxv2BhWhpt4KIbtNx_9ZDR?usp=drive_link\"><\/a><br \/>\nClicant\u00a0<a href=\"https:\/\/drive.google.com\/drive\/folders\/1uvg0FEt3qCHxv2BhWhpt4KIbtNx_9ZDR?usp=drive_link\" target=\"_blank\" rel=\"noopener\" data-saferedirecturl=\"https:\/\/www.google.com\/url?q=https:\/\/drive.google.com\/drive\/folders\/1uvg0FEt3qCHxv2BhWhpt4KIbtNx_9ZDR?usp%3Ddrive_link&amp;source=gmail&amp;ust=1773485752572000&amp;usg=AOvVaw1TiMEHMN1VLd3psBWWToTk\">AQU\u00cd<\/a> accedireu als itineraris de Batxillerat di\u00fcrn i als quaderns de fam\u00edlies de batxillerat del curs actual.<br \/>\nExempcions i convalidacions<br \/>\nEn determinades circumst\u00e0ncies, es poden sol\u00b7licitar diverses exempcions i convalidacions de mat\u00e8ries. Podeu consultar la informaci\u00f3 a l&#8217;apartat 3 del&hellip;  <a href=\"https:\/\/agora.xtec.cat\/iespauvila\/estudis\/batxillerat-diurn\/\" title=\"Read Batxillerat di\u00fcrn\">Llegeix m\u00e9s\u00bb<\/a><\/p>\n","protected":false},"author":1,"featured_media":0,"parent":195,"menu_order":22,"comment_status":"closed","ping_status":"closed","template":"page-templates\/side-menu.php","meta":{"_bbp_topic_count":0,"_bbp_reply_count":0,"_bbp_total_topic_count":0,"_bbp_total_reply_count":0,"_bbp_voice_count":0,"_bbp_anonymous_reply_count":0,"_bbp_topic_count_hidden":0,"_bbp_reply_count_hidden":0,"_bbp_forum_subforum_count":0,"footnotes":""},"class_list":["post-596","page","type-page","status-publish","hentry"],"post_mailing_queue_ids":[],"_links":{"self":[{"href":"https:\/\/agora.xtec.cat\/iespauvila\/wp-json\/wp\/v2\/pages\/596","targetHints":{"allow":["GET"]}}],"collection":[{"href":"https:\/\/agora.xtec.cat\/iespauvila\/wp-json\/wp\/v2\/pages"}],"about":[{"href":"https:\/\/agora.xtec.cat\/iespauvila\/wp-json\/wp\/v2\/types\/page"}],"author":[{"embeddable":true,"href":"https:\/\/agora.xtec.cat\/iespauvila\/wp-json\/wp\/v2\/users\/1"}],"replies":[{"embeddable":true,"href":"https:\/\/agora.xtec.cat\/iespauvila\/wp-json\/wp\/v2\/comments?post=596"}],"version-history":[{"count":6,"href":"https:\/\/agora.xtec.cat\/iespauvila\/wp-json\/wp\/v2\/pages\/596\/revisions"}],"predecessor-version":[{"id":15297,"href":"https:\/\/agora.xtec.cat\/iespauvila\/wp-json\/wp\/v2\/pages\/596\/revisions\/15297"}],"up":[{"embeddable":true,"href":"https:\/\/agora.xtec.cat\/iespauvila\/wp-json\/wp\/v2\/pages\/195"}],"wp:attachment":[{"href":"https:\/\/agora.xtec.cat\/iespauvila\/wp-json\/wp\/v2\/media?parent=596"}],"curies":[{"name":"wp","href":"https:\/\/api.w.org\/{rel}","templated":true}]}}