{"id":43,"date":"2014-09-17T16:45:07","date_gmt":"2014-09-17T16:45:07","guid":{"rendered":"http:\/\/agora.xtec.cat\/iespauvila\/?page_id=43"},"modified":"2026-01-26T17:44:42","modified_gmt":"2026-01-26T16:44:42","slug":"consell-escolar","status":"publish","type":"page","link":"https:\/\/agora.xtec.cat\/iespauvila\/linstitut\/organigrama\/consell-escolar\/","title":{"rendered":"Consell escolar"},"content":{"rendered":"<h2><b><span style=\"font-size: large;\">Qu\u00e8 \u00e9s?<\/span><\/b><\/h2>\n<p>El consell escolar \u00e9s l&#8217;\u00f2rgan de participaci\u00f3 de la comunitat escolar en el govern del centre. En el consell escolar hi ha representats tots els col\u00b7lectius que intervenen en la comunitat educativa: director, professorat, alumnat, personal d&#8217;administraci\u00f3 i serveis, pares i mares d\u2019alumnes, etc. Els membres del consell escolar s\u00f3n elegits per un per\u00edode de quatre anys i es renoven per meitats cada dos anys.<\/p>\n<p>La funci\u00f3 principal del consell escolar \u00e9s participar en la presa de decisions en relaci\u00f3 amb aquells temes importants per al funcionament i l&#8217;organitzaci\u00f3 del centre: el projecte educatiu, la programaci\u00f3 general, la gesti\u00f3 econ\u00f2mica, etc.<\/p>\n<div><\/div>\n<h2><span style=\"font-size: large;\"><b>Contacte<\/b><\/span><\/h2>\n<p>Si teniu algun dubte, queixa, suggeriment o proposta per a plantejar en el consell escolar, ens ho podeu fer arribar a trav\u00e9s del correu dels representants dels pares i mares dels alumnes, que \u00e9s el seg\u00fcent: <a href=\"mailto:consellescolar@inspauvila.cat\" target=\"_blank\" rel=\"noopener noreferrer\">consellescolar@inspauvila.cat<\/a><\/p>\n<h2 style=\"text-align: left;\">Composici\u00f3 actual<\/h2>\n<table style=\"width: 64.9372%; height: 323px;\">\n<tbody>\n<tr style=\"height: 23px;\">\n<td style=\"text-align: left; width: 35.2273%; height: 23px;\">Direcci\u00f3<\/td>\n<td style=\"text-align: left; width: 113.792%; height: 23px;\">Josep Llu\u00eds Navarro Garcia<\/td>\n<\/tr>\n<tr style=\"height: 23px;\">\n<td style=\"text-align: left; width: 35.2273%; height: 23px;\">Cap d&#8217;estudis<\/td>\n<td style=\"text-align: left; width: 113.792%; height: 23px;\">\u00c0lex Costals L\u00f3pez<\/td>\n<\/tr>\n<tr style=\"height: 23px;\">\n<td style=\"text-align: left; width: 35.2273%; height: 23px;\">Secret\u00e0ria<\/td>\n<td style=\"text-align: left; width: 113.792%; height: 23px;\">To\u00f1i Bejarano S\u00e1nchez<\/td>\n<\/tr>\n<tr style=\"height: 116px;\">\n<td style=\"text-align: left; width: 35.2273%; height: 71px;\">Professorat<\/td>\n<td style=\"text-align: left; width: 113.792%; height: 71px;\">Abel Caldera Pujols, \u00c0ngels Carrera Davi, Anna Gassiot Sandaran, Carola Franquet Ruiz, Ester Bold\u00fa Grau, Maria del Mar Martin Nofuentes, Raquel Melo Rodriguez, Ruth Roca Pallar\u00e8s<\/td>\n<\/tr>\n<tr style=\"height: 93px;\">\n<td style=\"text-align: left; width: 35.2273%; height: 62px;\">Mares i Pares<\/td>\n<td style=\"text-align: left; width: 113.792%; height: 62px;\">Marisa Romera Pascuas, Montse Marcos Aldea, Oriol Ferrer Jim\u00e9nez, Sergi Esterli Sanllehy,<\/td>\n<\/tr>\n<tr style=\"height: 23px;\">\n<td style=\"text-align: left; width: 35.2273%; height: 23px;\"><a href=\"https:\/\/www.afadelpauvila.com\/\" target=\"_blank\" rel=\"noopener noreferrer\">AFA<\/a><\/td>\n<td style=\"text-align: left; width: 113.792%; height: 23px;\"><span style=\"font-weight: 400;\">Marta Serra Oriach<\/span><\/td>\n<\/tr>\n<tr style=\"height: 120px;\">\n<td style=\"text-align: left; width: 35.2273%; height: 29px;\">Alumnat<\/td>\n<td style=\"text-align: left; width: 113.792%; height: 29px;\">Arnau Vilaret Romera, Berta Clarena Boladeras, Fatima Ouhmimich Ouabou, Roger Balasch Masias<\/td>\n<\/tr>\n<tr style=\"height: 23px;\">\n<td style=\"text-align: left; width: 35.2273%; height: 23px;\">PAS<\/td>\n<td style=\"text-align: left; width: 113.792%; height: 23px;\">Laura Gim\u00e9nez Moix<\/td>\n<\/tr>\n<tr style=\"height: 23px;\">\n<td style=\"text-align: left; width: 35.2273%; height: 23px;\">PAE<\/td>\n<td style=\"text-align: left; width: 113.792%; height: 23px;\">Xavi Ruiz Romero<\/td>\n<\/tr>\n<tr style=\"height: 23px;\">\n<td style=\"text-align: left; width: 35.2273%; height: 23px;\">Ajuntament<\/td>\n<td style=\"text-align: left; width: 113.792%; height: 23px;\">Xavi Abante Palomar<\/td>\n<\/tr>\n<\/tbody>\n<\/table>\n<h2 style=\"text-align: left;\">Comissions que depenen del Consell Escolar:<\/h2>\n<p dir=\"ltr\">Comissi\u00f3 econ\u00f2mica:\u00a0 J. Llu\u00eds Navarro, Antonia Bejarano, Oriol Ferrer,\u00a0Roger Balasch<\/p>\n<p dir=\"ltr\">Comissi\u00f3 permanent: J. Llu\u00eds Navarro, \u00c0lex Costals,Sergi Esterli,\u00a0Berta Clarena<\/p>\n<p dir=\"ltr\">Comissi\u00f3 de conviv\u00e8ncia: J. Llu\u00eds Navarro, \u00c0lex Costals, Montse Marcos,\u00a0Arnau vilaret<\/p>\n<p dir=\"ltr\">Comissi\u00f3 de biblioteca: Josep Llu\u00eds Navarro, Maria del Mar Mart\u00edn,\u00a0F\u00e1tima Ouhmimich<\/p>\n<p dir=\"ltr\">Comissi\u00f3 d\u2019obres:\u00a0 Josep Llu\u00eds Navarro,\u00a0Carola Franquet, Marisa Romera\u00a0i\u00a0conserge..<\/p>\n<p dir=\"ltr\">Comissi\u00f3 de coeducaci\u00f3: Raquel Melo,\u00a0Sergi Esterli<\/p>\n<h2><\/h2>\n<h2 style=\"text-align: left;\">Acords Consell escolar<\/h2>\n","protected":false},"excerpt":{"rendered":"<p>Qu\u00e8 \u00e9s?<br \/>\nEl consell escolar \u00e9s l&#8217;\u00f2rgan de participaci\u00f3 de la comunitat escolar en el govern del centre. En el consell escolar hi ha representats tots els col\u00b7lectius que intervenen en la comunitat educativa: director, professorat, alumnat, personal d&#8217;administraci\u00f3 i serveis, pares i mares d\u2019alumnes, etc.&hellip;  <a href=\"https:\/\/agora.xtec.cat\/iespauvila\/linstitut\/organigrama\/consell-escolar\/\" title=\"Read Consell escolar\">Llegeix m\u00e9s\u00bb<\/a><\/p>\n","protected":false},"author":1,"featured_media":0,"parent":46,"menu_order":141,"comment_status":"closed","ping_status":"closed","template":"page-templates\/side-menu.php","meta":{"_bbp_topic_count":0,"_bbp_reply_count":0,"_bbp_total_topic_count":0,"_bbp_total_reply_count":0,"_bbp_voice_count":0,"_bbp_anonymous_reply_count":0,"_bbp_topic_count_hidden":0,"_bbp_reply_count_hidden":0,"_bbp_forum_subforum_count":0,"footnotes":""},"class_list":["post-43","page","type-page","status-publish","hentry"],"post_mailing_queue_ids":[],"_links":{"self":[{"href":"https:\/\/agora.xtec.cat\/iespauvila\/wp-json\/wp\/v2\/pages\/43","targetHints":{"allow":["GET"]}}],"collection":[{"href":"https:\/\/agora.xtec.cat\/iespauvila\/wp-json\/wp\/v2\/pages"}],"about":[{"href":"https:\/\/agora.xtec.cat\/iespauvila\/wp-json\/wp\/v2\/types\/page"}],"author":[{"embeddable":true,"href":"https:\/\/agora.xtec.cat\/iespauvila\/wp-json\/wp\/v2\/users\/1"}],"replies":[{"embeddable":true,"href":"https:\/\/agora.xtec.cat\/iespauvila\/wp-json\/wp\/v2\/comments?post=43"}],"version-history":[{"count":6,"href":"https:\/\/agora.xtec.cat\/iespauvila\/wp-json\/wp\/v2\/pages\/43\/revisions"}],"predecessor-version":[{"id":15009,"href":"https:\/\/agora.xtec.cat\/iespauvila\/wp-json\/wp\/v2\/pages\/43\/revisions\/15009"}],"up":[{"embeddable":true,"href":"https:\/\/agora.xtec.cat\/iespauvila\/wp-json\/wp\/v2\/pages\/46"}],"wp:attachment":[{"href":"https:\/\/agora.xtec.cat\/iespauvila\/wp-json\/wp\/v2\/media?parent=43"}],"curies":[{"name":"wp","href":"https:\/\/api.w.org\/{rel}","templated":true}]}}