{"id":391,"date":"2015-10-30T17:46:54","date_gmt":"2015-10-30T16:46:54","guid":{"rendered":"http:\/\/agora.xtec.cat\/iespauvila\/?page_id=391"},"modified":"2020-02-13T12:51:16","modified_gmt":"2020-02-13T11:51:16","slug":"grups-de-treball","status":"publish","type":"page","link":"https:\/\/agora.xtec.cat\/iespauvila\/projecte-educatiu\/grups-de-treball\/","title":{"rendered":"Grups de treball"},"content":{"rendered":"<p><a name=\"1\"><\/a><\/p>\n<h2>Projecte AVANCEM<\/h2>\n<p>Aquest programa d\u2019innovaci\u00f3 t\u00e9 com a finalitat\u00a0<strong>dotar el nostre alumnat d\u2019una compet\u00e8ncia pluriling\u00fce s\u00f2lida per tal d\u2019enfortir el seu creixement acad\u00e8mic<\/strong>: millorant la compet\u00e8ncia comunicativa, adquirint estrat\u00e8gies d\u2019intercomprensi\u00f3 entre lleng\u00fces, fomentant el treball en equip i tamb\u00e9, el treball aut\u00f2nom.<\/p>\n<p>Durant el curs 18-19, l\u2019equip impulsor del projecte va realitzar una DAFO a partir d\u2019enquestes a les fam\u00edlies, alumnat i professorat. Dels resultats obtinguts, es va elaborar el pla d\u2019acci\u00f3 pels propers anys que se centra en:<\/p>\n<ul>\n<li>Consolidar i donar a con\u00e8ixer un banc de recursos (programaci\u00f3 d\u2019activitats, gesti\u00f3 d\u2019aula, propostes d\u2019avaluaci\u00f3, d\u2019organitzaci\u00f3 i metodologia\u2026) per tal de millorar l\u2019atenci\u00f3 a la diversitat.<\/li>\n<li>Modificar les proves convencionals per fer-les m\u00e9s competencials i que incloguin l\u2019expressi\u00f3 i la comprensi\u00f3 orals.<\/li>\n<li>Fer una distribuci\u00f3, per cursos i per trimestres, de g\u00e8neres i tipologies textuals, per garantir que es treballen de forma coherent.<\/li>\n<\/ul>\n<p>Paral\u00b7lelament, des del curs passat, s\u2019ha creat un grup de professorat de l\u2019institut, sobretot de l\u2019\u00e0mbit ling\u00fc\u00edstic, que es forma durant tres anys per tal d\u2019incorporar estrat\u00e8gies pel tractament integrat de les lleng\u00fces, planificar uns objectius conjunts i crear projectes de comunicaci\u00f3\u00a0 integrats que implementin diferents seq\u00fc\u00e8ncies did\u00e0ctiques.<\/p>\n<p>Experi\u00e8ncies pedag\u00f2giques:<\/p>\n<ul>\n<li>Castell\u00e0: <a href=\"https:\/\/agora.xtec.cat\/iespauvila\/general\/competencia-linguistica-amb-dialegs-creatius-el-lazarillo-de-tormes-3r-eso\/\">di\u00e0legs creatius &#8220;El lazarillo de Tormes&#8221;<\/a><\/li>\n<\/ul>\n<h2>Pluriling\u00fcisme<\/h2>\n<p>Aquest grup de treball t\u00e9 com a primer objectiu fer una reflexi\u00f3 sobre la metodologia CLIL-AICLE (aprenentatge integrat de continguts i llengua estrangera) per tal d\u2019implementar-la a l\u2019aula a les diferents assignatures. Un segon objectiu \u00e9s la utilitat del pluriling\u00fcisme com a eina de millora en l\u2019\u00fas de la llengua, tant de les lleng\u00fces maternes com les lleng\u00fces estrangeres que s\u2019estudien en el centre. El tercer objectiu \u00e9s el disseny i la implementaci\u00f3 de projectes internacionals Erasmus+ KA1 i KA2.<\/p>\n<p>El grup est\u00e0 format b\u00e0sicament pel professorat de mat\u00e8ries no ling\u00fc\u00edstiques que imparteixen continguts en angl\u00e8s o franc\u00e8s i per professorat de lleng\u00fces estrangeres.<\/p>\n<p>Tasques que es porten a terme:<\/p>\n<ul>\n<li>Reflexions sobre el pluriling\u00fcisme i la implementaci\u00f3 de la metodologia AICLE<\/li>\n<li>Recull d\u2019activitats fetes en llengua estrangera<\/li>\n<li>Disseny i sol\u00b7licituds Erasmus+<\/li>\n<li>Coneixement d\u2019eines i aplicacions rellevants per la implementaci\u00f3 d\u2019activitats AICLE<\/li>\n<li>Coneixement de materials<\/li>\n<li>Experimentaci\u00f3 de noves didactitzacions<\/li>\n<li>Valoraci\u00f3 de l\u2019experimentaci\u00f3 i concreci\u00f3 de l\u00ednies de treball posteriors.<\/li>\n<\/ul>\n<h2>Compet\u00e8ncies B\u00e0siques<\/h2>\n<p>Durant el curs s\u2019organitza un grup de treball sobre compet\u00e8ncies b\u00e0siques obert a tot el professorat. L\u2019objectiu \u00e9s analitzar com es poden treballar les CCBB des de les diferents assignatures, crear materials, con\u00e8ixer recursos disponibles i plantejar estrat\u00e8gies que puguin millorar les habilitats del nostre alumnat. Enguany es treballar\u00e0 de forma integrada amb la <a href=\"http:\/\/xtec.gencat.cat\/ca\/curriculum\/xarxacb\" target=\"_blank\" rel=\"noopener noreferrer\">Xarxa de CCBB<\/a>.<\/p>\n<p>Us deixem <a href=\"http:\/\/www.gencat.cat\/big\/img\/314\/BIG_3145261514092519_00.jpg\">aquest v\u00eddeo<\/a> on est\u00e0 for\u00e7a ben explicat.<\/p>\n","protected":false},"excerpt":{"rendered":"<p><a name=\"1\"><\/a><br \/>\nProjecte AVANCEM<br \/>\nAquest programa d\u2019innovaci\u00f3 t\u00e9 com a finalitat\u00a0dotar el nostre alumnat d\u2019una compet\u00e8ncia pluriling\u00fce s\u00f2lida per tal d\u2019enfortir el seu creixement acad\u00e8mic: millorant la compet\u00e8ncia comunicativa, adquirint estrat\u00e8gies d\u2019intercomprensi\u00f3 entre lleng\u00fces, fomentant el treball en equip i tamb\u00e9, el treball aut\u00f2nom.<br \/>\nDurant el curs 18-19,&hellip;  <a href=\"https:\/\/agora.xtec.cat\/iespauvila\/projecte-educatiu\/grups-de-treball\/\" title=\"Read Grups de treball\">Llegeix m\u00e9s\u00bb<\/a><\/p>\n","protected":false},"author":1,"featured_media":0,"parent":57,"menu_order":35,"comment_status":"closed","ping_status":"closed","template":"page-templates\/side-menu.php","meta":{"_bbp_topic_count":0,"_bbp_reply_count":0,"_bbp_total_topic_count":0,"_bbp_total_reply_count":0,"_bbp_voice_count":0,"_bbp_anonymous_reply_count":0,"_bbp_topic_count_hidden":0,"_bbp_reply_count_hidden":0,"_bbp_forum_subforum_count":0,"footnotes":""},"class_list":["post-391","page","type-page","status-publish","hentry"],"post_mailing_queue_ids":[],"_links":{"self":[{"href":"https:\/\/agora.xtec.cat\/iespauvila\/wp-json\/wp\/v2\/pages\/391","targetHints":{"allow":["GET"]}}],"collection":[{"href":"https:\/\/agora.xtec.cat\/iespauvila\/wp-json\/wp\/v2\/pages"}],"about":[{"href":"https:\/\/agora.xtec.cat\/iespauvila\/wp-json\/wp\/v2\/types\/page"}],"author":[{"embeddable":true,"href":"https:\/\/agora.xtec.cat\/iespauvila\/wp-json\/wp\/v2\/users\/1"}],"replies":[{"embeddable":true,"href":"https:\/\/agora.xtec.cat\/iespauvila\/wp-json\/wp\/v2\/comments?post=391"}],"version-history":[{"count":4,"href":"https:\/\/agora.xtec.cat\/iespauvila\/wp-json\/wp\/v2\/pages\/391\/revisions"}],"predecessor-version":[{"id":8133,"href":"https:\/\/agora.xtec.cat\/iespauvila\/wp-json\/wp\/v2\/pages\/391\/revisions\/8133"}],"up":[{"embeddable":true,"href":"https:\/\/agora.xtec.cat\/iespauvila\/wp-json\/wp\/v2\/pages\/57"}],"wp:attachment":[{"href":"https:\/\/agora.xtec.cat\/iespauvila\/wp-json\/wp\/v2\/media?parent=391"}],"curies":[{"name":"wp","href":"https:\/\/api.w.org\/{rel}","templated":true}]}}