{"id":8128,"date":"2026-04-13T11:27:53","date_gmt":"2026-04-13T09:27:53","guid":{"rendered":"https:\/\/agora.xtec.cat\/iespauclaris\/?page_id=8128"},"modified":"2026-04-13T11:47:12","modified_gmt":"2026-04-13T09:47:12","slug":"preinscripcio-i-matricula-batxillerat","status":"publish","type":"page","link":"https:\/\/agora.xtec.cat\/iespauclaris\/fam\/preinscripcio-i-matricula-batxillerat\/","title":{"rendered":"Preinscripci\u00f3 i matr\u00edcula batxillerat 26-27"},"content":{"rendered":"<p><strong>Les dates de preinscripci\u00f3 s\u00f3n:<\/strong><\/p>\n<p><strong class=\"Yjhzub\" data-sfc-root=\"c\" data-sfc-cb=\"\" data-complete=\"true\">Batxillerat (educaci\u00f3 secund\u00e0ria postobligat\u00f2ria)<\/strong>: del 9 al 16 d&#8217;abril de 2026<\/p>\n<p>Per a m\u00e9s informaci\u00f3 us podeu adre\u00e7ar a la p\u00e0gina\u00a0<a href=\"https:\/\/tramits.gencat.cat\/ca\/tramits\/tramits-temes\/preinscripcio-batxillerat?&amp;moda=1\" data-type=\"link\" data-id=\"https:\/\/preinscripcio.gencat.cat\/ca\/inici\/\">web del Departament<\/a>\u00a0o b\u00e9 a la del\u00a0<a href=\"https:\/\/www.edubcn.cat\/ca\/alumnat_i_familia\/informacio_general_matriculacio\/postobligatoris\/batxillerat\" data-type=\"link\" data-id=\"https:\/\/www.edubcn.cat\/ca\/alumnat_i_familia\/informacio_general_matriculacio\/preinscripcio_info\">Consorci d\u2019Educaci\u00f3 de Barcelona<\/a><\/p>\n<p>A mesura que vagi avan\u00e7ant el proc\u00e9s de preinscripci\u00f3, anirem publicant i actualitzant els llistats:<\/p>\n","protected":false},"excerpt":{"rendered":"<p>Les dates de preinscripci\u00f3 s\u00f3n:<br \/>\nBatxillerat (educaci\u00f3 secund\u00e0ria postobligat\u00f2ria): del 9 al 16 d&#8217;abril de 2026<br \/>\nPer a m\u00e9s informaci\u00f3 us podeu adre\u00e7ar a la p\u00e0gina\u00a0<a href=\"https:\/\/tramits.gencat.cat\/ca\/tramits\/tramits-temes\/preinscripcio-batxillerat?&amp;moda=1\" data-type=\"link\" data-id=\"https:\/\/preinscripcio.gencat.cat\/ca\/inici\/\">web del Departament<\/a>\u00a0o b\u00e9 a la del\u00a0<a href=\"https:\/\/www.edubcn.cat\/ca\/alumnat_i_familia\/informacio_general_matriculacio\/postobligatoris\/batxillerat\" data-type=\"link\" data-id=\"https:\/\/www.edubcn.cat\/ca\/alumnat_i_familia\/informacio_general_matriculacio\/preinscripcio_info\">Consorci d\u2019Educaci\u00f3 de Barcelona<\/a><br \/>\nA mesura que vagi avan\u00e7ant el proc\u00e9s&hellip;  <a href=\"https:\/\/agora.xtec.cat\/iespauclaris\/fam\/preinscripcio-i-matricula-batxillerat\/\" title=\"Read Preinscripci\u00f3 i matr\u00edcula batxillerat 26-27\">Llegeix m\u00e9s\u00bb<\/a><\/p>\n","protected":false},"author":1,"featured_media":0,"parent":63,"menu_order":0,"comment_status":"closed","ping_status":"closed","template":"page-templates\/side-menu.php","meta":{"_bbp_topic_count":0,"_bbp_reply_count":0,"_bbp_total_topic_count":0,"_bbp_total_reply_count":0,"_bbp_voice_count":0,"_bbp_anonymous_reply_count":0,"_bbp_topic_count_hidden":0,"_bbp_reply_count_hidden":0,"_bbp_forum_subforum_count":0,"footnotes":""},"class_list":["post-8128","page","type-page","status-publish","hentry"],"post_mailing_queue_ids":[],"_links":{"self":[{"href":"https:\/\/agora.xtec.cat\/iespauclaris\/wp-json\/wp\/v2\/pages\/8128","targetHints":{"allow":["GET"]}}],"collection":[{"href":"https:\/\/agora.xtec.cat\/iespauclaris\/wp-json\/wp\/v2\/pages"}],"about":[{"href":"https:\/\/agora.xtec.cat\/iespauclaris\/wp-json\/wp\/v2\/types\/page"}],"author":[{"embeddable":true,"href":"https:\/\/agora.xtec.cat\/iespauclaris\/wp-json\/wp\/v2\/users\/1"}],"replies":[{"embeddable":true,"href":"https:\/\/agora.xtec.cat\/iespauclaris\/wp-json\/wp\/v2\/comments?post=8128"}],"version-history":[{"count":4,"href":"https:\/\/agora.xtec.cat\/iespauclaris\/wp-json\/wp\/v2\/pages\/8128\/revisions"}],"predecessor-version":[{"id":8136,"href":"https:\/\/agora.xtec.cat\/iespauclaris\/wp-json\/wp\/v2\/pages\/8128\/revisions\/8136"}],"up":[{"embeddable":true,"href":"https:\/\/agora.xtec.cat\/iespauclaris\/wp-json\/wp\/v2\/pages\/63"}],"wp:attachment":[{"href":"https:\/\/agora.xtec.cat\/iespauclaris\/wp-json\/wp\/v2\/media?parent=8128"}],"curies":[{"name":"wp","href":"https:\/\/api.w.org\/{rel}","templated":true}]}}

Preinscripció i matrícula batxillerat 26-27

<p><strong>Les dates de preinscripció són:</strong></p>
<p><strong class="Yjhzub" data-sfc-root="c" data-sfc-cb="" data-complete="true">Batxillerat (educació secundària postobligatòria)</strong>: del 9 al 16 d&#8217;abril de 2026</p>
<p>Per a més informació us podeu adreçar a la pàgina <a href="https://tramits.gencat.cat/ca/tramits/tramits-temes/preinscripcio-batxillerat?&amp;moda=1" data-type="link" data-id="https://preinscripcio.gencat.cat/ca/inici/">web del Departament</a> o bé a la del <a href="https://www.edubcn.cat/ca/alumnat_i_familia/informacio_general_matriculacio/postobligatoris/batxillerat" data-type="link" data-id="https://www.edubcn.cat/ca/alumnat_i_familia/informacio_general_matriculacio/preinscripcio_info">Consorci d’Educació de Barcelona</a></p>
<p>A mesura que vagi avançant el procés de preinscripció, anirem publicant i actualitzant els llistats:</p>

<p>Les dates de preinscripció són:<br />
Batxillerat (educació secundària postobligatòria): del 9 al 16 d&#8217;abril de 2026<br />
Per a més informació us podeu adreçar a la pàgina <a href="https://tramits.gencat.cat/ca/tramits/tramits-temes/preinscripcio-batxillerat?&amp;moda=1" data-type="link" data-id="https://preinscripcio.gencat.cat/ca/inici/">web del Departament</a> o bé a la del <a href="https://www.edubcn.cat/ca/alumnat_i_familia/informacio_general_matriculacio/postobligatoris/batxillerat" data-type="link" data-id="https://www.edubcn.cat/ca/alumnat_i_familia/informacio_general_matriculacio/preinscripcio_info">Consorci d’Educació de Barcelona</a><br />
A mesura que vagi avançant el procés&hellip;  <a href="https://agora.xtec.cat/iespauclaris/fam/preinscripcio-i-matricula-batxillerat/" title="Read Preinscripció i matrícula batxillerat 26-27">Llegeix més»</a></p>
