{"id":7944,"date":"2026-03-09T11:13:40","date_gmt":"2026-03-09T10:13:40","guid":{"rendered":"https:\/\/agora.xtec.cat\/iespauclaris\/?page_id=7944"},"modified":"2026-04-20T21:32:54","modified_gmt":"2026-04-20T19:32:54","slug":"preinscripcio-i-matricula-26-27","status":"publish","type":"page","link":"https:\/\/agora.xtec.cat\/iespauclaris\/fam\/preinscripcio-i-matricula-26-27\/","title":{"rendered":"Preinscripci\u00f3 i matr\u00edcula ESO 26-27"},"content":{"rendered":"<p><strong>Les dates de preinscripci\u00f3 s\u00f3n:<\/strong><\/p>\n<p><strong>Educaci\u00f3 secund\u00e0ria<\/strong>: del 6 al 18 de mar\u00e7 de 2026<\/p>\n<p>Per a m\u00e9s informaci\u00f3 us podeu adre\u00e7ar a la p\u00e0gina\u00a0<a href=\"https:\/\/preinscripcio.gencat.cat\/ca\/estudis\/eso\/inici\/\" data-type=\"link\" data-id=\"https:\/\/preinscripcio.gencat.cat\/ca\/inici\/\">web del Departament<\/a>\u00a0o b\u00e9 a la del\u00a0<a href=\"https:\/\/www.edubcn.cat\/ca\/alumnat_i_familia\/informacio_general_matriculacio\/preinscripcio\" data-type=\"link\" data-id=\"https:\/\/www.edubcn.cat\/ca\/alumnat_i_familia\/informacio_general_matriculacio\/preinscripcio_info\">Consorci d\u2019Educaci\u00f3 de Barcelona<\/a><\/p>\n<p>A mesura que vagi avan\u00e7ant el proc\u00e9s de preinscripci\u00f3, anirem publicant i actualitzant els llistats:<\/p>\n<p><a href=\"https:\/\/agora.xtec.cat\/iespauclaris\/wp-content\/uploads\/usu835\/2026\/03\/INFORME_OFERTA_INICIAL_2026_2027.pdf\">INFORME_OFERTA_INICIAL_2026_2027<\/a><\/p>\n<p><a href=\"https:\/\/drive.google.com\/file\/d\/1ook5VUfwQieKlA_EziDVT0hBNPDlGfUZ\/view?usp=drive_link\">BAREMACI\u00d3<\/a> (Llista de sol\u00b7licituds que han demanat el centre i l&#8217;ensenyament en primera petici\u00f3 amb la puntuaci\u00f3 provisional)<\/p>\n<p><img loading=\"lazy\" decoding=\"async\" class=\"aligncenter size-full wp-image-7952\" src=\"https:\/\/agora.xtec.cat\/iespauclaris\/wp-content\/uploads\/usu835\/2026\/03\/eso-bola4.png_223078711.png\" alt=\"\" width=\"832\" height=\"468\" srcset=\"https:\/\/agora.xtec.cat\/iespauclaris\/wp-content\/uploads\/usu835\/2026\/03\/eso-bola4.png_223078711.png 832w, https:\/\/agora.xtec.cat\/iespauclaris\/wp-content\/uploads\/usu835\/2026\/03\/eso-bola4.png_223078711-300x169.png 300w, https:\/\/agora.xtec.cat\/iespauclaris\/wp-content\/uploads\/usu835\/2026\/03\/eso-bola4.png_223078711-768x432.png 768w\" sizes=\"auto, (max-width: 832px) 100vw, 832px\" \/><\/p>\n","protected":false},"excerpt":{"rendered":"<p>Les dates de preinscripci\u00f3 s\u00f3n:<br \/>\nEducaci\u00f3 secund\u00e0ria: del 6 al 18 de mar\u00e7 de 2026<br \/>\nPer a m\u00e9s informaci\u00f3 us podeu adre\u00e7ar a la p\u00e0gina\u00a0<a href=\"https:\/\/preinscripcio.gencat.cat\/ca\/estudis\/eso\/inici\/\" data-type=\"link\" data-id=\"https:\/\/preinscripcio.gencat.cat\/ca\/inici\/\">web del Departament<\/a>\u00a0o b\u00e9 a la del\u00a0<a href=\"https:\/\/www.edubcn.cat\/ca\/alumnat_i_familia\/informacio_general_matriculacio\/preinscripcio\" data-type=\"link\" data-id=\"https:\/\/www.edubcn.cat\/ca\/alumnat_i_familia\/informacio_general_matriculacio\/preinscripcio_info\">Consorci d\u2019Educaci\u00f3 de Barcelona<\/a><br \/>\nA mesura que vagi avan\u00e7ant el proc\u00e9s de&hellip;  <a href=\"https:\/\/agora.xtec.cat\/iespauclaris\/fam\/preinscripcio-i-matricula-26-27\/\" title=\"Read Preinscripci\u00f3 i matr\u00edcula ESO 26-27\">Llegeix m\u00e9s\u00bb<\/a><\/p>\n","protected":false},"author":1,"featured_media":0,"parent":63,"menu_order":0,"comment_status":"closed","ping_status":"closed","template":"page-templates\/side-menu.php","meta":{"_bbp_topic_count":0,"_bbp_reply_count":0,"_bbp_total_topic_count":0,"_bbp_total_reply_count":0,"_bbp_voice_count":0,"_bbp_anonymous_reply_count":0,"_bbp_topic_count_hidden":0,"_bbp_reply_count_hidden":0,"_bbp_forum_subforum_count":0,"footnotes":""},"class_list":["post-7944","page","type-page","status-publish","hentry"],"post_mailing_queue_ids":[],"_links":{"self":[{"href":"https:\/\/agora.xtec.cat\/iespauclaris\/wp-json\/wp\/v2\/pages\/7944","targetHints":{"allow":["GET"]}}],"collection":[{"href":"https:\/\/agora.xtec.cat\/iespauclaris\/wp-json\/wp\/v2\/pages"}],"about":[{"href":"https:\/\/agora.xtec.cat\/iespauclaris\/wp-json\/wp\/v2\/types\/page"}],"author":[{"embeddable":true,"href":"https:\/\/agora.xtec.cat\/iespauclaris\/wp-json\/wp\/v2\/users\/1"}],"replies":[{"embeddable":true,"href":"https:\/\/agora.xtec.cat\/iespauclaris\/wp-json\/wp\/v2\/comments?post=7944"}],"version-history":[{"count":6,"href":"https:\/\/agora.xtec.cat\/iespauclaris\/wp-json\/wp\/v2\/pages\/7944\/revisions"}],"predecessor-version":[{"id":8138,"href":"https:\/\/agora.xtec.cat\/iespauclaris\/wp-json\/wp\/v2\/pages\/7944\/revisions\/8138"}],"up":[{"embeddable":true,"href":"https:\/\/agora.xtec.cat\/iespauclaris\/wp-json\/wp\/v2\/pages\/63"}],"wp:attachment":[{"href":"https:\/\/agora.xtec.cat\/iespauclaris\/wp-json\/wp\/v2\/media?parent=7944"}],"curies":[{"name":"wp","href":"https:\/\/api.w.org\/{rel}","templated":true}]}}

Preinscripció i matrícula ESO 26-27

<p><strong>Les dates de preinscripció són:</strong></p>
<p><strong>Educació secundària</strong>: del 6 al 18 de març de 2026</p>
<p>Per a més informació us podeu adreçar a la pàgina <a href="https://preinscripcio.gencat.cat/ca/estudis/eso/inici/" data-type="link" data-id="https://preinscripcio.gencat.cat/ca/inici/">web del Departament</a> o bé a la del <a href="https://www.edubcn.cat/ca/alumnat_i_familia/informacio_general_matriculacio/preinscripcio" data-type="link" data-id="https://www.edubcn.cat/ca/alumnat_i_familia/informacio_general_matriculacio/preinscripcio_info">Consorci d’Educació de Barcelona</a></p>
<p>A mesura que vagi avançant el procés de preinscripció, anirem publicant i actualitzant els llistats:</p>
<p><a href="https://agora.xtec.cat/iespauclaris/wp-content/uploads/usu835/2026/03/INFORME_OFERTA_INICIAL_2026_2027.pdf">INFORME_OFERTA_INICIAL_2026_2027</a></p>
<p><a href="https://drive.google.com/file/d/1ook5VUfwQieKlA_EziDVT0hBNPDlGfUZ/view?usp=drive_link">BAREMACIÓ</a> (Llista de sol·licituds que han demanat el centre i l&#8217;ensenyament en primera petició amb la puntuació provisional)</p>
<p><img loading="lazy" decoding="async" class="aligncenter size-full wp-image-7952" src="https://agora.xtec.cat/iespauclaris/wp-content/uploads/usu835/2026/03/eso-bola4.png_223078711.png" alt="" width="832" height="468" srcset="https://agora.xtec.cat/iespauclaris/wp-content/uploads/usu835/2026/03/eso-bola4.png_223078711.png 832w, https://agora.xtec.cat/iespauclaris/wp-content/uploads/usu835/2026/03/eso-bola4.png_223078711-300x169.png 300w, https://agora.xtec.cat/iespauclaris/wp-content/uploads/usu835/2026/03/eso-bola4.png_223078711-768x432.png 768w" sizes="auto, (max-width: 832px) 100vw, 832px" /></p>

<p>Les dates de preinscripció són:<br />
Educació secundària: del 6 al 18 de març de 2026<br />
Per a més informació us podeu adreçar a la pàgina <a href="https://preinscripcio.gencat.cat/ca/estudis/eso/inici/" data-type="link" data-id="https://preinscripcio.gencat.cat/ca/inici/">web del Departament</a> o bé a la del <a href="https://www.edubcn.cat/ca/alumnat_i_familia/informacio_general_matriculacio/preinscripcio" data-type="link" data-id="https://www.edubcn.cat/ca/alumnat_i_familia/informacio_general_matriculacio/preinscripcio_info">Consorci d’Educació de Barcelona</a><br />
A mesura que vagi avançant el procés de&hellip;  <a href="https://agora.xtec.cat/iespauclaris/fam/preinscripcio-i-matricula-26-27/" title="Read Preinscripció i matrícula ESO 26-27">Llegeix més»</a></p>
