{"id":721,"date":"2020-12-26T13:15:40","date_gmt":"2020-12-26T12:15:40","guid":{"rendered":"http:\/\/agora.xtec.cat\/iespauclaris\/?page_id=721"},"modified":"2023-06-28T12:40:14","modified_gmt":"2023-06-28T10:40:14","slug":"poefa","status":"publish","type":"page","link":"https:\/\/agora.xtec.cat\/iespauclaris\/projectes-exit-educatiu\/poefa\/","title":{"rendered":"POEFA"},"content":{"rendered":"<p>El <strong>Programa d\u2019orientaci\u00f3 i refor\u00e7 per a la millora i suport en l\u2019educaci\u00f3<\/strong> (<a href=\"https:\/\/agora.xtec.cat\/iespauclaris\/wp-content\/uploads\/usu835\/2020\/12\/POEFA.pdf\" target=\"_blank\" rel=\"noopener noreferrer\">POEFA<\/a>) t\u00e9 com a eix fonamental la reducci\u00f3 i prevenci\u00f3 del frac\u00e0s escolar i l\u2019abandonament escolar prematur, mitjan\u00e7ant el suport als centres educatius d\u2019entorns socioecon\u00f2mics vulnerables, intervencions espec\u00edfiques adre\u00e7ades a col\u00b7lectius en situaci\u00f3 especialment vulnerable, la implicaci\u00f3 de la comunitat educativa en el proc\u00e9s educatiu i l\u2019enfortiment formatiu de les compet\u00e8ncies del professorat per tal de donar resposta educativa a la diversitat de necessitats educatives.<\/p>\n<p>Les actuacions que es desenvolupen en les comunitats aut\u00f2nomes, seran finan\u00e7ades pel Ministeri d\u2019Educaci\u00f3 i Formaci\u00f3 Professional i cofinan\u00e7ades pel Fons Social Europeu (FSE), en el marc de les l\u00ednies d\u2019actuaci\u00f3 previstes en el Programa operatiu d\u2019ocupaci\u00f3, formaci\u00f3 i educaci\u00f3 2014-2020 (POEFE).<\/p>\n<p>El centre ha estat beneficiari d&#8217;aquest programa dins de l&#8217;adjudicaci\u00f3 POEFA-ABA19 amb una concessi\u00f3 de 9.780 \u20ac per a la participaci\u00f3 en projectes amb oportunitats d&#8217;\u00e8xit educatiu a favor de l&#8217;alumnat.<\/p>\n<p><a href=\"https:\/\/agora.xtec.cat\/iespauclaris\/wp-content\/uploads\/usu835\/2021\/01\/UE.png\"><img loading=\"lazy\" decoding=\"async\" class=\"alignnone  wp-image-1058\" src=\"https:\/\/agora.xtec.cat\/iespauclaris\/wp-content\/uploads\/usu835\/2021\/01\/UE-150x150.png\" alt=\"\" width=\"124\" height=\"126\" \/><\/a><a href=\"https:\/\/agora.xtec.cat\/iespauclaris\/wp-content\/uploads\/usu835\/2021\/01\/CAT.png\"><img loading=\"lazy\" decoding=\"async\" class=\"alignnone  wp-image-1060\" src=\"https:\/\/agora.xtec.cat\/iespauclaris\/wp-content\/uploads\/usu835\/2021\/01\/CAT-150x150.png\" alt=\"\" width=\"118\" height=\"123\" \/><\/a><a href=\"https:\/\/agora.xtec.cat\/iespauclaris\/wp-content\/uploads\/usu835\/2021\/01\/Ministerio.jpg\"><img loading=\"lazy\" decoding=\"async\" class=\"alignnone  wp-image-1066\" src=\"https:\/\/agora.xtec.cat\/iespauclaris\/wp-content\/uploads\/usu835\/2021\/01\/Ministerio-150x150.jpg\" alt=\"\" width=\"123\" height=\"123\" srcset=\"https:\/\/agora.xtec.cat\/iespauclaris\/wp-content\/uploads\/usu835\/2021\/01\/Ministerio-150x150.jpg 150w, https:\/\/agora.xtec.cat\/iespauclaris\/wp-content\/uploads\/usu835\/2021\/01\/Ministerio-300x300.jpg 300w, https:\/\/agora.xtec.cat\/iespauclaris\/wp-content\/uploads\/usu835\/2021\/01\/Ministerio.jpg 338w\" sizes=\"auto, (max-width: 123px) 100vw, 123px\" \/><\/a><\/p>\n","protected":false},"excerpt":{"rendered":"<p>El Programa d\u2019orientaci\u00f3 i refor\u00e7 per a la millora i suport en l\u2019educaci\u00f3 (<a href=\"https:\/\/agora.xtec.cat\/iespauclaris\/wp-content\/uploads\/usu835\/2020\/12\/POEFA.pdf\" target=\"_blank\" rel=\"noopener noreferrer\">POEFA<\/a>) t\u00e9 com a eix fonamental la reducci\u00f3 i prevenci\u00f3 del frac\u00e0s escolar i l\u2019abandonament escolar prematur, mitjan\u00e7ant el suport als centres educatius d\u2019entorns socioecon\u00f2mics vulnerables, intervencions espec\u00edfiques&hellip;  <a href=\"https:\/\/agora.xtec.cat\/iespauclaris\/projectes-exit-educatiu\/poefa\/\" title=\"Read POEFA\">Llegeix m\u00e9s\u00bb<\/a><\/p>\n","protected":false},"author":1,"featured_media":0,"parent":1749,"menu_order":1,"comment_status":"closed","ping_status":"closed","template":"page-templates\/side-menu.php","meta":{"_bbp_topic_count":0,"_bbp_reply_count":0,"_bbp_total_topic_count":0,"_bbp_total_reply_count":0,"_bbp_voice_count":0,"_bbp_anonymous_reply_count":0,"_bbp_topic_count_hidden":0,"_bbp_reply_count_hidden":0,"_bbp_forum_subforum_count":0,"footnotes":""},"class_list":["post-721","page","type-page","status-publish","hentry"],"post_mailing_queue_ids":[],"_links":{"self":[{"href":"https:\/\/agora.xtec.cat\/iespauclaris\/wp-json\/wp\/v2\/pages\/721","targetHints":{"allow":["GET"]}}],"collection":[{"href":"https:\/\/agora.xtec.cat\/iespauclaris\/wp-json\/wp\/v2\/pages"}],"about":[{"href":"https:\/\/agora.xtec.cat\/iespauclaris\/wp-json\/wp\/v2\/types\/page"}],"author":[{"embeddable":true,"href":"https:\/\/agora.xtec.cat\/iespauclaris\/wp-json\/wp\/v2\/users\/1"}],"replies":[{"embeddable":true,"href":"https:\/\/agora.xtec.cat\/iespauclaris\/wp-json\/wp\/v2\/comments?post=721"}],"version-history":[{"count":3,"href":"https:\/\/agora.xtec.cat\/iespauclaris\/wp-json\/wp\/v2\/pages\/721\/revisions"}],"predecessor-version":[{"id":4530,"href":"https:\/\/agora.xtec.cat\/iespauclaris\/wp-json\/wp\/v2\/pages\/721\/revisions\/4530"}],"up":[{"embeddable":true,"href":"https:\/\/agora.xtec.cat\/iespauclaris\/wp-json\/wp\/v2\/pages\/1749"}],"wp:attachment":[{"href":"https:\/\/agora.xtec.cat\/iespauclaris\/wp-json\/wp\/v2\/media?parent=721"}],"curies":[{"name":"wp","href":"https:\/\/api.w.org\/{rel}","templated":true}]}}