{"id":69,"date":"2014-09-18T10:15:07","date_gmt":"2014-09-18T09:15:07","guid":{"rendered":"http:\/\/agora.xtec.cat\/iespauclaris\/?page_id=69"},"modified":"2025-09-07T12:11:44","modified_gmt":"2025-09-07T10:11:44","slug":"menjador","status":"publish","type":"page","link":"https:\/\/agora.xtec.cat\/iespauclaris\/fam\/menjador\/","title":{"rendered":"Menjador"},"content":{"rendered":"<div>\n<h3 class=\"wp-block-heading\">El centre ofereix servei de menjador de dilluns a dijous de 15:00 h a 16:30 h.<\/h3>\n<p>Les instal\u00b7lacions disponibles (cuina pr\u00f2pia, sala menjador i zona de bany) es comparteixen amb l\u2019escola Pere Vila.<\/p>\n<p>Els alumnes d\u2019infantil i prim\u00e0ria fan \u00fas de les instal\u00b7lacions del menjador de les 12:30 h a les 14:45 h i els de secund\u00e0ria i batxillerat l\u2019ocupen de 15:00 h a 16:30 h. La gesti\u00f3 del servei \u00e9s compartida entre l\u2019escola Pere Vila i l\u2019Institut Pau Claris, que contracten tant el servei de menjador com el de monitoratge a empreses especialitzades. Aquest \u00faltim va a c\u00e0rrec de <a href=\"https:\/\/fundesplai.org\/\" target=\"_blank\" rel=\"noopener\">Fundesplai<\/a>.<\/p>\n<\/div>\n<div><\/div>\n<div><strong>Per accedir als men\u00fas de cada mes, pitgeu <a href=\"https:\/\/centres.escoles.fundesplai.org\/escola-pere-vila\/menu\/\" target=\"_blank\" rel=\"noopener noreferrer\" data-saferedirecturl=\"https:\/\/www.google.com\/url?q=https:\/\/centres.escoles.fundesplai.org\/escola-pere-vila\/menu\/&amp;source=gmail&amp;ust=1698390353311000&amp;usg=AOvVaw00KO3vSRXOPru_ugPuTRDh\">aquest enlla\u00e7.<\/a><\/strong><\/div>\n<div><\/div>\n<p>El preu del servei de menjador pel <strong>curs 2024-25<\/strong> \u00e9s 6,64 euros per l&#8217;alumnat que es queda a dinar de forma regular i de 7,10 euros per l&#8217;alumnat que es queda de forma puntual.<\/p>\n<p>L&#8217;alumnat que es vulgui quedar a dinar de forma regular, ha d&#8217;omplir\u00a0<a href=\"https:\/\/docs.google.com\/forms\/d\/e\/1FAIpQLSfGlf3Mjb4KuZE_UCQCprETYaPJGhJD8ipqfyDO4yTXM-vlPg\/viewform\" target=\"_blank\" rel=\"noopener\">aquest formulari<\/a>.<\/p>\n<div>L&#8217;alumnat que es quedi un dia puntual, ha d&#8217;anar a secretaria abans de les 10\u202fh del mateix dia, on podr\u00e0<\/div>\n<div>comprar el tiquet del dinar.<\/div>\n<div><\/div>\n<div>\n<h3 class=\"wp-block-heading\">Tipus de Men\u00fas<\/h3>\n<p class=\"has-text-align-left\">Tenim diferents tipus de men\u00fa:<\/p>\n<ul class=\"wp-block-list\">\n<li>Men\u00fa complet.<\/li>\n<li>Men\u00fa per intoler\u00e0ncies aliment\u00e0ries (celiaquia i al\u00b7l\u00e8rgies).<\/li>\n<li>Men\u00fa espor\u00e0dic de dietes \u201ctoves\u201d.<\/li>\n<li>Men\u00fa vegetari\u00e0.<\/li>\n<li>Men\u00fa sense porc.<\/li>\n<\/ul>\n<p>Les programacions de men\u00fas es fan segons les Recomanacions de l\u2019ASPCAT, al marc del programa PReME (Programa de Revisi\u00f3 de Men\u00fas Escolars), segons els requeriments expressats al document \u201cRecomanacions per Millorar la qualitat de les programacions de men\u00fas a l\u2019escola\u201d, que es pot trobar a Canal Salut de la Generalitat.<\/p>\n<\/div>\n<div><\/div>\n<div><\/div>\n<p><a href=\"https:\/\/agora.xtec.cat\/iespauclaris\/wp-content\/uploads\/usu835\/2021\/02\/fundesplai-logo-1.jpg\"><img loading=\"lazy\" decoding=\"async\" class=\"alignnone size-medium wp-image-1615\" src=\"https:\/\/agora.xtec.cat\/iespauclaris\/wp-content\/uploads\/usu835\/2021\/02\/fundesplai-logo-1-300x80.jpg\" alt=\"\" width=\"300\" height=\"80\" srcset=\"https:\/\/agora.xtec.cat\/iespauclaris\/wp-content\/uploads\/usu835\/2021\/02\/fundesplai-logo-1-300x80.jpg 300w, https:\/\/agora.xtec.cat\/iespauclaris\/wp-content\/uploads\/usu835\/2021\/02\/fundesplai-logo-1.jpg 500w\" sizes=\"auto, (max-width: 300px) 100vw, 300px\" \/><\/a><\/p>\n","protected":false},"excerpt":{"rendered":"<p>El centre ofereix servei de menjador de dilluns a dijous de 15:00 h a 16:30 h.<br \/>\nLes instal\u00b7lacions disponibles (cuina pr\u00f2pia, sala menjador i zona de bany) es comparteixen amb l\u2019escola Pere Vila.<br \/>\nEls alumnes d\u2019infantil i prim\u00e0ria fan \u00fas de les instal\u00b7lacions del menjador de les&hellip;  <a href=\"https:\/\/agora.xtec.cat\/iespauclaris\/fam\/menjador\/\" title=\"Read Menjador\">Llegeix m\u00e9s\u00bb<\/a><\/p>\n","protected":false},"author":1,"featured_media":0,"parent":63,"menu_order":30,"comment_status":"closed","ping_status":"closed","template":"page-templates\/side-menu.php","meta":{"_bbp_topic_count":0,"_bbp_reply_count":0,"_bbp_total_topic_count":0,"_bbp_total_reply_count":0,"_bbp_voice_count":0,"_bbp_anonymous_reply_count":0,"_bbp_topic_count_hidden":0,"_bbp_reply_count_hidden":0,"_bbp_forum_subforum_count":0,"footnotes":""},"class_list":["post-69","page","type-page","status-publish","hentry"],"post_mailing_queue_ids":[],"_links":{"self":[{"href":"https:\/\/agora.xtec.cat\/iespauclaris\/wp-json\/wp\/v2\/pages\/69","targetHints":{"allow":["GET"]}}],"collection":[{"href":"https:\/\/agora.xtec.cat\/iespauclaris\/wp-json\/wp\/v2\/pages"}],"about":[{"href":"https:\/\/agora.xtec.cat\/iespauclaris\/wp-json\/wp\/v2\/types\/page"}],"author":[{"embeddable":true,"href":"https:\/\/agora.xtec.cat\/iespauclaris\/wp-json\/wp\/v2\/users\/1"}],"replies":[{"embeddable":true,"href":"https:\/\/agora.xtec.cat\/iespauclaris\/wp-json\/wp\/v2\/comments?post=69"}],"version-history":[{"count":6,"href":"https:\/\/agora.xtec.cat\/iespauclaris\/wp-json\/wp\/v2\/pages\/69\/revisions"}],"predecessor-version":[{"id":7422,"href":"https:\/\/agora.xtec.cat\/iespauclaris\/wp-json\/wp\/v2\/pages\/69\/revisions\/7422"}],"up":[{"embeddable":true,"href":"https:\/\/agora.xtec.cat\/iespauclaris\/wp-json\/wp\/v2\/pages\/63"}],"wp:attachment":[{"href":"https:\/\/agora.xtec.cat\/iespauclaris\/wp-json\/wp\/v2\/media?parent=69"}],"curies":[{"name":"wp","href":"https:\/\/api.w.org\/{rel}","templated":true}]}}

<div>
<h3 class="wp-block-heading">El centre ofereix servei de menjador de dilluns a dijous de 15:00 h a 16:30 h.</h3>
<p>Les instal·lacions disponibles (cuina pròpia, sala menjador i zona de bany) es comparteixen amb l’escola Pere Vila.</p>
<p>Els alumnes d’infantil i primària fan ús de les instal·lacions del menjador de les 12:30 h a les 14:45 h i els de secundària i batxillerat l’ocupen de 15:00 h a 16:30 h. La gestió del servei és compartida entre l’escola Pere Vila i l’Institut Pau Claris, que contracten tant el servei de menjador com el de monitoratge a empreses especialitzades. Aquest últim va a càrrec de <a href="https://fundesplai.org/" target="_blank" rel="noopener">Fundesplai</a>.</p>
</div>
<div></div>
<div><strong>Per accedir als menús de cada mes, pitgeu <a href="https://centres.escoles.fundesplai.org/escola-pere-vila/menu/" target="_blank" rel="noopener noreferrer" data-saferedirecturl="https://www.google.com/url?q=https://centres.escoles.fundesplai.org/escola-pere-vila/menu/&amp;source=gmail&amp;ust=1698390353311000&amp;usg=AOvVaw00KO3vSRXOPru_ugPuTRDh">aquest enllaç.</a></strong></div>
<div></div>
<p>El preu del servei de menjador pel <strong>curs 2024-25</strong> és 6,64 euros per l&#8217;alumnat que es queda a dinar de forma regular i de 7,10 euros per l&#8217;alumnat que es queda de forma puntual.</p>
<p>L&#8217;alumnat que es vulgui quedar a dinar de forma regular, ha d&#8217;omplir <a href="https://docs.google.com/forms/d/e/1FAIpQLSfGlf3Mjb4KuZE_UCQCprETYaPJGhJD8ipqfyDO4yTXM-vlPg/viewform" target="_blank" rel="noopener">aquest formulari</a>.</p>
<div>L&#8217;alumnat que es quedi un dia puntual, ha d&#8217;anar a secretaria abans de les 10 h del mateix dia, on podrà</div>
<div>comprar el tiquet del dinar.</div>
<div></div>
<div>
<h3 class="wp-block-heading">Tipus de Menús</h3>
<p class="has-text-align-left">Tenim diferents tipus de menú:</p>
<ul class="wp-block-list">
<li>Menú complet.</li>
<li>Menú per intoleràncies alimentàries (celiaquia i al·lèrgies).</li>
<li>Menú esporàdic de dietes “toves”.</li>
<li>Menú vegetarià.</li>
<li>Menú sense porc.</li>
</ul>
<p>Les programacions de menús es fan segons les Recomanacions de l’ASPCAT, al marc del programa PReME (Programa de Revisió de Menús Escolars), segons els requeriments expressats al document “Recomanacions per Millorar la qualitat de les programacions de menús a l’escola”, que es pot trobar a Canal Salut de la Generalitat.</p>
</div>
<div></div>
<div></div>
<p><a href="https://agora.xtec.cat/iespauclaris/wp-content/uploads/usu835/2021/02/fundesplai-logo-1.jpg"><img loading="lazy" decoding="async" class="alignnone size-medium wp-image-1615" src="https://agora.xtec.cat/iespauclaris/wp-content/uploads/usu835/2021/02/fundesplai-logo-1-300x80.jpg" alt="" width="300" height="80" srcset="https://agora.xtec.cat/iespauclaris/wp-content/uploads/usu835/2021/02/fundesplai-logo-1-300x80.jpg 300w, https://agora.xtec.cat/iespauclaris/wp-content/uploads/usu835/2021/02/fundesplai-logo-1.jpg 500w" sizes="auto, (max-width: 300px) 100vw, 300px" /></a></p>

<p>El centre ofereix servei de menjador de dilluns a dijous de 15:00 h a 16:30 h.<br />
Les instal·lacions disponibles (cuina pròpia, sala menjador i zona de bany) es comparteixen amb l’escola Pere Vila.<br />
Els alumnes d’infantil i primària fan ús de les instal·lacions del menjador de les&hellip;  <a href="https://agora.xtec.cat/iespauclaris/fam/menjador/" title="Read Menjador">Llegeix més»</a></p>
