{"id":634,"date":"2020-07-24T10:47:10","date_gmt":"2020-07-24T08:47:10","guid":{"rendered":"http:\/\/agora.xtec.cat\/iespauclaris\/?page_id=634"},"modified":"2023-06-21T22:22:55","modified_gmt":"2023-06-21T20:22:55","slug":"aprenentatge-i-servei","status":"publish","type":"page","link":"https:\/\/agora.xtec.cat\/iespauclaris\/ins\/aliances\/aprenentatge-i-servei\/","title":{"rendered":"Aprenentatge i servei"},"content":{"rendered":"<p dir=\"ltr\">Ser un ciutad\u00e0 actiu i solidari \u00e9s la clau per poder viure en una societat moderna i amb futur. Des de l&#8217;Institut Pau Claris volem posar el valor la responsabilitat i el comprom\u00eds de ser ciutad\u00e0 i \u00e9s per aix\u00f2 que l\u2019alumnat de 3r i 4t d\u2019ESO tenen la possibilitat de col\u00b7laborar en projectes d\u2019Aprenentatge i Servei amb diferents entitats de l\u2019entorn proper.<\/p>\n<p dir=\"ltr\">Els joves desenvolupen la seva <strong>solidaritat<\/strong> aportant el seu temps i la seva creativitat amb iniciativa i autonomia, col\u00b7laborant amb sectors de la societat en situaci\u00f3 de risc o menys afavorits. Potenciem l\u2019autoestima, com a una eina engrescadora per obrir la ment i el cor vers als altres. Els APS s\u00f3n, sens dubte, una porta oberta a futurs ciutadans compromesos amb l\u2019entorn i la Barcelona del segle XXI.<\/p>\n<p dir=\"ltr\">Alguns dels projectes que duem a terme s\u00f3n\u00a0la col\u00b7laboraci\u00f3 amb la <strong>Resid\u00e8ncia Vigatans, <\/strong>l&#8217;acompanyament al <strong>Casal de Gent Gran Parc Sandaru, <\/strong>el projecte de<strong> Padrins de lectura <\/strong>amb l&#8217;Escola Pere Vila<strong> o la participaci\u00f3 en la campanya de donaci\u00f3 de sang del Banc de Sang<\/strong>.<\/p>\n<p dir=\"ltr\" style=\"line-height: 1.38; text-align: justify; margin-top: 0pt; margin-bottom: 0pt;\"><a href=\"https:\/\/agora.xtec.cat\/iespauclaris\/wp-content\/uploads\/usu835\/2021\/01\/Sang.jpg\"><img loading=\"lazy\" decoding=\"async\" class=\"alignnone  wp-image-1056\" src=\"https:\/\/agora.xtec.cat\/iespauclaris\/wp-content\/uploads\/usu835\/2021\/01\/Sang-150x150.jpg\" alt=\"\" width=\"122\" height=\"103\" \/><\/a><\/p>\n","protected":false},"excerpt":{"rendered":"<p>Ser un ciutad\u00e0 actiu i solidari \u00e9s la clau per poder viure en una societat moderna i amb futur. Des de l&#8217;Institut Pau Claris volem posar el valor la responsabilitat i el comprom\u00eds de ser ciutad\u00e0 i \u00e9s per aix\u00f2 que l\u2019alumnat de 3r i&hellip;  <a href=\"https:\/\/agora.xtec.cat\/iespauclaris\/ins\/aliances\/aprenentatge-i-servei\/\" title=\"Read Aprenentatge i servei\">Llegeix m\u00e9s\u00bb<\/a><\/p>\n","protected":false},"author":1,"featured_media":0,"parent":1250,"menu_order":6,"comment_status":"closed","ping_status":"closed","template":"page-templates\/side-menu.php","meta":{"_bbp_topic_count":0,"_bbp_reply_count":0,"_bbp_total_topic_count":0,"_bbp_total_reply_count":0,"_bbp_voice_count":0,"_bbp_anonymous_reply_count":0,"_bbp_topic_count_hidden":0,"_bbp_reply_count_hidden":0,"_bbp_forum_subforum_count":0,"footnotes":""},"class_list":["post-634","page","type-page","status-publish","hentry"],"post_mailing_queue_ids":[],"_links":{"self":[{"href":"https:\/\/agora.xtec.cat\/iespauclaris\/wp-json\/wp\/v2\/pages\/634","targetHints":{"allow":["GET"]}}],"collection":[{"href":"https:\/\/agora.xtec.cat\/iespauclaris\/wp-json\/wp\/v2\/pages"}],"about":[{"href":"https:\/\/agora.xtec.cat\/iespauclaris\/wp-json\/wp\/v2\/types\/page"}],"author":[{"embeddable":true,"href":"https:\/\/agora.xtec.cat\/iespauclaris\/wp-json\/wp\/v2\/users\/1"}],"replies":[{"embeddable":true,"href":"https:\/\/agora.xtec.cat\/iespauclaris\/wp-json\/wp\/v2\/comments?post=634"}],"version-history":[{"count":4,"href":"https:\/\/agora.xtec.cat\/iespauclaris\/wp-json\/wp\/v2\/pages\/634\/revisions"}],"predecessor-version":[{"id":4420,"href":"https:\/\/agora.xtec.cat\/iespauclaris\/wp-json\/wp\/v2\/pages\/634\/revisions\/4420"}],"up":[{"embeddable":true,"href":"https:\/\/agora.xtec.cat\/iespauclaris\/wp-json\/wp\/v2\/pages\/1250"}],"wp:attachment":[{"href":"https:\/\/agora.xtec.cat\/iespauclaris\/wp-json\/wp\/v2\/media?parent=634"}],"curies":[{"name":"wp","href":"https:\/\/api.w.org\/{rel}","templated":true}]}}

<p dir="ltr">Ser un ciutadà actiu i solidari és la clau per poder viure en una societat moderna i amb futur. Des de l&#8217;Institut Pau Claris volem posar el valor la responsabilitat i el compromís de ser ciutadà i és per això que l’alumnat de 3r i 4t d’ESO tenen la possibilitat de col·laborar en projectes d’Aprenentatge i Servei amb diferents entitats de l’entorn proper.</p>
<p dir="ltr">Els joves desenvolupen la seva <strong>solidaritat</strong> aportant el seu temps i la seva creativitat amb iniciativa i autonomia, col·laborant amb sectors de la societat en situació de risc o menys afavorits. Potenciem l’autoestima, com a una eina engrescadora per obrir la ment i el cor vers als altres. Els APS són, sens dubte, una porta oberta a futurs ciutadans compromesos amb l’entorn i la Barcelona del segle XXI.</p>
<p dir="ltr">Alguns dels projectes que duem a terme són la col·laboració amb la <strong>Residència Vigatans, </strong>l&#8217;acompanyament al <strong>Casal de Gent Gran Parc Sandaru, </strong>el projecte de<strong> Padrins de lectura </strong>amb l&#8217;Escola Pere Vila<strong> o la participació en la campanya de donació de sang del Banc de Sang</strong>.</p>
<p dir="ltr" style="line-height: 1.38; text-align: justify; margin-top: 0pt; margin-bottom: 0pt;"><a href="https://agora.xtec.cat/iespauclaris/wp-content/uploads/usu835/2021/01/Sang.jpg"><img loading="lazy" decoding="async" class="alignnone  wp-image-1056" src="https://agora.xtec.cat/iespauclaris/wp-content/uploads/usu835/2021/01/Sang-150x150.jpg" alt="" width="122" height="103" /></a></p>

<p>Ser un ciutadà actiu i solidari és la clau per poder viure en una societat moderna i amb futur. Des de l&#8217;Institut Pau Claris volem posar el valor la responsabilitat i el compromís de ser ciutadà i és per això que l’alumnat de 3r i&hellip;  <a href="https://agora.xtec.cat/iespauclaris/ins/aliances/aprenentatge-i-servei/" title="Read Aprenentatge i servei">Llegeix més»</a></p>
