{"id":630,"date":"2020-07-24T10:45:44","date_gmt":"2020-07-24T08:45:44","guid":{"rendered":"http:\/\/agora.xtec.cat\/iespauclaris\/?page_id=630"},"modified":"2023-06-21T22:22:16","modified_gmt":"2023-06-21T20:22:16","slug":"pau","status":"publish","type":"page","link":"https:\/\/agora.xtec.cat\/iespauclaris\/ins\/aliances\/pau\/","title":{"rendered":"Recerca per a la ciutadania global"},"content":{"rendered":"<p>Des del curs 2018-19 formem part del programa <strong>Recerca per a la ciutadania global<\/strong> de la Fundaci\u00f3 Solidaritat de la Universitat de Barcelona <span style=\"font-weight: 400;\"> per tal d&#8217;enfortir la cultura cient\u00edfica i el pensament cr\u00edtic dels nostres joves, mitjan\u00e7ant el treball de recerca i l\u2019educaci\u00f3 en valors, drets humans i ciutadania global.<\/span><\/p>\n<p>Es tracta d\u2019una iniciativa de l\u2019<a href=\"http:\/\/www.ub.edu\/idp\/web\/\" target=\"_blank\" rel=\"noopener noreferrer\"><strong>Institut de Desenvolupament Professional (IDP-ICE)<\/strong><\/a> i la <a href=\"http:\/\/www.solidaritat.ub.edu\/\" target=\"_blank\" rel=\"noopener noreferrer\"><strong>Fundaci\u00f3 Solidaritat UB<\/strong><\/a>, amb el suport de la Direcci\u00f3 de Just\u00edcia Global i Cooperaci\u00f3 Internacional de l\u2019Ajuntament de Barcelona.<\/p>\n<p><a href=\"https:\/\/agora.xtec.cat\/iespauclaris\/wp-content\/uploads\/usu835\/2021\/01\/IDP.png\"><img loading=\"lazy\" decoding=\"async\" class=\"alignnone size-thumbnail wp-image-1372\" src=\"https:\/\/agora.xtec.cat\/iespauclaris\/wp-content\/uploads\/usu835\/2021\/01\/IDP-150x150.png\" alt=\"\" width=\"150\" height=\"150\" srcset=\"https:\/\/agora.xtec.cat\/iespauclaris\/wp-content\/uploads\/usu835\/2021\/01\/IDP-150x150.png 150w, https:\/\/agora.xtec.cat\/iespauclaris\/wp-content\/uploads\/usu835\/2021\/01\/IDP-300x300.png 300w, https:\/\/agora.xtec.cat\/iespauclaris\/wp-content\/uploads\/usu835\/2021\/01\/IDP.png 424w\" sizes=\"auto, (max-width: 150px) 100vw, 150px\" \/><\/a> <a href=\"https:\/\/agora.xtec.cat\/iespauclaris\/wp-content\/uploads\/usu835\/2021\/01\/unnamed-2.jpg\"><img loading=\"lazy\" decoding=\"async\" class=\"alignnone size-thumbnail wp-image-1049\" src=\"https:\/\/agora.xtec.cat\/iespauclaris\/wp-content\/uploads\/usu835\/2021\/01\/unnamed-2-150x150.jpg\" alt=\"\" width=\"150\" height=\"150\" \/><\/a><\/p>\n<p>&nbsp;<\/p>\n","protected":false},"excerpt":{"rendered":"<p>Des del curs 2018-19 formem part del programa Recerca per a la ciutadania global de la Fundaci\u00f3 Solidaritat de la Universitat de Barcelona  per tal d&#8217;enfortir la cultura cient\u00edfica i el pensament cr\u00edtic dels nostres joves, mitjan\u00e7ant el treball de recerca i l\u2019educaci\u00f3 en&hellip;  <a href=\"https:\/\/agora.xtec.cat\/iespauclaris\/ins\/aliances\/pau\/\" title=\"Read Recerca per a la ciutadania global\">Llegeix m\u00e9s\u00bb<\/a><\/p>\n","protected":false},"author":1,"featured_media":0,"parent":1250,"menu_order":4,"comment_status":"closed","ping_status":"closed","template":"page-templates\/side-menu.php","meta":{"_bbp_topic_count":0,"_bbp_reply_count":0,"_bbp_total_topic_count":0,"_bbp_total_reply_count":0,"_bbp_voice_count":0,"_bbp_anonymous_reply_count":0,"_bbp_topic_count_hidden":0,"_bbp_reply_count_hidden":0,"_bbp_forum_subforum_count":0,"footnotes":""},"class_list":["post-630","page","type-page","status-publish","hentry"],"post_mailing_queue_ids":[],"_links":{"self":[{"href":"https:\/\/agora.xtec.cat\/iespauclaris\/wp-json\/wp\/v2\/pages\/630","targetHints":{"allow":["GET"]}}],"collection":[{"href":"https:\/\/agora.xtec.cat\/iespauclaris\/wp-json\/wp\/v2\/pages"}],"about":[{"href":"https:\/\/agora.xtec.cat\/iespauclaris\/wp-json\/wp\/v2\/types\/page"}],"author":[{"embeddable":true,"href":"https:\/\/agora.xtec.cat\/iespauclaris\/wp-json\/wp\/v2\/users\/1"}],"replies":[{"embeddable":true,"href":"https:\/\/agora.xtec.cat\/iespauclaris\/wp-json\/wp\/v2\/comments?post=630"}],"version-history":[{"count":4,"href":"https:\/\/agora.xtec.cat\/iespauclaris\/wp-json\/wp\/v2\/pages\/630\/revisions"}],"predecessor-version":[{"id":4419,"href":"https:\/\/agora.xtec.cat\/iespauclaris\/wp-json\/wp\/v2\/pages\/630\/revisions\/4419"}],"up":[{"embeddable":true,"href":"https:\/\/agora.xtec.cat\/iespauclaris\/wp-json\/wp\/v2\/pages\/1250"}],"wp:attachment":[{"href":"https:\/\/agora.xtec.cat\/iespauclaris\/wp-json\/wp\/v2\/media?parent=630"}],"curies":[{"name":"wp","href":"https:\/\/api.w.org\/{rel}","templated":true}]}}

<p>Des del curs 2018-19 formem part del programa <strong>Recerca per a la ciutadania global</strong> de la Fundació Solidaritat de la Universitat de Barcelona <span style="font-weight: 400;"> per tal d&#8217;enfortir la cultura científica i el pensament crític dels nostres joves, mitjançant el treball de recerca i l’educació en valors, drets humans i ciutadania global.</span></p>
<p>Es tracta d’una iniciativa de l’<a href="http://www.ub.edu/idp/web/" target="_blank" rel="noopener noreferrer"><strong>Institut de Desenvolupament Professional (IDP-ICE)</strong></a> i la <a href="http://www.solidaritat.ub.edu/" target="_blank" rel="noopener noreferrer"><strong>Fundació Solidaritat UB</strong></a>, amb el suport de la Direcció de Justícia Global i Cooperació Internacional de l’Ajuntament de Barcelona.</p>
<p><a href="https://agora.xtec.cat/iespauclaris/wp-content/uploads/usu835/2021/01/IDP.png"><img loading="lazy" decoding="async" class="alignnone size-thumbnail wp-image-1372" src="https://agora.xtec.cat/iespauclaris/wp-content/uploads/usu835/2021/01/IDP-150x150.png" alt="" width="150" height="150" srcset="https://agora.xtec.cat/iespauclaris/wp-content/uploads/usu835/2021/01/IDP-150x150.png 150w, https://agora.xtec.cat/iespauclaris/wp-content/uploads/usu835/2021/01/IDP-300x300.png 300w, https://agora.xtec.cat/iespauclaris/wp-content/uploads/usu835/2021/01/IDP.png 424w" sizes="auto, (max-width: 150px) 100vw, 150px" /></a> <a href="https://agora.xtec.cat/iespauclaris/wp-content/uploads/usu835/2021/01/unnamed-2.jpg"><img loading="lazy" decoding="async" class="alignnone size-thumbnail wp-image-1049" src="https://agora.xtec.cat/iespauclaris/wp-content/uploads/usu835/2021/01/unnamed-2-150x150.jpg" alt="" width="150" height="150" /></a></p>
<p>&nbsp;</p>

<p>Des del curs 2018-19 formem part del programa Recerca per a la ciutadania global de la Fundació Solidaritat de la Universitat de Barcelona  per tal d&#8217;enfortir la cultura científica i el pensament crític dels nostres joves, mitjançant el treball de recerca i l’educació en&hellip;  <a href="https://agora.xtec.cat/iespauclaris/ins/aliances/pau/" title="Read Recerca per a la ciutadania global">Llegeix més»</a></p>
