{"id":63,"date":"2014-09-18T10:06:31","date_gmt":"2014-09-18T08:06:31","guid":{"rendered":"http:\/\/agora.xtec.cat\/iespauclaris\/?page_id=63"},"modified":"2023-06-28T09:18:09","modified_gmt":"2023-06-28T07:18:09","slug":"fam","status":"publish","type":"page","link":"https:\/\/agora.xtec.cat\/iespauclaris\/fam\/","title":{"rendered":"Fam\u00edlies"},"content":{"rendered":"<p>La col\u00b7laboraci\u00f3 cont\u00ednua amb les fam\u00edlies \u00e9s cabdal. La fam\u00edlia, conjuntament amb l\u2019alumne i amb els tutors, participa en la valoraci\u00f3 del progr\u00e9s del creixement personal i social de l\u2019aprenent.<\/p>\n<p>La iniciativa <strong>Embolica\u2019t<\/strong> amb el Pau Claris convida les fam\u00edlies a participar i col\u00b7laborar en les diferents necessitats del centre (com fer una xerrada, lectures per Sant Jordi, assessorament o consulta t\u00e8cnica, confecci\u00f3 de decorats, l&#8217;hort&#8230;).<\/p>\n<p>Tamb\u00e9, a trav\u00e9s de l<strong>\u2019AFA<\/strong>, les fam\u00edlies col\u00b7laboren en alguns serveis de l\u2019institut, com les extraescolars o el menjador, i amb la relaci\u00f3 amb l\u2019entorn.<\/p>\n","protected":false},"excerpt":{"rendered":"<p>La col\u00b7laboraci\u00f3 cont\u00ednua amb les fam\u00edlies \u00e9s cabdal. La fam\u00edlia, conjuntament amb l\u2019alumne i amb els tutors, participa en la valoraci\u00f3 del progr\u00e9s del creixement personal i social de l\u2019aprenent.<br \/>\nLa iniciativa Embolica\u2019t amb el Pau Claris convida les fam\u00edlies a participar i col\u00b7laborar en les&hellip;  <a href=\"https:\/\/agora.xtec.cat\/iespauclaris\/fam\/\" title=\"Read Fam\u00edlies\">Llegeix m\u00e9s\u00bb<\/a><\/p>\n","protected":false},"author":1,"featured_media":0,"parent":0,"menu_order":0,"comment_status":"closed","ping_status":"closed","template":"page-templates\/side-menu.php","meta":{"_bbp_topic_count":0,"_bbp_reply_count":0,"_bbp_total_topic_count":0,"_bbp_total_reply_count":0,"_bbp_voice_count":0,"_bbp_anonymous_reply_count":0,"_bbp_topic_count_hidden":0,"_bbp_reply_count_hidden":0,"_bbp_forum_subforum_count":0,"footnotes":""},"class_list":["post-63","page","type-page","status-publish","hentry"],"post_mailing_queue_ids":[],"_links":{"self":[{"href":"https:\/\/agora.xtec.cat\/iespauclaris\/wp-json\/wp\/v2\/pages\/63","targetHints":{"allow":["GET"]}}],"collection":[{"href":"https:\/\/agora.xtec.cat\/iespauclaris\/wp-json\/wp\/v2\/pages"}],"about":[{"href":"https:\/\/agora.xtec.cat\/iespauclaris\/wp-json\/wp\/v2\/types\/page"}],"author":[{"embeddable":true,"href":"https:\/\/agora.xtec.cat\/iespauclaris\/wp-json\/wp\/v2\/users\/1"}],"replies":[{"embeddable":true,"href":"https:\/\/agora.xtec.cat\/iespauclaris\/wp-json\/wp\/v2\/comments?post=63"}],"version-history":[{"count":4,"href":"https:\/\/agora.xtec.cat\/iespauclaris\/wp-json\/wp\/v2\/pages\/63\/revisions"}],"predecessor-version":[{"id":4496,"href":"https:\/\/agora.xtec.cat\/iespauclaris\/wp-json\/wp\/v2\/pages\/63\/revisions\/4496"}],"wp:attachment":[{"href":"https:\/\/agora.xtec.cat\/iespauclaris\/wp-json\/wp\/v2\/media?parent=63"}],"curies":[{"name":"wp","href":"https:\/\/api.w.org\/{rel}","templated":true}]}}

Famílies

<p>La col·laboració contínua amb les famílies és cabdal. La família, conjuntament amb l’alumne i amb els tutors, participa en la valoració del progrés del creixement personal i social de l’aprenent.</p>
<p>La iniciativa <strong>Embolica’t</strong> amb el Pau Claris convida les famílies a participar i col·laborar en les diferents necessitats del centre (com fer una xerrada, lectures per Sant Jordi, assessorament o consulta tècnica, confecció de decorats, l&#8217;hort&#8230;).</p>
<p>També, a través de l<strong>’AFA</strong>, les famílies col·laboren en alguns serveis de l’institut, com les extraescolars o el menjador, i amb la relació amb l’entorn.</p>

<p>La col·laboració contínua amb les famílies és cabdal. La família, conjuntament amb l’alumne i amb els tutors, participa en la valoració del progrés del creixement personal i social de l’aprenent.<br />
La iniciativa Embolica’t amb el Pau Claris convida les famílies a participar i col·laborar en les&hellip;  <a href="https://agora.xtec.cat/iespauclaris/fam/" title="Read Famílies">Llegeix més»</a></p>
