{"id":624,"date":"2020-07-24T10:39:29","date_gmt":"2020-07-24T08:39:29","guid":{"rendered":"http:\/\/agora.xtec.cat\/iespauclaris\/?page_id=624"},"modified":"2023-06-21T22:27:18","modified_gmt":"2023-06-21T20:27:18","slug":"projecte-musical","status":"publish","type":"page","link":"https:\/\/agora.xtec.cat\/iespauclaris\/ins\/aliances\/projecte-musical\/","title":{"rendered":"Projecte musical"},"content":{"rendered":"<p class=\"p1\">El 2014 vam iniciar el <strong>Projecte musical<\/strong>, basat en l\u2019entesa de la m\u00fasica com a llenguatge i coneixement, i com a font de sensibilitat i de plaer est\u00e8tic. I en aquest sentit tenim definida una de les 14 finalitats educatives (el perfil de sortida de l\u2019alumnat) del nostre PEC. Integrem la <b>m\u00fasica com a connector d\u2019aprenentatges<\/b>, \u00e9s a dir,<em style=\"font-family: inherit; font-size: 1em;\"> s<span>er capa\u00e7 de participar activament en la creaci\u00f3 de produccions musicals grupals i d\u2019expressar continguts transversals i interdisciplinaris de manera art\u00edstica amb sensibilitat, creativitat i satisfacci\u00f3 personal.<\/span><\/em><\/p>\n<p class=\"p1\">Aquest projecte el duem a terme en col\u00b7laboraci\u00f3 amb l\u2019<a href=\"https:\/\/lescolademusicsijpc.wordpress.com\/\" target=\"_blank\" rel=\"noopener noreferrer\"><strong>Escola de M\u00fasics i JPC<\/strong><\/a>. La Cristina Colomer, pianista i pedagoga, n\u2019\u00e9s la responsable i dirigeix el cant coral a tots els grups classe de l\u2019ESO una sessi\u00f3 a la setmana en horari lectiu (cant coral a 1r i a 2n d\u2019ESO; i creaci\u00f3 i representaci\u00f3 de musicals a 3r i a 4t d\u2019ESO), la Pau Claris\u2019Choir (Coral d\u2019alumnes voluntaris que assagen a l\u2019hora del pati) i els t\u00f2pics d\u2019aprenentatge de piano <em>A tota tecla!, <\/em>un projecte pilot del <a href=\"https:\/\/mariacanals.org\/ca\/offconcurs\/educa.html\">Maria Canals Barcelona,<\/a> dut a terme per la Cristina Colomer.\u00a0 Al T\u00f2pic de combo comptem amb el professor Tolo Garc\u00eda-Plata.<\/p>\n<p class=\"p1\">Al llarg del curs es fan moltes <strong>actuacions i concerts<\/strong>: a les festes de l\u2019Institut, a les actuacions com a benvinguda de persones externes al centre (visites alumnat de 6\u00e8, visites de professionals externs, visites institucionals&#8230;), a la <em>Trobada de Cors del Rava<\/em>l al Museu Mar\u00edtim, al <em>Concert de Nadal<\/em> al Palau Gu\u0308ell, a l&#8217;<em>OFF Maria Canals<\/em> al Foyer del Palau, i al <em>Projecte Vincles<\/em> del Palau de la M\u00fasica Catalana.<\/p>\n<p class=\"p1\">Amb l\u2019Escola de M\u00fasics i JPC, formem part del <a href=\"http:\/\/xtec.gencat.cat\/ca\/projectes\/ensenyaments-artistics\/araART\/\" target=\"_blank\" rel=\"noopener noreferrer\"><strong>Programa d\u2019innovaci\u00f3 araART<\/strong><\/a> del Departament d\u2019Educaci\u00f3, amb l\u2019objectiu de crear una l\u00ednia pedag\u00f2gica de treball, amb la m\u00fasica com a element de cohesi\u00f3 i gaudi, que enforteixi la creativitat, el sentiment de pertinen\u00e7a i d\u2019orgull, i el creixement personal.<\/p>\n<table style=\"border-color: #fefefe; background-color: #fefefe; width: 63.4669%; height: 367px;\">\n<tbody>\n<tr>\n<td style=\"width: 280px; border-color: #fefefe;\"><\/td>\n<td style=\"width: 586px; border-color: #fefefe;\"><iframe loading=\"lazy\" src=\"https:\/\/www.youtube.com\/embed\/JYLR7vo7vnA\" width=\"560\" height=\"315\" frameborder=\"0\"><\/iframe>;<\/td>\n<\/tr>\n<\/tbody>\n<\/table>\n<p>&nbsp;<\/p>\n","protected":false},"excerpt":{"rendered":"<p>El 2014 vam iniciar el Projecte musical, basat en l\u2019entesa de la m\u00fasica com a llenguatge i coneixement, i com a font de sensibilitat i de plaer est\u00e8tic. I en aquest sentit tenim definida una de les 14 finalitats educatives (el perfil de sortida de&hellip;  <a href=\"https:\/\/agora.xtec.cat\/iespauclaris\/ins\/aliances\/projecte-musical\/\" title=\"Read Projecte musical\">Llegeix m\u00e9s\u00bb<\/a><\/p>\n","protected":false},"author":1,"featured_media":0,"parent":1250,"menu_order":1,"comment_status":"closed","ping_status":"closed","template":"page-templates\/side-menu.php","meta":{"_bbp_topic_count":0,"_bbp_reply_count":0,"_bbp_total_topic_count":0,"_bbp_total_reply_count":0,"_bbp_voice_count":0,"_bbp_anonymous_reply_count":0,"_bbp_topic_count_hidden":0,"_bbp_reply_count_hidden":0,"_bbp_forum_subforum_count":0,"footnotes":""},"class_list":["post-624","page","type-page","status-publish","hentry"],"post_mailing_queue_ids":[],"_links":{"self":[{"href":"https:\/\/agora.xtec.cat\/iespauclaris\/wp-json\/wp\/v2\/pages\/624","targetHints":{"allow":["GET"]}}],"collection":[{"href":"https:\/\/agora.xtec.cat\/iespauclaris\/wp-json\/wp\/v2\/pages"}],"about":[{"href":"https:\/\/agora.xtec.cat\/iespauclaris\/wp-json\/wp\/v2\/types\/page"}],"author":[{"embeddable":true,"href":"https:\/\/agora.xtec.cat\/iespauclaris\/wp-json\/wp\/v2\/users\/1"}],"replies":[{"embeddable":true,"href":"https:\/\/agora.xtec.cat\/iespauclaris\/wp-json\/wp\/v2\/comments?post=624"}],"version-history":[{"count":4,"href":"https:\/\/agora.xtec.cat\/iespauclaris\/wp-json\/wp\/v2\/pages\/624\/revisions"}],"predecessor-version":[{"id":4422,"href":"https:\/\/agora.xtec.cat\/iespauclaris\/wp-json\/wp\/v2\/pages\/624\/revisions\/4422"}],"up":[{"embeddable":true,"href":"https:\/\/agora.xtec.cat\/iespauclaris\/wp-json\/wp\/v2\/pages\/1250"}],"wp:attachment":[{"href":"https:\/\/agora.xtec.cat\/iespauclaris\/wp-json\/wp\/v2\/media?parent=624"}],"curies":[{"name":"wp","href":"https:\/\/api.w.org\/{rel}","templated":true}]}}

<p class="p1">El 2014 vam iniciar el <strong>Projecte musical</strong>, basat en l’entesa de la música com a llenguatge i coneixement, i com a font de sensibilitat i de plaer estètic. I en aquest sentit tenim definida una de les 14 finalitats educatives (el perfil de sortida de l’alumnat) del nostre PEC. Integrem la <b>música com a connector d’aprenentatges</b>, és a dir,<em style="font-family: inherit; font-size: 1em;"> s<span>er capaç de participar activament en la creació de produccions musicals grupals i d’expressar continguts transversals i interdisciplinaris de manera artística amb sensibilitat, creativitat i satisfacció personal.</span></em></p>
<p class="p1">Aquest projecte el duem a terme en col·laboració amb l’<a href="https://lescolademusicsijpc.wordpress.com/" target="_blank" rel="noopener noreferrer"><strong>Escola de Músics i JPC</strong></a>. La Cristina Colomer, pianista i pedagoga, n’és la responsable i dirigeix el cant coral a tots els grups classe de l’ESO una sessió a la setmana en horari lectiu (cant coral a 1r i a 2n d’ESO; i creació i representació de musicals a 3r i a 4t d’ESO), la Pau Claris’Choir (Coral d’alumnes voluntaris que assagen a l’hora del pati) i els tòpics d’aprenentatge de piano <em>A tota tecla!, </em>un projecte pilot del <a href="https://mariacanals.org/ca/offconcurs/educa.html">Maria Canals Barcelona,</a> dut a terme per la Cristina Colomer.  Al Tòpic de combo comptem amb el professor Tolo García-Plata.</p>
<p class="p1">Al llarg del curs es fan moltes <strong>actuacions i concerts</strong>: a les festes de l’Institut, a les actuacions com a benvinguda de persones externes al centre (visites alumnat de 6è, visites de professionals externs, visites institucionals&#8230;), a la <em>Trobada de Cors del Rava</em>l al Museu Marítim, al <em>Concert de Nadal</em> al Palau Güell, a l&#8217;<em>OFF Maria Canals</em> al Foyer del Palau, i al <em>Projecte Vincles</em> del Palau de la Música Catalana.</p>
<p class="p1">Amb l’Escola de Músics i JPC, formem part del <a href="http://xtec.gencat.cat/ca/projectes/ensenyaments-artistics/araART/" target="_blank" rel="noopener noreferrer"><strong>Programa d’innovació araART</strong></a> del Departament d’Educació, amb l’objectiu de crear una línia pedagògica de treball, amb la música com a element de cohesió i gaudi, que enforteixi la creativitat, el sentiment de pertinença i d’orgull, i el creixement personal.</p>
<table style="border-color: #fefefe; background-color: #fefefe; width: 63.4669%; height: 367px;">
<tbody>
<tr>
<td style="width: 280px; border-color: #fefefe;"></td>
<td style="width: 586px; border-color: #fefefe;"><iframe loading="lazy" src="https://www.youtube.com/embed/JYLR7vo7vnA" width="560" height="315" frameborder="0"></iframe>;</td>
</tr>
</tbody>
</table>
<p>&nbsp;</p>

<p>El 2014 vam iniciar el Projecte musical, basat en l’entesa de la música com a llenguatge i coneixement, i com a font de sensibilitat i de plaer estètic. I en aquest sentit tenim definida una de les 14 finalitats educatives (el perfil de sortida de&hellip;  <a href="https://agora.xtec.cat/iespauclaris/ins/aliances/projecte-musical/" title="Read Projecte musical">Llegeix més»</a></p>
