{"id":621,"date":"2020-07-24T10:38:08","date_gmt":"2020-07-24T08:38:08","guid":{"rendered":"http:\/\/agora.xtec.cat\/iespauclaris\/?page_id=621"},"modified":"2021-02-21T17:12:34","modified_gmt":"2021-02-21T16:12:34","slug":"pro","status":"publish","type":"page","link":"https:\/\/agora.xtec.cat\/iespauclaris\/pro\/","title":{"rendered":"Projectes"},"content":{"rendered":"<p>Els <strong>projectes<\/strong> del Pau Claris s\u00f3n la concreci\u00f3 dels nostres essencials. En constant revisi\u00f3 i millora, els projectes s\u00f3n la punta de llan\u00e7a de la innovaci\u00f3 educativa, de la transformaci\u00f3 cap a l&#8217;escola del segle XXI. En cada etapa educativa i en cada curs plantegem els projectes propis connectats amb els contextos, interessos, continguts i compet\u00e8ncies a desenvolupar.<\/p>\n<p>El que podria semblar la quadratura del cercle, en realitat, esdev\u00e9 el contrari: la porta d&#8217;entrada a una nova manera d&#8217;aprendre (m\u00e9s activa i din\u00e0mica) i de relacionar-nos (m\u00e9s participativa i horitzontal). Els projectes vertebren la nostra proposta educativa de manera que la majoria de les <strong>c\u00e0psules<\/strong> espec\u00edfiques de les diferents mat\u00e8ries giren al seu voltant.<\/p>\n","protected":false},"excerpt":{"rendered":"<p>Els projectes del Pau Claris s\u00f3n la concreci\u00f3 dels nostres essencials. En constant revisi\u00f3 i millora, els projectes s\u00f3n la punta de llan\u00e7a de la innovaci\u00f3 educativa, de la transformaci\u00f3 cap a l&#8217;escola del segle XXI. En cada etapa educativa i en cada curs plantegem&hellip;  <a href=\"https:\/\/agora.xtec.cat\/iespauclaris\/pro\/\" title=\"Read Projectes\">Llegeix m\u00e9s\u00bb<\/a><\/p>\n","protected":false},"author":1,"featured_media":0,"parent":0,"menu_order":0,"comment_status":"closed","ping_status":"closed","template":"page-templates\/side-menu.php","meta":{"_bbp_topic_count":0,"_bbp_reply_count":0,"_bbp_total_topic_count":0,"_bbp_total_reply_count":0,"_bbp_voice_count":0,"_bbp_anonymous_reply_count":0,"_bbp_topic_count_hidden":0,"_bbp_reply_count_hidden":0,"_bbp_forum_subforum_count":0,"footnotes":""},"class_list":["post-621","page","type-page","status-publish","hentry"],"post_mailing_queue_ids":[],"_links":{"self":[{"href":"https:\/\/agora.xtec.cat\/iespauclaris\/wp-json\/wp\/v2\/pages\/621","targetHints":{"allow":["GET"]}}],"collection":[{"href":"https:\/\/agora.xtec.cat\/iespauclaris\/wp-json\/wp\/v2\/pages"}],"about":[{"href":"https:\/\/agora.xtec.cat\/iespauclaris\/wp-json\/wp\/v2\/types\/page"}],"author":[{"embeddable":true,"href":"https:\/\/agora.xtec.cat\/iespauclaris\/wp-json\/wp\/v2\/users\/1"}],"replies":[{"embeddable":true,"href":"https:\/\/agora.xtec.cat\/iespauclaris\/wp-json\/wp\/v2\/comments?post=621"}],"version-history":[{"count":3,"href":"https:\/\/agora.xtec.cat\/iespauclaris\/wp-json\/wp\/v2\/pages\/621\/revisions"}],"predecessor-version":[{"id":1681,"href":"https:\/\/agora.xtec.cat\/iespauclaris\/wp-json\/wp\/v2\/pages\/621\/revisions\/1681"}],"wp:attachment":[{"href":"https:\/\/agora.xtec.cat\/iespauclaris\/wp-json\/wp\/v2\/media?parent=621"}],"curies":[{"name":"wp","href":"https:\/\/api.w.org\/{rel}","templated":true}]}}

<p>Els <strong>projectes</strong> del Pau Claris són la concreció dels nostres essencials. En constant revisió i millora, els projectes són la punta de llança de la innovació educativa, de la transformació cap a l&#8217;escola del segle XXI. En cada etapa educativa i en cada curs plantegem els projectes propis connectats amb els contextos, interessos, continguts i competències a desenvolupar.</p>
<p>El que podria semblar la quadratura del cercle, en realitat, esdevé el contrari: la porta d&#8217;entrada a una nova manera d&#8217;aprendre (més activa i dinàmica) i de relacionar-nos (més participativa i horitzontal). Els projectes vertebren la nostra proposta educativa de manera que la majoria de les <strong>càpsules</strong> específiques de les diferents matèries giren al seu voltant.</p>

<p>Els projectes del Pau Claris són la concreció dels nostres essencials. En constant revisió i millora, els projectes són la punta de llança de la innovació educativa, de la transformació cap a l&#8217;escola del segle XXI. En cada etapa educativa i en cada curs plantegem&hellip;  <a href="https://agora.xtec.cat/iespauclaris/pro/" title="Read Projectes">Llegeix més»</a></p>
