{"id":5944,"date":"2024-11-16T12:41:45","date_gmt":"2024-11-16T11:41:45","guid":{"rendered":"https:\/\/agora.xtec.cat\/iespauclaris\/?page_id=5944"},"modified":"2024-11-16T12:41:45","modified_gmt":"2024-11-16T11:41:45","slug":"en-cercle","status":"publish","type":"page","link":"https:\/\/agora.xtec.cat\/iespauclaris\/pro\/en-cercle\/","title":{"rendered":"En cercle"},"content":{"rendered":"<p>El programa <strong>En cercle<\/strong> per a l&#8217;acompanyament emocional \u00e9s un programa del Consorci d&#8217;Educaci\u00f3 de Barcelona, que es desenvolupar\u00e0 durant 3 cursos al nostre centre des del curs 2024-25 fins al 2026-27. Les bases formatives amb el professorat amb la formaci\u00f3 en pr\u00e0ctiques restauratives iniciada el curs passat i que, continua durant la implantaci\u00f3 del programa a l&#8217;institut.<\/p>\n<p>El projecte es desenvolupa en el marc de la innovaci\u00f3 educativa i l\u2019educaci\u00f3 inclusiva, per tal de donar resposta a la necessitat de canvi de mirada en la gesti\u00f3 de la conviv\u00e8ncia en les comunitats educatives. Es centra en l\u2019acompanyament emocional, l\u2019atenci\u00f3 a la diversitat i la promoci\u00f3 de la cultura de pau des de la pr\u00e0ctica de l\u2019enfocament restauratiu global.<\/p>\n<p>La finalitat del programa \u00e9s acompanyar als centres educatius en un proc\u00e9s de transformaci\u00f3 pel que fa a l\u2019acompanyament emocional a trav\u00e9s de la gesti\u00f3 positiva i restaurativa de les relacions i del conflicte. L\u2019horitz\u00f3 \u00e9s el de generar un canvi de mirada en la gesti\u00f3 de la conviv\u00e8ncia al centre educatiu per al benestar a tota la comunitat educativa.<\/p>\n<p><strong>Objectius<\/strong>:<\/p>\n<ul>\n<li>\u00a0Promoure una mirada escolar restaurativa i una cultura escolar m\u00e9s inclusiva, que posa les relacions interpersonals i la gesti\u00f3 positiva del conflicte en el centre de l&#8217;educaci\u00f3 i t\u00e9 en compte tota la comunitat educativa.<\/li>\n<li>Desenvolupar compet\u00e8ncies restauratives en tot l\u2019equip educatiu.<\/li>\n<li>Fomentar les compet\u00e8ncies emocionals de l\u2019alumnat, des de la consci\u00e8ncia i regulaci\u00f3 emocional fins a la compet\u00e8ncia social i habilitats de vida i benestar.<\/li>\n<li>Millorar la capacitat de gesti\u00f3 de la contenci\u00f3 i disminuir el malestar emocional des de la comunitat educativa per millorar conviv\u00e8ncia escolar.<\/li>\n<li>Promoure l\u2019adquisici\u00f3 d\u2019eines i estrat\u00e8gies de la comunitat educativa en habilitats per a la gesti\u00f3 de les relacions i els conflictes des de l\u2019enfocament restauratiu.<\/li>\n<\/ul>\n<p>Podeu veure en <a href=\"https:\/\/drive.google.com\/file\/d\/1NhZAi_H_Q4iyRBLLhorGxVicxqLgTwrs\/view?usp=sharing\" target=\"_blank\" rel=\"noopener\">aquest enlla\u00e7<\/a> com es desenvolupa la din\u00e0mica de temps de cercle a l&#8217;aula.<\/p>\n<p><a href=\"https:\/\/agora.xtec.cat\/iespauclaris\/wp-content\/uploads\/usu835\/2024\/11\/ERME.png\">\u00a0<\/a><\/p>\n<p><a href=\"https:\/\/agora.xtec.cat\/iespauclaris\/wp-content\/uploads\/usu835\/2024\/11\/ERME.png\"><img loading=\"lazy\" decoding=\"async\" class=\"aligncenter size-full wp-image-5946\" src=\"https:\/\/agora.xtec.cat\/iespauclaris\/wp-content\/uploads\/usu835\/2024\/11\/ERME.png\" alt=\"\" width=\"650\" height=\"564\" srcset=\"https:\/\/agora.xtec.cat\/iespauclaris\/wp-content\/uploads\/usu835\/2024\/11\/ERME.png 650w, https:\/\/agora.xtec.cat\/iespauclaris\/wp-content\/uploads\/usu835\/2024\/11\/ERME-300x260.png 300w\" sizes=\"auto, (max-width: 650px) 100vw, 650px\" \/><\/a><\/p>\n","protected":false},"excerpt":{"rendered":"<p>El programa En cercle per a l&#8217;acompanyament emocional \u00e9s un programa del Consorci d&#8217;Educaci\u00f3 de Barcelona, que es desenvolupar\u00e0 durant 3 cursos al nostre centre des del curs 2024-25 fins al 2026-27. Les bases formatives amb el professorat amb la formaci\u00f3 en pr\u00e0ctiques restauratives iniciada&hellip;  <a href=\"https:\/\/agora.xtec.cat\/iespauclaris\/pro\/en-cercle\/\" title=\"Read En cercle\">Llegeix m\u00e9s\u00bb<\/a><\/p>\n","protected":false},"author":1,"featured_media":0,"parent":621,"menu_order":2,"comment_status":"closed","ping_status":"closed","template":"page-templates\/side-menu.php","meta":{"_bbp_topic_count":0,"_bbp_reply_count":0,"_bbp_total_topic_count":0,"_bbp_total_reply_count":0,"_bbp_voice_count":0,"_bbp_anonymous_reply_count":0,"_bbp_topic_count_hidden":0,"_bbp_reply_count_hidden":0,"_bbp_forum_subforum_count":0,"footnotes":""},"class_list":["post-5944","page","type-page","status-publish","hentry"],"post_mailing_queue_ids":[],"_links":{"self":[{"href":"https:\/\/agora.xtec.cat\/iespauclaris\/wp-json\/wp\/v2\/pages\/5944","targetHints":{"allow":["GET"]}}],"collection":[{"href":"https:\/\/agora.xtec.cat\/iespauclaris\/wp-json\/wp\/v2\/pages"}],"about":[{"href":"https:\/\/agora.xtec.cat\/iespauclaris\/wp-json\/wp\/v2\/types\/page"}],"author":[{"embeddable":true,"href":"https:\/\/agora.xtec.cat\/iespauclaris\/wp-json\/wp\/v2\/users\/1"}],"replies":[{"embeddable":true,"href":"https:\/\/agora.xtec.cat\/iespauclaris\/wp-json\/wp\/v2\/comments?post=5944"}],"version-history":[{"count":2,"href":"https:\/\/agora.xtec.cat\/iespauclaris\/wp-json\/wp\/v2\/pages\/5944\/revisions"}],"predecessor-version":[{"id":5947,"href":"https:\/\/agora.xtec.cat\/iespauclaris\/wp-json\/wp\/v2\/pages\/5944\/revisions\/5947"}],"up":[{"embeddable":true,"href":"https:\/\/agora.xtec.cat\/iespauclaris\/wp-json\/wp\/v2\/pages\/621"}],"wp:attachment":[{"href":"https:\/\/agora.xtec.cat\/iespauclaris\/wp-json\/wp\/v2\/media?parent=5944"}],"curies":[{"name":"wp","href":"https:\/\/api.w.org\/{rel}","templated":true}]}}

<p>El programa <strong>En cercle</strong> per a l&#8217;acompanyament emocional és un programa del Consorci d&#8217;Educació de Barcelona, que es desenvoluparà durant 3 cursos al nostre centre des del curs 2024-25 fins al 2026-27. Les bases formatives amb el professorat amb la formació en pràctiques restauratives iniciada el curs passat i que, continua durant la implantació del programa a l&#8217;institut.</p>
<p>El projecte es desenvolupa en el marc de la innovació educativa i l’educació inclusiva, per tal de donar resposta a la necessitat de canvi de mirada en la gestió de la convivència en les comunitats educatives. Es centra en l’acompanyament emocional, l’atenció a la diversitat i la promoció de la cultura de pau des de la pràctica de l’enfocament restauratiu global.</p>
<p>La finalitat del programa és acompanyar als centres educatius en un procés de transformació pel que fa a l’acompanyament emocional a través de la gestió positiva i restaurativa de les relacions i del conflicte. L’horitzó és el de generar un canvi de mirada en la gestió de la convivència al centre educatiu per al benestar a tota la comunitat educativa.</p>
<p><strong>Objectius</strong>:</p>
<ul>
<li> Promoure una mirada escolar restaurativa i una cultura escolar més inclusiva, que posa les relacions interpersonals i la gestió positiva del conflicte en el centre de l&#8217;educació i té en compte tota la comunitat educativa.</li>
<li>Desenvolupar competències restauratives en tot l’equip educatiu.</li>
<li>Fomentar les competències emocionals de l’alumnat, des de la consciència i regulació emocional fins a la competència social i habilitats de vida i benestar.</li>
<li>Millorar la capacitat de gestió de la contenció i disminuir el malestar emocional des de la comunitat educativa per millorar convivència escolar.</li>
<li>Promoure l’adquisició d’eines i estratègies de la comunitat educativa en habilitats per a la gestió de les relacions i els conflictes des de l’enfocament restauratiu.</li>
</ul>
<p>Podeu veure en <a href="https://drive.google.com/file/d/1NhZAi_H_Q4iyRBLLhorGxVicxqLgTwrs/view?usp=sharing" target="_blank" rel="noopener">aquest enllaç</a> com es desenvolupa la dinàmica de temps de cercle a l&#8217;aula.</p>
<p><a href="https://agora.xtec.cat/iespauclaris/wp-content/uploads/usu835/2024/11/ERME.png"> </a></p>
<p><a href="https://agora.xtec.cat/iespauclaris/wp-content/uploads/usu835/2024/11/ERME.png"><img loading="lazy" decoding="async" class="aligncenter size-full wp-image-5946" src="https://agora.xtec.cat/iespauclaris/wp-content/uploads/usu835/2024/11/ERME.png" alt="" width="650" height="564" srcset="https://agora.xtec.cat/iespauclaris/wp-content/uploads/usu835/2024/11/ERME.png 650w, https://agora.xtec.cat/iespauclaris/wp-content/uploads/usu835/2024/11/ERME-300x260.png 300w" sizes="auto, (max-width: 650px) 100vw, 650px" /></a></p>

<p>El programa En cercle per a l&#8217;acompanyament emocional és un programa del Consorci d&#8217;Educació de Barcelona, que es desenvoluparà durant 3 cursos al nostre centre des del curs 2024-25 fins al 2026-27. Les bases formatives amb el professorat amb la formació en pràctiques restauratives iniciada&hellip;  <a href="https://agora.xtec.cat/iespauclaris/pro/en-cercle/" title="Read En cercle">Llegeix més»</a></p>
