{"id":5688,"date":"2024-09-22T13:25:47","date_gmt":"2024-09-22T11:25:47","guid":{"rendered":"https:\/\/agora.xtec.cat\/iespauclaris\/?page_id=5688"},"modified":"2025-06-29T09:20:02","modified_gmt":"2025-06-29T07:20:02","slug":"probleu","status":"publish","type":"page","link":"https:\/\/agora.xtec.cat\/iespauclaris\/pro\/probleu\/","title":{"rendered":"Probleu"},"content":{"rendered":"<h1 style=\"text-align: center;\"><a href=\"https:\/\/sites.google.com\/iespauclaris.org\/programaproblue\/p%C3%A0gina-principal\" target=\"_blank\" rel=\"noopener\"><img loading=\"lazy\" decoding=\"async\" class=\"aligncenter wp-image-7211\" src=\"https:\/\/agora.xtec.cat\/iespauclaris\/wp-content\/uploads\/usu835\/2025\/06\/logoWeb.png\" alt=\"\" width=\"274\" height=\"258\" \/><\/a><\/h1>\r\n<h1 style=\"text-align: center;\"><a href=\"https:\/\/sites.google.com\/iespauclaris.org\/programaproblue\/p%C3%A0gina-principal\" target=\"_blank\" rel=\"noopener\"><strong>ENLLA\u00c7 WEB PROBLEU CENTRE<\/strong><\/a><\/h1>\r\n\r\n<p>&nbsp;<\/p>\r\n\r\n\r\n\r\n<div class=\"wp-block-cover\"><img loading=\"lazy\" decoding=\"async\" width=\"1901\" height=\"927\" class=\"wp-block-cover__image-background wp-image-5689\" src=\"https:\/\/agora.xtec.cat\/iespauclaris\/wp-content\/uploads\/usu835\/2024\/09\/ProBleu.png\" alt=\"\" data-object-fit=\"cover\" srcset=\"https:\/\/agora.xtec.cat\/iespauclaris\/wp-content\/uploads\/usu835\/2024\/09\/ProBleu.png 1901w, https:\/\/agora.xtec.cat\/iespauclaris\/wp-content\/uploads\/usu835\/2024\/09\/ProBleu-300x146.png 300w, https:\/\/agora.xtec.cat\/iespauclaris\/wp-content\/uploads\/usu835\/2024\/09\/ProBleu-1024x499.png 1024w, https:\/\/agora.xtec.cat\/iespauclaris\/wp-content\/uploads\/usu835\/2024\/09\/ProBleu-768x375.png 768w, https:\/\/agora.xtec.cat\/iespauclaris\/wp-content\/uploads\/usu835\/2024\/09\/ProBleu-1536x749.png 1536w\" sizes=\"auto, (max-width: 1901px) 100vw, 1901px\" \/>\r\n<div class=\"wp-block-cover__inner-container is-layout-constrained wp-block-cover-is-layout-constrained\">\r\n<p class=\"has-text-align-center has-large-font-size\">\u00a0<\/p>\r\n<\/div>\r\n<\/div>\r\n\r\n\r\n\r\n<p>El projecte pret\u00e9n millorar la comprensi\u00f3 dels estudiants de la depend\u00e8ncia de la vida de l&#8217;aigua centrant-se en l&#8217;estudi dels ports i ciutats portu\u00e0ries, la seva activitat i l&#8217;impacte ecol\u00f2gic. Desenvolupar un comprom\u00eds personal amb la protecci\u00f3 dels oceans i els ecosistemes marins, fent-los conscients de la nostra responsabilitat pel desenvolupament sostenible. El projecte pret\u00e9n implicar l&#8217;alumnat en la conservaci\u00f3 del mar a trav\u00e9s de diferents activitats que estudien els ports mar\u00edtims, la contaminaci\u00f3 que produeixen a conseq\u00fc\u00e8ncia de les seves activitats, avaluacions de la qualitat de l&#8217;aigua i campanyes de sensibilitzaci\u00f3 comunit\u00e0ria.<\/p>\r\n\r\n\r\n\r\n<p><strong>Objectius<\/strong><\/p>\r\n\r\n\r\n\r\n<ul class=\"wp-block-list\">\r\n<li><strong>Millorar la comprensi\u00f3 de l&#8217;impacte del sector mar\u00edtim en el mar i les ciutats portu\u00e0ries, estudiar com la regulaci\u00f3 europea hauria d&#8217;ajudar a reduir les emissions de CO\u2082 de l&#8217;activitat portu\u00e0ria.<\/strong><\/li>\r\n\r\n\r\n\r\n<li><strong>Sensibilitzar l&#8217;alumnat i la comunitat educativa sobre la responsabilitat de la protecci\u00f3 dels ecosistemes aqu\u00e0tics, generant un comprom\u00eds amb la conscienciaci\u00f3 ecol\u00f2gica.<\/strong><\/li>\r\n\r\n\r\n\r\n<li><strong>To encourage pupils to be active agents in promoting local changes to achieve a sustainable marine environment, through the study of the marine environment to deepen their understanding of it as a way to involve pupils in its defence.<\/strong><\/li>\r\n<\/ul>\r\n\r\n\r\n\r\n<div class=\"wp-block-getwid-image-box has-text-center has-mobile-layout-default has-mobile-alignment-default\">\r\n<div class=\"wp-block-getwid-image-box__image-container is-position-top\">\r\n<div class=\"wp-block-getwid-image-box__image-wrapper\"><img loading=\"lazy\" decoding=\"async\" width=\"1644\" height=\"720\" class=\"wp-block-getwid-image-box__image wp-image-5694\" src=\"https:\/\/agora.xtec.cat\/iespauclaris\/wp-content\/uploads\/usu835\/2024\/09\/OceanMission_banner_02-2.png\" alt=\"\" srcset=\"https:\/\/agora.xtec.cat\/iespauclaris\/wp-content\/uploads\/usu835\/2024\/09\/OceanMission_banner_02-2.png 1644w, https:\/\/agora.xtec.cat\/iespauclaris\/wp-content\/uploads\/usu835\/2024\/09\/OceanMission_banner_02-2-300x131.png 300w, https:\/\/agora.xtec.cat\/iespauclaris\/wp-content\/uploads\/usu835\/2024\/09\/OceanMission_banner_02-2-1024x448.png 1024w, https:\/\/agora.xtec.cat\/iespauclaris\/wp-content\/uploads\/usu835\/2024\/09\/OceanMission_banner_02-2-768x336.png 768w, https:\/\/agora.xtec.cat\/iespauclaris\/wp-content\/uploads\/usu835\/2024\/09\/OceanMission_banner_02-2-1536x673.png 1536w\" sizes=\"auto, (max-width: 1644px) 100vw, 1644px\" \/><\/div>\r\n<\/div>\r\n<div class=\"wp-block-getwid-image-box__content\">\r\n<h3 class=\"wp-block-heading\">\u00a0<\/h3>\r\n\r\n\r\n\r\n<p>&nbsp;<\/p>\r\n\r\n\r\n\r\n<figure class=\"wp-block-gallery has-nested-images columns-default is-cropped wp-block-gallery-1 is-layout-flex wp-block-gallery-is-layout-flex\">\r\n<figure class=\"wp-block-image size-large\"><a href=\"https:\/\/agora.xtec.cat\/iespauclaris\/wp-content\/uploads\/usu835\/2024\/09\/logos-Probleu.jpg\"><img loading=\"lazy\" decoding=\"async\" width=\"1024\" height=\"203\" class=\"wp-image-5703\" src=\"https:\/\/agora.xtec.cat\/iespauclaris\/wp-content\/uploads\/usu835\/2024\/09\/logos-Probleu-1024x203.jpg\" alt=\"\" srcset=\"https:\/\/agora.xtec.cat\/iespauclaris\/wp-content\/uploads\/usu835\/2024\/09\/logos-Probleu-1024x203.jpg 1024w, https:\/\/agora.xtec.cat\/iespauclaris\/wp-content\/uploads\/usu835\/2024\/09\/logos-Probleu-300x59.jpg 300w, https:\/\/agora.xtec.cat\/iespauclaris\/wp-content\/uploads\/usu835\/2024\/09\/logos-Probleu-768x152.jpg 768w, https:\/\/agora.xtec.cat\/iespauclaris\/wp-content\/uploads\/usu835\/2024\/09\/logos-Probleu.jpg 1190w\" sizes=\"auto, (max-width: 1024px) 100vw, 1024px\" \/><\/a><\/figure>\r\n<\/figure>\r\n<\/div>\r\n<\/div>\r\n","protected":false},"excerpt":{"rendered":"<p><a href=\"https:\/\/sites.google.com\/iespauclaris.org\/programaproblue\/p%C3%A0gina-principal\" target=\"_blank\" rel=\"noopener\"><\/a><br \/>\n<a href=\"https:\/\/sites.google.com\/iespauclaris.org\/programaproblue\/p%C3%A0gina-principal\" target=\"_blank\" rel=\"noopener\">ENLLA\u00c7 WEB PROBLEU CENTRE<\/a><\/p>\n<p>&nbsp;<\/p>\n<p>\u00a0<\/p>\n<p>El projecte pret\u00e9n millorar la comprensi\u00f3 dels estudiants de la depend\u00e8ncia de la vida de l&#8217;aigua centrant-se en l&#8217;estudi dels ports i ciutats portu\u00e0ries, la seva activitat i l&#8217;impacte ecol\u00f2gic. Desenvolupar un comprom\u00eds personal amb la&hellip;  <a href=\"https:\/\/agora.xtec.cat\/iespauclaris\/pro\/probleu\/\" title=\"Read Probleu\">Llegeix m\u00e9s\u00bb<\/a><\/p>\n","protected":false},"author":1,"featured_media":0,"parent":621,"menu_order":0,"comment_status":"closed","ping_status":"closed","template":"page-templates\/side-menu.php","meta":{"_bbp_topic_count":0,"_bbp_reply_count":0,"_bbp_total_topic_count":0,"_bbp_total_reply_count":0,"_bbp_voice_count":0,"_bbp_anonymous_reply_count":0,"_bbp_topic_count_hidden":0,"_bbp_reply_count_hidden":0,"_bbp_forum_subforum_count":0,"footnotes":""},"class_list":["post-5688","page","type-page","status-publish","hentry"],"post_mailing_queue_ids":[],"_links":{"self":[{"href":"https:\/\/agora.xtec.cat\/iespauclaris\/wp-json\/wp\/v2\/pages\/5688","targetHints":{"allow":["GET"]}}],"collection":[{"href":"https:\/\/agora.xtec.cat\/iespauclaris\/wp-json\/wp\/v2\/pages"}],"about":[{"href":"https:\/\/agora.xtec.cat\/iespauclaris\/wp-json\/wp\/v2\/types\/page"}],"author":[{"embeddable":true,"href":"https:\/\/agora.xtec.cat\/iespauclaris\/wp-json\/wp\/v2\/users\/1"}],"replies":[{"embeddable":true,"href":"https:\/\/agora.xtec.cat\/iespauclaris\/wp-json\/wp\/v2\/comments?post=5688"}],"version-history":[{"count":6,"href":"https:\/\/agora.xtec.cat\/iespauclaris\/wp-json\/wp\/v2\/pages\/5688\/revisions"}],"predecessor-version":[{"id":7324,"href":"https:\/\/agora.xtec.cat\/iespauclaris\/wp-json\/wp\/v2\/pages\/5688\/revisions\/7324"}],"up":[{"embeddable":true,"href":"https:\/\/agora.xtec.cat\/iespauclaris\/wp-json\/wp\/v2\/pages\/621"}],"wp:attachment":[{"href":"https:\/\/agora.xtec.cat\/iespauclaris\/wp-json\/wp\/v2\/media?parent=5688"}],"curies":[{"name":"wp","href":"https:\/\/api.w.org\/{rel}","templated":true}]}}

<h1 style="text-align: center;"><a href="https://sites.google.com/iespauclaris.org/programaproblue/p%C3%A0gina-principal" target="_blank" rel="noopener"><img loading="lazy" decoding="async" class="aligncenter wp-image-7211" src="https://agora.xtec.cat/iespauclaris/wp-content/uploads/usu835/2025/06/logoWeb.png" alt="" width="274" height="258" /></a></h1>
<h1 style="text-align: center;"><a href="https://sites.google.com/iespauclaris.org/programaproblue/p%C3%A0gina-principal" target="_blank" rel="noopener"><strong>ENLLAÇ WEB PROBLEU CENTRE</strong></a></h1>

<p>&nbsp;</p>



<div class="wp-block-cover"><img loading="lazy" decoding="async" width="1901" height="927" class="wp-block-cover__image-background wp-image-5689" src="https://agora.xtec.cat/iespauclaris/wp-content/uploads/usu835/2024/09/ProBleu.png" alt="" data-object-fit="cover" srcset="https://agora.xtec.cat/iespauclaris/wp-content/uploads/usu835/2024/09/ProBleu.png 1901w, https://agora.xtec.cat/iespauclaris/wp-content/uploads/usu835/2024/09/ProBleu-300x146.png 300w, https://agora.xtec.cat/iespauclaris/wp-content/uploads/usu835/2024/09/ProBleu-1024x499.png 1024w, https://agora.xtec.cat/iespauclaris/wp-content/uploads/usu835/2024/09/ProBleu-768x375.png 768w, https://agora.xtec.cat/iespauclaris/wp-content/uploads/usu835/2024/09/ProBleu-1536x749.png 1536w" sizes="auto, (max-width: 1901px) 100vw, 1901px" />
<div class="wp-block-cover__inner-container is-layout-constrained wp-block-cover-is-layout-constrained">
<p class="has-text-align-center has-large-font-size"> </p>
</div>
</div>



<p>El projecte pretén millorar la comprensió dels estudiants de la dependència de la vida de l&#8217;aigua centrant-se en l&#8217;estudi dels ports i ciutats portuàries, la seva activitat i l&#8217;impacte ecològic. Desenvolupar un compromís personal amb la protecció dels oceans i els ecosistemes marins, fent-los conscients de la nostra responsabilitat pel desenvolupament sostenible. El projecte pretén implicar l&#8217;alumnat en la conservació del mar a través de diferents activitats que estudien els ports marítims, la contaminació que produeixen a conseqüència de les seves activitats, avaluacions de la qualitat de l&#8217;aigua i campanyes de sensibilització comunitària.</p>



<p><strong>Objectius</strong></p>



<ul class="wp-block-list">
<li><strong>Millorar la comprensió de l&#8217;impacte del sector marítim en el mar i les ciutats portuàries, estudiar com la regulació europea hauria d&#8217;ajudar a reduir les emissions de CO₂ de l&#8217;activitat portuària.</strong></li>



<li><strong>Sensibilitzar l&#8217;alumnat i la comunitat educativa sobre la responsabilitat de la protecció dels ecosistemes aquàtics, generant un compromís amb la conscienciació ecològica.</strong></li>



<li><strong>To encourage pupils to be active agents in promoting local changes to achieve a sustainable marine environment, through the study of the marine environment to deepen their understanding of it as a way to involve pupils in its defence.</strong></li>
</ul>



<div class="wp-block-getwid-image-box has-text-center has-mobile-layout-default has-mobile-alignment-default">
<div class="wp-block-getwid-image-box__image-container is-position-top">
<div class="wp-block-getwid-image-box__image-wrapper"><img loading="lazy" decoding="async" width="1644" height="720" class="wp-block-getwid-image-box__image wp-image-5694" src="https://agora.xtec.cat/iespauclaris/wp-content/uploads/usu835/2024/09/OceanMission_banner_02-2.png" alt="" srcset="https://agora.xtec.cat/iespauclaris/wp-content/uploads/usu835/2024/09/OceanMission_banner_02-2.png 1644w, https://agora.xtec.cat/iespauclaris/wp-content/uploads/usu835/2024/09/OceanMission_banner_02-2-300x131.png 300w, https://agora.xtec.cat/iespauclaris/wp-content/uploads/usu835/2024/09/OceanMission_banner_02-2-1024x448.png 1024w, https://agora.xtec.cat/iespauclaris/wp-content/uploads/usu835/2024/09/OceanMission_banner_02-2-768x336.png 768w, https://agora.xtec.cat/iespauclaris/wp-content/uploads/usu835/2024/09/OceanMission_banner_02-2-1536x673.png 1536w" sizes="auto, (max-width: 1644px) 100vw, 1644px" /></div>
</div>
<div class="wp-block-getwid-image-box__content">
<h3 class="wp-block-heading"> </h3>



<p>&nbsp;</p>



<figure class="wp-block-gallery has-nested-images columns-default is-cropped wp-block-gallery-1 is-layout-flex wp-block-gallery-is-layout-flex">
<figure class="wp-block-image size-large"><a href="https://agora.xtec.cat/iespauclaris/wp-content/uploads/usu835/2024/09/logos-Probleu.jpg"><img loading="lazy" decoding="async" width="1024" height="203" class="wp-image-5703" src="https://agora.xtec.cat/iespauclaris/wp-content/uploads/usu835/2024/09/logos-Probleu-1024x203.jpg" alt="" srcset="https://agora.xtec.cat/iespauclaris/wp-content/uploads/usu835/2024/09/logos-Probleu-1024x203.jpg 1024w, https://agora.xtec.cat/iespauclaris/wp-content/uploads/usu835/2024/09/logos-Probleu-300x59.jpg 300w, https://agora.xtec.cat/iespauclaris/wp-content/uploads/usu835/2024/09/logos-Probleu-768x152.jpg 768w, https://agora.xtec.cat/iespauclaris/wp-content/uploads/usu835/2024/09/logos-Probleu.jpg 1190w" sizes="auto, (max-width: 1024px) 100vw, 1024px" /></a></figure>
</figure>
</div>
</div>

<p><a href="https://sites.google.com/iespauclaris.org/programaproblue/p%C3%A0gina-principal" target="_blank" rel="noopener"></a><br />
<a href="https://sites.google.com/iespauclaris.org/programaproblue/p%C3%A0gina-principal" target="_blank" rel="noopener">ENLLAÇ WEB PROBLEU CENTRE</a></p>
<p>&nbsp;</p>
<p> </p>
<p>El projecte pretén millorar la comprensió dels estudiants de la dependència de la vida de l&#8217;aigua centrant-se en l&#8217;estudi dels ports i ciutats portuàries, la seva activitat i l&#8217;impacte ecològic. Desenvolupar un compromís personal amb la&hellip;  <a href="https://agora.xtec.cat/iespauclaris/pro/probleu/" title="Read Probleu">Llegeix més»</a></p>
