{"id":5673,"date":"2024-09-22T11:09:57","date_gmt":"2024-09-22T09:09:57","guid":{"rendered":"https:\/\/agora.xtec.cat\/iespauclaris\/?page_id=5673"},"modified":"2025-07-21T12:09:55","modified_gmt":"2025-07-21T10:09:55","slug":"fes-te-soci-a","status":"publish","type":"page","link":"https:\/\/agora.xtec.cat\/iespauclaris\/afa\/fes-te-soci-a\/","title":{"rendered":"Fes-te soci\/a"},"content":{"rendered":"<p>Ajuda&#8217;ns a treballar per a la millora educativa, l&#8217;organitzaci\u00f3 d&#8217;esdeveniments de cohesi\u00f3 de fam\u00edlies i la participaci\u00f3 en les activitats del centre.<\/p>\n<p>Fes-te soci\/s\u00f2cia (<a href=\"https:\/\/docs.google.com\/forms\/d\/e\/1FAIpQLSdFMVBM3lN07pQ5Y3q9ZQuDyaeZKZrjer3OnGvYg1UMNRT14A\/viewform\">enlla\u00e7 al formulari d\u2019alta<\/a>)<\/p>\n<p>&nbsp;<\/p>\n<p><a href=\"https:\/\/docs.google.com\/forms\/d\/e\/1FAIpQLSdFMVBM3lN07pQ5Y3q9ZQuDyaeZKZrjer3OnGvYg1UMNRT14A\/viewform\" target=\"_blank\" rel=\"noopener\"><img loading=\"lazy\" decoding=\"async\" class=\"aligncenter wp-image-5674 size-full\" src=\"https:\/\/agora.xtec.cat\/iespauclaris\/wp-content\/uploads\/usu835\/2024\/09\/descarga-soci.png\" alt=\"\" width=\"287\" height=\"175\" \/><\/a><\/p>\n","protected":false},"excerpt":{"rendered":"<p>Ajuda&#8217;ns a treballar per a la millora educativa, l&#8217;organitzaci\u00f3 d&#8217;esdeveniments de cohesi\u00f3 de fam\u00edlies i la participaci\u00f3 en les activitats del centre.<br \/>\nFes-te soci\/s\u00f2cia (<a href=\"https:\/\/docs.google.com\/forms\/d\/e\/1FAIpQLSdFMVBM3lN07pQ5Y3q9ZQuDyaeZKZrjer3OnGvYg1UMNRT14A\/viewform\">enlla\u00e7 al formulari d\u2019alta<\/a>)<br \/>\n&nbsp;<br \/>\n<a href=\"https:\/\/docs.google.com\/forms\/d\/e\/1FAIpQLSdFMVBM3lN07pQ5Y3q9ZQuDyaeZKZrjer3OnGvYg1UMNRT14A\/viewform\" target=\"_blank\" rel=\"noopener\"><\/a><\/p>\n","protected":false},"author":1,"featured_media":0,"parent":67,"menu_order":0,"comment_status":"closed","ping_status":"closed","template":"page-templates\/side-menu.php","meta":{"_bbp_topic_count":0,"_bbp_reply_count":0,"_bbp_total_topic_count":0,"_bbp_total_reply_count":0,"_bbp_voice_count":0,"_bbp_anonymous_reply_count":0,"_bbp_topic_count_hidden":0,"_bbp_reply_count_hidden":0,"_bbp_forum_subforum_count":0,"footnotes":""},"class_list":["post-5673","page","type-page","status-publish","hentry"],"post_mailing_queue_ids":[],"_links":{"self":[{"href":"https:\/\/agora.xtec.cat\/iespauclaris\/wp-json\/wp\/v2\/pages\/5673","targetHints":{"allow":["GET"]}}],"collection":[{"href":"https:\/\/agora.xtec.cat\/iespauclaris\/wp-json\/wp\/v2\/pages"}],"about":[{"href":"https:\/\/agora.xtec.cat\/iespauclaris\/wp-json\/wp\/v2\/types\/page"}],"author":[{"embeddable":true,"href":"https:\/\/agora.xtec.cat\/iespauclaris\/wp-json\/wp\/v2\/users\/1"}],"replies":[{"embeddable":true,"href":"https:\/\/agora.xtec.cat\/iespauclaris\/wp-json\/wp\/v2\/comments?post=5673"}],"version-history":[{"count":4,"href":"https:\/\/agora.xtec.cat\/iespauclaris\/wp-json\/wp\/v2\/pages\/5673\/revisions"}],"predecessor-version":[{"id":7382,"href":"https:\/\/agora.xtec.cat\/iespauclaris\/wp-json\/wp\/v2\/pages\/5673\/revisions\/7382"}],"up":[{"embeddable":true,"href":"https:\/\/agora.xtec.cat\/iespauclaris\/wp-json\/wp\/v2\/pages\/67"}],"wp:attachment":[{"href":"https:\/\/agora.xtec.cat\/iespauclaris\/wp-json\/wp\/v2\/media?parent=5673"}],"curies":[{"name":"wp","href":"https:\/\/api.w.org\/{rel}","templated":true}]}}