{"id":5643,"date":"2024-09-21T12:14:38","date_gmt":"2024-09-21T10:14:38","guid":{"rendered":"https:\/\/agora.xtec.cat\/iespauclaris\/?page_id=5643"},"modified":"2025-08-20T17:22:57","modified_gmt":"2025-08-20T15:22:57","slug":"organitzacio-afa","status":"publish","type":"page","link":"https:\/\/agora.xtec.cat\/iespauclaris\/afa\/organitzacio-afa\/","title":{"rendered":"Organitzaci\u00f3 AFA"},"content":{"rendered":"<p><strong>Qui som<\/strong><\/p>\n<p>L\u2019AFA \u00e9s l\u2019\u00f2rgan de participaci\u00f3 de les fam\u00edlies a l\u2019Institut.<\/p>\n<p>Com a Associaci\u00f3 de Fam\u00edlies som una entitat, sense \u00e0nim de lucre, formada per mares, pares i tutors legals dels alumnes del Pau Claris. Som una Associaci\u00f3 oberta a totes les fam\u00edlies de l\u2019Institut i a les seves propostes.<\/p>\n<p>La nostra finalitat \u00e9s promocionar la \u00a0coordinaci\u00f3, relaci\u00f3 i participaci\u00f3 de les fam\u00edlies amb l\u2019Institut, el barri i la Comunitat Educativa en general.<\/p>\n<p>Som persones que, de forma volunt\u00e0ria, col\u00b7laborem perqu\u00e8 funcionin alguns dels serveis de l\u2019Institut com s\u00f3n les activitats extraescolars, el menjador, etc. Tamb\u00e9 organitzem activitats de formaci\u00f3 o de lleure com ara \u00a0xerrades, tallers, festes o sortides.<\/p>\n<p>Som una Associaci\u00f3 compromesa amb les relacions en xarxa de la Comunitat Educativa a la qual pertanyem. Fomentem la comunicaci\u00f3 entre el nostre centre, les escoles adscrites i els instituts ve\u00efns per tal d\u2019afavorir la creaci\u00f3 de xarxes que ens permeten aprofitar recursos i evitin la competitivitat entre centres generant\u00a0 un espai de col\u00b7laboraci\u00f3 amb les AFAs i AMPAs.<\/p>\n<p><strong>Com ens organitzem<\/strong><\/p>\n<p>L\u2019\u00f2rgan de govern de l\u2019Associaci\u00f3 \u00e9s\u00a0 la Junta. Aquesta regeix, administra i representa l\u2019Associaci\u00f3 i est\u00e0 formada pel president, el vicepresident, el secretari, el tresorer i els vocals.<\/p>\n<p>L\u2019elecci\u00f3 dels membres de la Junta, que han de ser socis, es fa per votaci\u00f3 de\u00a0<strong>l\u2019Assemblea General<\/strong>\u00a0que \u00e9s\u00a0<strong>l\u2019\u00f2rgan sobir\u00e0<\/strong>\u00a0de l\u2019Associaci\u00f3.<\/p>\n<p>Estem organitzats en comissions o grups de treball, dedicats a una tasca concreta. Cada grup de treball t\u00e9 un vocal a la junta.<\/p>\n<p>L\u2019AFA t\u00e9 un representant en el Consell Escolar del centre.<\/p>\n<p>L\u2019Assemblea General es reuneix com a m\u00ednim una vegada a l\u2019any.<\/p>\n<p>La Junta es reuneix una vegada al mes en reunions obertes a tots els pares i mares de l\u2019Institut.<\/p>\n<p><strong>Qu\u00e8 fem?<\/strong><\/p>\n<div class=\"wp-block-image\">\n<figure class=\"alignright\"><img loading=\"lazy\" decoding=\"async\" class=\"wp-image-707\" src=\"https:\/\/afapauclaris.macoconsultora.com\/wp-content\/uploads\/2016\/10\/Objectius-e1492721505959-162x300.jpg\" sizes=\"auto, (max-width: 162px) 100vw, 162px\" srcset=\"https:\/\/afapauclaris.cat\/wp-content\/uploads\/2016\/10\/Objectius-e1492721505959-162x300.jpg 162w, https:\/\/afapauclaris.cat\/wp-content\/uploads\/2016\/10\/Objectius-e1492721505959.jpg 540w\" alt=\"\" width=\"162\" height=\"300\" \/><\/figure>\n<\/div>\n<p>El nostre objectiu general \u00e9s crear lligams tant entre les fam\u00edlies de l\u2019Institut com amb la totalitat de la Comunitat Educativa del centre i del barri per tal d\u2019aconseguir una millora en la qualitat educativa dels nostres fills\/es.<\/p>\n<p>El projecte de l\u2019AFA es reflecteix en els seg\u00fcents objectius:<\/p>\n<p><strong>Interns:<\/strong><\/p>\n<ul class=\"wp-block-list\">\n<li>Aconseguir que el Centre sigui referent (tamb\u00e9 en horari extra-lectiu) per als alumnes a trav\u00e9s d\u2019activitats atractives i inclusives (vetllant perqu\u00e8 el factor econ\u00f2mic no en sigui un impediment).<\/li>\n<li>Aconseguir atraure les fam\u00edlies de l\u2019Institut a la din\u00e0mica participativa de l\u2019AFA i involucrar-les tant en l\u2019aportaci\u00f3 d\u2019idees de noves activitats, com en la participaci\u00f3 en les ja existents.<\/li>\n<\/ul>\n<p><strong>Externs:<\/strong><\/p>\n<ul class=\"wp-block-list\">\n<li>Esdevenir uns dels interlocutors de refer\u00e8ncia pel que fa a la Comunitat Educativa de l\u2019entorn territorial de l\u2019Institut, tant per a la zona de l\u2019Eixample que \u00e9s ve\u00efna f\u00edsica de l\u2019Institut i que inclouria les escoles Fort Pienc, Carlit i Encants, que el tenen adscrit; com per a la zona de Ciutat Vella que tradicionalment ha estat adscrita al centre com s\u00f3n les escoles Pere Vila, Cervantes, Baixares i Parc de la Ciutadella, establint nous lligams i refor\u00e7ant els existents.<\/li>\n<li>Generar un espai de col\u00b7laboraci\u00f3 amb les AFAs dels Instituts del nostre entorn (Verdaguer i Fort Pius) i amb les AMPAs de les escoles adscrites promovent les relacions en xarxa de tota la comunitat.<\/li>\n<\/ul>\n<div class=\"post-wrap\">\n<div class=\"post-content entry-content\">\n<p><strong>En aquesta p\u00e0gina hi trobareu els documents que regeixen l\u2019activitat de l\u2019AFA i altres documents d\u2019inter\u00e8s.<\/strong><\/p>\n<\/div>\n<p><a href=\"https:\/\/drive.google.com\/file\/d\/1ZT4iZWRqEpP1942t0W4vgTEUI3eP4xTr\/view?usp=sharing\">Acta fundacional de l\u2019AFA Pau Claris<\/a><\/p>\n<p><a href=\"https:\/\/drive.google.com\/file\/d\/1JhuSl_eZfUVQTLNkRbF-je6JE9VXM8-Q\/view?usp=sharing\">Estatuts de l\u2019AFA Pau Claris<\/a><\/p>\n<\/div>\n<div class=\"post-wrap\">\n<div class=\"post-content entry-content\">\n<p>&nbsp;<\/p>\n<\/div>\n<\/div>\n<p class=\"has-text-align-center has-large-font-size\">\n","protected":false},"excerpt":{"rendered":"<p>Qui som<br \/>\nL\u2019AFA \u00e9s l\u2019\u00f2rgan de participaci\u00f3 de les fam\u00edlies a l\u2019Institut.<br \/>\nCom a Associaci\u00f3 de Fam\u00edlies som una entitat, sense \u00e0nim de lucre, formada per mares, pares i tutors legals dels alumnes del Pau Claris. Som una Associaci\u00f3 oberta a totes les fam\u00edlies de l\u2019Institut i&hellip;  <a href=\"https:\/\/agora.xtec.cat\/iespauclaris\/afa\/organitzacio-afa\/\" title=\"Read Organitzaci\u00f3 AFA\">Llegeix m\u00e9s\u00bb<\/a><\/p>\n","protected":false},"author":1,"featured_media":0,"parent":67,"menu_order":1,"comment_status":"closed","ping_status":"closed","template":"page-templates\/side-menu.php","meta":{"_bbp_topic_count":0,"_bbp_reply_count":0,"_bbp_total_topic_count":0,"_bbp_total_reply_count":0,"_bbp_voice_count":0,"_bbp_anonymous_reply_count":0,"_bbp_topic_count_hidden":0,"_bbp_reply_count_hidden":0,"_bbp_forum_subforum_count":0,"footnotes":""},"class_list":["post-5643","page","type-page","status-publish","hentry"],"post_mailing_queue_ids":[],"_links":{"self":[{"href":"https:\/\/agora.xtec.cat\/iespauclaris\/wp-json\/wp\/v2\/pages\/5643","targetHints":{"allow":["GET"]}}],"collection":[{"href":"https:\/\/agora.xtec.cat\/iespauclaris\/wp-json\/wp\/v2\/pages"}],"about":[{"href":"https:\/\/agora.xtec.cat\/iespauclaris\/wp-json\/wp\/v2\/types\/page"}],"author":[{"embeddable":true,"href":"https:\/\/agora.xtec.cat\/iespauclaris\/wp-json\/wp\/v2\/users\/1"}],"replies":[{"embeddable":true,"href":"https:\/\/agora.xtec.cat\/iespauclaris\/wp-json\/wp\/v2\/comments?post=5643"}],"version-history":[{"count":4,"href":"https:\/\/agora.xtec.cat\/iespauclaris\/wp-json\/wp\/v2\/pages\/5643\/revisions"}],"predecessor-version":[{"id":7397,"href":"https:\/\/agora.xtec.cat\/iespauclaris\/wp-json\/wp\/v2\/pages\/5643\/revisions\/7397"}],"up":[{"embeddable":true,"href":"https:\/\/agora.xtec.cat\/iespauclaris\/wp-json\/wp\/v2\/pages\/67"}],"wp:attachment":[{"href":"https:\/\/agora.xtec.cat\/iespauclaris\/wp-json\/wp\/v2\/media?parent=5643"}],"curies":[{"name":"wp","href":"https:\/\/api.w.org\/{rel}","templated":true}]}}

Organització AFA

<p><strong>Qui som</strong></p>
<p>L’AFA és l’òrgan de participació de les famílies a l’Institut.</p>
<p>Com a Associació de Famílies som una entitat, sense ànim de lucre, formada per mares, pares i tutors legals dels alumnes del Pau Claris. Som una Associació oberta a totes les famílies de l’Institut i a les seves propostes.</p>
<p>La nostra finalitat és promocionar la  coordinació, relació i participació de les famílies amb l’Institut, el barri i la Comunitat Educativa en general.</p>
<p>Som persones que, de forma voluntària, col·laborem perquè funcionin alguns dels serveis de l’Institut com són les activitats extraescolars, el menjador, etc. També organitzem activitats de formació o de lleure com ara  xerrades, tallers, festes o sortides.</p>
<p>Som una Associació compromesa amb les relacions en xarxa de la Comunitat Educativa a la qual pertanyem. Fomentem la comunicació entre el nostre centre, les escoles adscrites i els instituts veïns per tal d’afavorir la creació de xarxes que ens permeten aprofitar recursos i evitin la competitivitat entre centres generant  un espai de col·laboració amb les AFAs i AMPAs.</p>
<p><strong>Com ens organitzem</strong></p>
<p>L’òrgan de govern de l’Associació és  la Junta. Aquesta regeix, administra i representa l’Associació i està formada pel president, el vicepresident, el secretari, el tresorer i els vocals.</p>
<p>L’elecció dels membres de la Junta, que han de ser socis, es fa per votació de <strong>l’Assemblea General</strong> que és <strong>l’òrgan sobirà</strong> de l’Associació.</p>
<p>Estem organitzats en comissions o grups de treball, dedicats a una tasca concreta. Cada grup de treball té un vocal a la junta.</p>
<p>L’AFA té un representant en el Consell Escolar del centre.</p>
<p>L’Assemblea General es reuneix com a mínim una vegada a l’any.</p>
<p>La Junta es reuneix una vegada al mes en reunions obertes a tots els pares i mares de l’Institut.</p>
<p><strong>Què fem?</strong></p>
<div class="wp-block-image">
<figure class="alignright"><img loading="lazy" decoding="async" class="wp-image-707" src="https://afapauclaris.macoconsultora.com/wp-content/uploads/2016/10/Objectius-e1492721505959-162x300.jpg" sizes="auto, (max-width: 162px) 100vw, 162px" srcset="https://afapauclaris.cat/wp-content/uploads/2016/10/Objectius-e1492721505959-162x300.jpg 162w, https://afapauclaris.cat/wp-content/uploads/2016/10/Objectius-e1492721505959.jpg 540w" alt="" width="162" height="300" /></figure>
</div>
<p>El nostre objectiu general és crear lligams tant entre les famílies de l’Institut com amb la totalitat de la Comunitat Educativa del centre i del barri per tal d’aconseguir una millora en la qualitat educativa dels nostres fills/es.</p>
<p>El projecte de l’AFA es reflecteix en els següents objectius:</p>
<p><strong>Interns:</strong></p>
<ul class="wp-block-list">
<li>Aconseguir que el Centre sigui referent (també en horari extra-lectiu) per als alumnes a través d’activitats atractives i inclusives (vetllant perquè el factor econòmic no en sigui un impediment).</li>
<li>Aconseguir atraure les famílies de l’Institut a la dinàmica participativa de l’AFA i involucrar-les tant en l’aportació d’idees de noves activitats, com en la participació en les ja existents.</li>
</ul>
<p><strong>Externs:</strong></p>
<ul class="wp-block-list">
<li>Esdevenir uns dels interlocutors de referència pel que fa a la Comunitat Educativa de l’entorn territorial de l’Institut, tant per a la zona de l’Eixample que és veïna física de l’Institut i que inclouria les escoles Fort Pienc, Carlit i Encants, que el tenen adscrit; com per a la zona de Ciutat Vella que tradicionalment ha estat adscrita al centre com són les escoles Pere Vila, Cervantes, Baixares i Parc de la Ciutadella, establint nous lligams i reforçant els existents.</li>
<li>Generar un espai de col·laboració amb les AFAs dels Instituts del nostre entorn (Verdaguer i Fort Pius) i amb les AMPAs de les escoles adscrites promovent les relacions en xarxa de tota la comunitat.</li>
</ul>
<div class="post-wrap">
<div class="post-content entry-content">
<p><strong>En aquesta pàgina hi trobareu els documents que regeixen l’activitat de l’AFA i altres documents d’interès.</strong></p>
</div>
<p><a href="https://drive.google.com/file/d/1ZT4iZWRqEpP1942t0W4vgTEUI3eP4xTr/view?usp=sharing">Acta fundacional de l’AFA Pau Claris</a></p>
<p><a href="https://drive.google.com/file/d/1JhuSl_eZfUVQTLNkRbF-je6JE9VXM8-Q/view?usp=sharing">Estatuts de l’AFA Pau Claris</a></p>
</div>
<div class="post-wrap">
<div class="post-content entry-content">
<p>&nbsp;</p>
</div>
</div>
<p class="has-text-align-center has-large-font-size">

<p>Qui som<br />
L’AFA és l’òrgan de participació de les famílies a l’Institut.<br />
Com a Associació de Famílies som una entitat, sense ànim de lucre, formada per mares, pares i tutors legals dels alumnes del Pau Claris. Som una Associació oberta a totes les famílies de l’Institut i&hellip;  <a href="https://agora.xtec.cat/iespauclaris/afa/organitzacio-afa/" title="Read Organització AFA">Llegeix més»</a></p>
