{"id":5632,"date":"2024-09-21T11:40:36","date_gmt":"2024-09-21T09:40:36","guid":{"rendered":"https:\/\/agora.xtec.cat\/iespauclaris\/?page_id=5632"},"modified":"2025-10-20T10:25:29","modified_gmt":"2025-10-20T08:25:29","slug":"extraescolars","status":"publish","type":"page","link":"https:\/\/agora.xtec.cat\/iespauclaris\/afa\/extraescolars\/","title":{"rendered":"Extraescolars"},"content":{"rendered":"<p>Les activitats extraescolars es porten a terme fora de l\u2019horari lectiu i amb l\u2019objectiu de complementar-lo, sempre seguint la l\u00ednia pedag\u00f2gica de l\u2019Institut. Contribueixen a despertar inquietuds, millorar els coneixements en diferents \u00e0rees, fomentar la creativitat, refor\u00e7ar valors i afavorir la cohesi\u00f3 social en un ambient m\u00e9s dist\u00e8s, sense oblidar la seva qualitat formativa. Us presentem a continuaci\u00f3 i amb molta il\u00b7lusi\u00f3 la proposta d\u2019activitats extraescolars pel curs 2025-2026. Enguany ampliem de nou l\u2019oferta intentant respondre a les demandes que els nois i noies ens van fer a trav\u00e9s d\u2019una enquesta i tamb\u00e9 gr\u00e0cies al Pla de Barris podem oferir les activitats gratu\u00eftes Extra! Extra!\u00a0<\/p>\r\n<p>Podeu consultar tota l&#8217;oferta i condicions en aquest document:<\/p>\r\n<p style=\"text-align: center;\"><strong><a href=\"https:\/\/agora.xtec.cat\/iespauclaris\/wp-content\/uploads\/usu835\/2025\/07\/Document-extraescolars-per-pujar-al-web-2025-2026.pdf\">Document extraescolars 2025-2026<\/a><\/strong><\/p>\r\n<p>Les <strong>inscripcions\u00a0<\/strong><span style=\"font-weight: 400;\">a piscina, cuines del m\u00f3n, laboratori d\u2019arts, joves periodistes i Extra! Extra! (teatre musical, dansa urbana, audiovisual comunitari, taller de rap)\u00a0<\/span><strong>s\u2019han de fer de forma digital mitjan\u00e7ant el <a href=\"https:\/\/docs.google.com\/forms\/d\/e\/1FAIpQLSd7mq9K2ksPkU6hRrC9sdZORyNMwH576UhbJ4X7Kvglm-2Ilg\/viewform\" target=\"_blank\" rel=\"noopener\">seg\u00fcent formulari<\/a><\/strong><\/p>\r\n<p><strong>Si s\u00f3n activitats del Convivim Esportivament, ompliu <a href=\"https:\/\/panel.feeb.cat\/alta-alumnos\/o6QnfmkkaXtzDZMkKVVQWQ_p0r_3D_p0r_3D\">aquest formulari<\/a> <\/strong><\/p>\r\n<p>La inscripci\u00f3 a la\u00a0<strong>Gimn\u00e0stica R\u00edtmica cal fer-la directament al web del\u00a0<a href=\"https:\/\/clubesportiubarna.com\/?page_id=30\">Club Esportiu Barna<\/a><\/strong>.<\/p>\r\n<p>Totes les activitats estan subjectes al fet que hi hagi un nombre m\u00ednim d\u2019inscripcions. Algunes activitats tamb\u00e9 tenen un nombre m\u00e0xim de participants. Si es supera es farien llistes d\u2019espera.<\/p>\r\n<p><span style=\"font-weight: 400;\">Recordeu que si sou una fam\u00edlia s\u00f2cia de l\u2019AFA teniu descompte en totes les activitats! <\/span><a href=\"https:\/\/docs.google.com\/forms\/d\/e\/1FAIpQLSdFMVBM3lN07pQ5Y3q9ZQuDyaeZKZrjer3OnGvYg1UMNRT14A\/viewform?usp=sharing&amp;ouid=117394839136750403645\"><b>Formulari s\u00f2cia<\/b><\/a><\/p>\r\n\r\n<p data-wp-interactive=\"core\/file\">&nbsp;<\/p>\r\n","protected":false},"excerpt":{"rendered":"<p>Les activitats extraescolars es porten a terme fora de l\u2019horari lectiu i amb l\u2019objectiu de complementar-lo, sempre seguint la l\u00ednia pedag\u00f2gica de l\u2019Institut. Contribueixen a despertar inquietuds, millorar els coneixements en diferents \u00e0rees, fomentar la creativitat, refor\u00e7ar valors i afavorir la cohesi\u00f3 social en un&hellip;  <a href=\"https:\/\/agora.xtec.cat\/iespauclaris\/afa\/extraescolars\/\" title=\"Read Extraescolars\">Llegeix m\u00e9s\u00bb<\/a><\/p>\n","protected":false},"author":1,"featured_media":0,"parent":67,"menu_order":0,"comment_status":"closed","ping_status":"closed","template":"page-templates\/side-menu.php","meta":{"_bbp_topic_count":0,"_bbp_reply_count":0,"_bbp_total_topic_count":0,"_bbp_total_reply_count":0,"_bbp_voice_count":0,"_bbp_anonymous_reply_count":0,"_bbp_topic_count_hidden":0,"_bbp_reply_count_hidden":0,"_bbp_forum_subforum_count":0,"footnotes":""},"class_list":["post-5632","page","type-page","status-publish","hentry"],"post_mailing_queue_ids":[],"_links":{"self":[{"href":"https:\/\/agora.xtec.cat\/iespauclaris\/wp-json\/wp\/v2\/pages\/5632","targetHints":{"allow":["GET"]}}],"collection":[{"href":"https:\/\/agora.xtec.cat\/iespauclaris\/wp-json\/wp\/v2\/pages"}],"about":[{"href":"https:\/\/agora.xtec.cat\/iespauclaris\/wp-json\/wp\/v2\/types\/page"}],"author":[{"embeddable":true,"href":"https:\/\/agora.xtec.cat\/iespauclaris\/wp-json\/wp\/v2\/users\/1"}],"replies":[{"embeddable":true,"href":"https:\/\/agora.xtec.cat\/iespauclaris\/wp-json\/wp\/v2\/comments?post=5632"}],"version-history":[{"count":6,"href":"https:\/\/agora.xtec.cat\/iespauclaris\/wp-json\/wp\/v2\/pages\/5632\/revisions"}],"predecessor-version":[{"id":7519,"href":"https:\/\/agora.xtec.cat\/iespauclaris\/wp-json\/wp\/v2\/pages\/5632\/revisions\/7519"}],"up":[{"embeddable":true,"href":"https:\/\/agora.xtec.cat\/iespauclaris\/wp-json\/wp\/v2\/pages\/67"}],"wp:attachment":[{"href":"https:\/\/agora.xtec.cat\/iespauclaris\/wp-json\/wp\/v2\/media?parent=5632"}],"curies":[{"name":"wp","href":"https:\/\/api.w.org\/{rel}","templated":true}]}}

<p>Les activitats extraescolars es porten a terme fora de l’horari lectiu i amb l’objectiu de complementar-lo, sempre seguint la línia pedagògica de l’Institut. Contribueixen a despertar inquietuds, millorar els coneixements en diferents àrees, fomentar la creativitat, reforçar valors i afavorir la cohesió social en un ambient més distès, sense oblidar la seva qualitat formativa. Us presentem a continuació i amb molta il·lusió la proposta d’activitats extraescolars pel curs 2025-2026. Enguany ampliem de nou l’oferta intentant respondre a les demandes que els nois i noies ens van fer a través d’una enquesta i també gràcies al Pla de Barris podem oferir les activitats gratuïtes Extra! Extra! </p>
<p>Podeu consultar tota l&#8217;oferta i condicions en aquest document:</p>
<p style="text-align: center;"><strong><a href="https://agora.xtec.cat/iespauclaris/wp-content/uploads/usu835/2025/07/Document-extraescolars-per-pujar-al-web-2025-2026.pdf">Document extraescolars 2025-2026</a></strong></p>
<p>Les <strong>inscripcions </strong><span style="font-weight: 400;">a piscina, cuines del món, laboratori d’arts, joves periodistes i Extra! Extra! (teatre musical, dansa urbana, audiovisual comunitari, taller de rap) </span><strong>s’han de fer de forma digital mitjançant el <a href="https://docs.google.com/forms/d/e/1FAIpQLSd7mq9K2ksPkU6hRrC9sdZORyNMwH576UhbJ4X7Kvglm-2Ilg/viewform" target="_blank" rel="noopener">següent formulari</a></strong></p>
<p><strong>Si són activitats del Convivim Esportivament, ompliu <a href="https://panel.feeb.cat/alta-alumnos/o6QnfmkkaXtzDZMkKVVQWQ_p0r_3D_p0r_3D">aquest formulari</a> </strong></p>
<p>La inscripció a la <strong>Gimnàstica Rítmica cal fer-la directament al web del <a href="https://clubesportiubarna.com/?page_id=30">Club Esportiu Barna</a></strong>.</p>
<p>Totes les activitats estan subjectes al fet que hi hagi un nombre mínim d’inscripcions. Algunes activitats també tenen un nombre màxim de participants. Si es supera es farien llistes d’espera.</p>
<p><span style="font-weight: 400;">Recordeu que si sou una família sòcia de l’AFA teniu descompte en totes les activitats! </span><a href="https://docs.google.com/forms/d/e/1FAIpQLSdFMVBM3lN07pQ5Y3q9ZQuDyaeZKZrjer3OnGvYg1UMNRT14A/viewform?usp=sharing&amp;ouid=117394839136750403645"><b>Formulari sòcia</b></a></p>

<p data-wp-interactive="core/file">&nbsp;</p>

<p>Les activitats extraescolars es porten a terme fora de l’horari lectiu i amb l’objectiu de complementar-lo, sempre seguint la línia pedagògica de l’Institut. Contribueixen a despertar inquietuds, millorar els coneixements en diferents àrees, fomentar la creativitat, reforçar valors i afavorir la cohesió social en un&hellip;  <a href="https://agora.xtec.cat/iespauclaris/afa/extraescolars/" title="Read Extraescolars">Llegeix més»</a></p>
