{"id":5341,"date":"2024-04-15T15:22:41","date_gmt":"2024-04-15T13:22:41","guid":{"rendered":"https:\/\/agora.xtec.cat\/iespauclaris\/?page_id=5341"},"modified":"2024-04-15T15:29:45","modified_gmt":"2024-04-15T13:29:45","slug":"projecte-linguistic-de-centre-plc","status":"publish","type":"page","link":"https:\/\/agora.xtec.cat\/iespauclaris\/ins\/pec\/projecte-linguistic-de-centre-plc\/","title":{"rendered":"Projecte ling\u00fc\u00edstic de centre (PLC)"},"content":{"rendered":"<p>El projecte ling\u00fc\u00edstic de centre (<a href=\"https:\/\/drive.google.com\/file\/d\/1g_Le-Fpqduh_VFEY64HIJaqvo3Qq0mmX\/view?usp=drive_link\" target=\"_blank\" rel=\"noopener\">PLC<\/a>) est\u00e0 concretat en el <a href=\"https:\/\/drive.google.com\/file\/d\/1fAR-knTw18PvjsSBfyy5pVTuA38XMzHB\/view?usp=drive_link\" target=\"_blank\" rel=\"noopener\">PEC<\/a>, at\u00e8s la continua revisi\u00f3 del PLC s&#8217;ha afegit un document annex amb l&#8217;\u00faltima actualitzaci\u00f3 i \u00e9s un objectiu del centre la seva revisi\u00f3 anual.<\/p>\n<p><a href=\"https:\/\/agora.xtec.cat\/iespauclaris\/wp-content\/uploads\/usu835\/2024\/04\/imagesPLC.png\"><img loading=\"lazy\" decoding=\"async\" class=\"alignleft size-full wp-image-5343\" src=\"https:\/\/agora.xtec.cat\/iespauclaris\/wp-content\/uploads\/usu835\/2024\/04\/imagesPLC.png\" alt=\"\" width=\"225\" height=\"225\" srcset=\"https:\/\/agora.xtec.cat\/iespauclaris\/wp-content\/uploads\/usu835\/2024\/04\/imagesPLC.png 225w, https:\/\/agora.xtec.cat\/iespauclaris\/wp-content\/uploads\/usu835\/2024\/04\/imagesPLC-150x150.png 150w\" sizes=\"auto, (max-width: 225px) 100vw, 225px\" \/><\/a><\/p>\n","protected":false},"excerpt":{"rendered":"<p>El projecte ling\u00fc\u00edstic de centre (<a href=\"https:\/\/drive.google.com\/file\/d\/1g_Le-Fpqduh_VFEY64HIJaqvo3Qq0mmX\/view?usp=drive_link\" target=\"_blank\" rel=\"noopener\">PLC<\/a>) est\u00e0 concretat en el <a href=\"https:\/\/drive.google.com\/file\/d\/1fAR-knTw18PvjsSBfyy5pVTuA38XMzHB\/view?usp=drive_link\" target=\"_blank\" rel=\"noopener\">PEC<\/a>, at\u00e8s la continua revisi\u00f3 del PLC s&#8217;ha afegit un document annex amb l&#8217;\u00faltima actualitzaci\u00f3 i \u00e9s un objectiu del centre la seva revisi\u00f3 anual.<br \/>\n<a href=\"https:\/\/agora.xtec.cat\/iespauclaris\/wp-content\/uploads\/usu835\/2024\/04\/imagesPLC.png\"><\/a><\/p>\n","protected":false},"author":1,"featured_media":0,"parent":39,"menu_order":1,"comment_status":"closed","ping_status":"closed","template":"page-templates\/side-menu.php","meta":{"_bbp_topic_count":0,"_bbp_reply_count":0,"_bbp_total_topic_count":0,"_bbp_total_reply_count":0,"_bbp_voice_count":0,"_bbp_anonymous_reply_count":0,"_bbp_topic_count_hidden":0,"_bbp_reply_count_hidden":0,"_bbp_forum_subforum_count":0,"footnotes":""},"class_list":["post-5341","page","type-page","status-publish","hentry"],"post_mailing_queue_ids":[],"_links":{"self":[{"href":"https:\/\/agora.xtec.cat\/iespauclaris\/wp-json\/wp\/v2\/pages\/5341","targetHints":{"allow":["GET"]}}],"collection":[{"href":"https:\/\/agora.xtec.cat\/iespauclaris\/wp-json\/wp\/v2\/pages"}],"about":[{"href":"https:\/\/agora.xtec.cat\/iespauclaris\/wp-json\/wp\/v2\/types\/page"}],"author":[{"embeddable":true,"href":"https:\/\/agora.xtec.cat\/iespauclaris\/wp-json\/wp\/v2\/users\/1"}],"replies":[{"embeddable":true,"href":"https:\/\/agora.xtec.cat\/iespauclaris\/wp-json\/wp\/v2\/comments?post=5341"}],"version-history":[{"count":3,"href":"https:\/\/agora.xtec.cat\/iespauclaris\/wp-json\/wp\/v2\/pages\/5341\/revisions"}],"predecessor-version":[{"id":5345,"href":"https:\/\/agora.xtec.cat\/iespauclaris\/wp-json\/wp\/v2\/pages\/5341\/revisions\/5345"}],"up":[{"embeddable":true,"href":"https:\/\/agora.xtec.cat\/iespauclaris\/wp-json\/wp\/v2\/pages\/39"}],"wp:attachment":[{"href":"https:\/\/agora.xtec.cat\/iespauclaris\/wp-json\/wp\/v2\/media?parent=5341"}],"curies":[{"name":"wp","href":"https:\/\/api.w.org\/{rel}","templated":true}]}}

Projecte lingüístic de centre (PLC)

<p>El projecte lingüístic de centre (<a href="https://drive.google.com/file/d/1g_Le-Fpqduh_VFEY64HIJaqvo3Qq0mmX/view?usp=drive_link" target="_blank" rel="noopener">PLC</a>) està concretat en el <a href="https://drive.google.com/file/d/1fAR-knTw18PvjsSBfyy5pVTuA38XMzHB/view?usp=drive_link" target="_blank" rel="noopener">PEC</a>, atès la continua revisió del PLC s&#8217;ha afegit un document annex amb l&#8217;última actualització i és un objectiu del centre la seva revisió anual.</p>
<p><a href="https://agora.xtec.cat/iespauclaris/wp-content/uploads/usu835/2024/04/imagesPLC.png"><img loading="lazy" decoding="async" class="alignleft size-full wp-image-5343" src="https://agora.xtec.cat/iespauclaris/wp-content/uploads/usu835/2024/04/imagesPLC.png" alt="" width="225" height="225" srcset="https://agora.xtec.cat/iespauclaris/wp-content/uploads/usu835/2024/04/imagesPLC.png 225w, https://agora.xtec.cat/iespauclaris/wp-content/uploads/usu835/2024/04/imagesPLC-150x150.png 150w" sizes="auto, (max-width: 225px) 100vw, 225px" /></a></p>

<p>El projecte lingüístic de centre (<a href="https://drive.google.com/file/d/1g_Le-Fpqduh_VFEY64HIJaqvo3Qq0mmX/view?usp=drive_link" target="_blank" rel="noopener">PLC</a>) està concretat en el <a href="https://drive.google.com/file/d/1fAR-knTw18PvjsSBfyy5pVTuA38XMzHB/view?usp=drive_link" target="_blank" rel="noopener">PEC</a>, atès la continua revisió del PLC s&#8217;ha afegit un document annex amb l&#8217;última actualització i és un objectiu del centre la seva revisió anual.<br />
<a href="https://agora.xtec.cat/iespauclaris/wp-content/uploads/usu835/2024/04/imagesPLC.png"></a></p>
