{"id":4900,"date":"2023-12-13T08:40:02","date_gmt":"2023-12-13T07:40:02","guid":{"rendered":"https:\/\/agora.xtec.cat\/iespauclaris\/?page_id=4900"},"modified":"2023-12-13T13:31:47","modified_gmt":"2023-12-13T12:31:47","slug":"cete","status":"publish","type":"page","link":"https:\/\/agora.xtec.cat\/iespauclaris\/pro\/erasmus\/cete\/","title":{"rendered":"CETE+"},"content":{"rendered":"<p>l\u2019Institut Pau Claris hem format part del <strong>Consorci Europeu per a la transformaci\u00f3 Educativa <\/strong>(CETE+) des de l&#8217;equip del <strong>Microconsorci de l\u2019Acceleraci\u00f3 de la Transformaci\u00f3 Educativa<\/strong> (MATE). L\u2019objectiu del Laboratori de Transformaci\u00f3 Educativa \u00e9s crear una xarxa de col\u00b7laboraci\u00f3 en recerca i en la recollida d\u2019evid\u00e8ncies de qualitat educativa d\u2019altres models, fora del territori de l\u2019\u00e0mbit d\u2019acci\u00f3 del Departament d\u2019Educaci\u00f3. Aquest programa permetr\u00e0\u00a0als docents de l\u2019Institut Pau Claris fer mobilitats per establir les sinergies necess\u00e0ries per crear nou coneixement que pugui ser aplicat al centre educatiu.<\/p>\n<p>Adjuntem enlla\u00e7os a les p\u00e0gines web del MATE i del CETE+ on trobareu informaci\u00f3 sobre el projecte i els seus objectius generals i espec\u00edfics:<\/p>\n<ul>\n<li><a href=\"https:\/\/projectes.xtec.cat\/transformacioenxarxa\/consorci-ka120-escolar-erasmus-2021-2027\/\" target=\"_blank\" rel=\"noopener\" data-saferedirecturl=\"https:\/\/www.google.com\/url?q=https:\/\/projectes.xtec.cat\/transformacioenxarxa\/consorci-ka120-escolar-erasmus-2021-2027\/&amp;source=gmail&amp;ust=1634620739463000&amp;usg=AFQjCNF7nY5JFXH8VLVf9MUR4lMT1PBzZA\">Microconsorci de l\u2019Acceleraci\u00f3 de la Transformaci\u00f3 Educativa (MATE)<\/a><\/li>\n<li><a href=\"https:\/\/projectes.xtec.cat\/cete\/\" target=\"_blank\" rel=\"noopener\">CETE+<\/a><\/li>\n<\/ul>\n<p>Adjuntem enlla\u00e7os a diversos documents generats durant el projecte:<\/p>\n<ul>\n<li>Carpeta amb les <a href=\"https:\/\/drive.google.com\/drive\/folders\/1tCpxxkaE3a0WMQomHMRGMom16vWUIYfP\" target=\"_blank\" rel=\"noopener\">presentacions realitzades<\/a> per la difusi\u00f3, actuaci\u00f3, avaluaci\u00f3 i transfer\u00e8ncia del projecte.<\/li>\n<li>Carpeta amb el <a href=\"https:\/\/drive.google.com\/drive\/folders\/1O2V0_Icl8lSfwvzXF9PVON7HyGKCA4Zs?usp=sharing\" target=\"_blank\" rel=\"noopener\">pla d&#8217;acci\u00f3 del projecte<\/a>.<\/li>\n<li>Carpeta amb el <a href=\"https:\/\/drive.google.com\/drive\/folders\/1ypl4zYBxHfxqvSSdJYt4AYyIB8vnD7TO?usp=sharing\" target=\"_blank\" rel=\"noopener\">pla de difusi\u00f3 del projecte.<\/a><\/li>\n<li>Carpeta amb els <a href=\"https:\/\/drive.google.com\/drive\/folders\/12Sx9VjBshji6rqeC-tezsXtjnBFgSlHt?usp=sharing\" target=\"_blank\" rel=\"noopener\">materials creats durant el projecte<\/a>.<\/li>\n<\/ul>\n<p>Estem orgullosos de ser els guanyadors del disseny del logotip del projecte <a href=\"https:\/\/projectes.xtec.cat\/cete\/\" target=\"_blank\" rel=\"noopener\">CETE+<\/a> que podeu visualitzar en aquesta p\u00e0gina web. Podeu veure algunes not\u00edcies relacionades amb el projecte en aquest <a href=\"https:\/\/agora.xtec.cat\/iespauclaris\/?s=cete\" target=\"_blank\" rel=\"noopener\">enlla\u00e7<\/a>.<\/p>\n<p>&nbsp;<\/p>\n<table style=\"border-collapse: collapse; width: 100%;\">\n<tbody>\n<tr>\n<td style=\"width: 33%;\"><a href=\"https:\/\/projectes.xtec.cat\/cete\/\" target=\"_blank\" rel=\"noopener\"><img loading=\"lazy\" decoding=\"async\" class=\" wp-image-4901 aligncenter\" src=\"https:\/\/agora.xtec.cat\/iespauclaris\/wp-content\/uploads\/usu835\/2023\/12\/CETE-ALEJANDRO-TERUEL-VIDAL-1-300x300.png\" alt=\"\" width=\"200\" height=\"200\" srcset=\"https:\/\/agora.xtec.cat\/iespauclaris\/wp-content\/uploads\/usu835\/2023\/12\/CETE-ALEJANDRO-TERUEL-VIDAL-1-300x300.png 300w, https:\/\/agora.xtec.cat\/iespauclaris\/wp-content\/uploads\/usu835\/2023\/12\/CETE-ALEJANDRO-TERUEL-VIDAL-1-150x150.png 150w, https:\/\/agora.xtec.cat\/iespauclaris\/wp-content\/uploads\/usu835\/2023\/12\/CETE-ALEJANDRO-TERUEL-VIDAL-1-768x768.png 768w, https:\/\/agora.xtec.cat\/iespauclaris\/wp-content\/uploads\/usu835\/2023\/12\/CETE-ALEJANDRO-TERUEL-VIDAL-1.png 820w\" sizes=\"auto, (max-width: 200px) 100vw, 200px\" \/><\/a><\/td>\n<td style=\"width: 33%;\"><a href=\"https:\/\/agora.xtec.cat\/iespauclaris\/wp-content\/uploads\/usu835\/2023\/11\/erasmus.png\"><img loading=\"lazy\" decoding=\"async\" class=\"alignright wp-image-4874\" src=\"https:\/\/agora.xtec.cat\/iespauclaris\/wp-content\/uploads\/usu835\/2023\/11\/erasmus-300x86.png\" alt=\"\" width=\"415\" height=\"119\" srcset=\"https:\/\/agora.xtec.cat\/iespauclaris\/wp-content\/uploads\/usu835\/2023\/11\/erasmus-300x86.png 300w, https:\/\/agora.xtec.cat\/iespauclaris\/wp-content\/uploads\/usu835\/2023\/11\/erasmus.png 420w\" sizes=\"auto, (max-width: 415px) 100vw, 415px\" \/><\/a><\/td>\n<td style=\"width: 33%;\"><a href=\"https:\/\/agora.xtec.cat\/iespauclaris\/wp-content\/uploads\/usu835\/2023\/12\/erasmus_en_cofunded.png\"><img loading=\"lazy\" decoding=\"async\" class=\"alignright size-full wp-image-4911\" src=\"https:\/\/agora.xtec.cat\/iespauclaris\/wp-content\/uploads\/usu835\/2023\/12\/erasmus_en_cofunded.png\" alt=\"\" width=\"488\" height=\"103\" srcset=\"https:\/\/agora.xtec.cat\/iespauclaris\/wp-content\/uploads\/usu835\/2023\/12\/erasmus_en_cofunded.png 488w, https:\/\/agora.xtec.cat\/iespauclaris\/wp-content\/uploads\/usu835\/2023\/12\/erasmus_en_cofunded-300x63.png 300w\" sizes=\"auto, (max-width: 488px) 100vw, 488px\" \/><\/a><\/td>\n<\/tr>\n<\/tbody>\n<\/table>\n","protected":false},"excerpt":{"rendered":"<p>l\u2019Institut Pau Claris hem format part del Consorci Europeu per a la transformaci\u00f3 Educativa (CETE+) des de l&#8217;equip del Microconsorci de l\u2019Acceleraci\u00f3 de la Transformaci\u00f3 Educativa (MATE). L\u2019objectiu del Laboratori de Transformaci\u00f3 Educativa \u00e9s crear una xarxa de col\u00b7laboraci\u00f3 en recerca i en la recollida&hellip;  <a href=\"https:\/\/agora.xtec.cat\/iespauclaris\/pro\/erasmus\/cete\/\" title=\"Read CETE+\">Llegeix m\u00e9s\u00bb<\/a><\/p>\n","protected":false},"author":1,"featured_media":0,"parent":2255,"menu_order":0,"comment_status":"closed","ping_status":"closed","template":"page-templates\/side-menu.php","meta":{"_bbp_topic_count":0,"_bbp_reply_count":0,"_bbp_total_topic_count":0,"_bbp_total_reply_count":0,"_bbp_voice_count":0,"_bbp_anonymous_reply_count":0,"_bbp_topic_count_hidden":0,"_bbp_reply_count_hidden":0,"_bbp_forum_subforum_count":0,"footnotes":""},"class_list":["post-4900","page","type-page","status-publish","hentry"],"post_mailing_queue_ids":[],"_links":{"self":[{"href":"https:\/\/agora.xtec.cat\/iespauclaris\/wp-json\/wp\/v2\/pages\/4900","targetHints":{"allow":["GET"]}}],"collection":[{"href":"https:\/\/agora.xtec.cat\/iespauclaris\/wp-json\/wp\/v2\/pages"}],"about":[{"href":"https:\/\/agora.xtec.cat\/iespauclaris\/wp-json\/wp\/v2\/types\/page"}],"author":[{"embeddable":true,"href":"https:\/\/agora.xtec.cat\/iespauclaris\/wp-json\/wp\/v2\/users\/1"}],"replies":[{"embeddable":true,"href":"https:\/\/agora.xtec.cat\/iespauclaris\/wp-json\/wp\/v2\/comments?post=4900"}],"version-history":[{"count":7,"href":"https:\/\/agora.xtec.cat\/iespauclaris\/wp-json\/wp\/v2\/pages\/4900\/revisions"}],"predecessor-version":[{"id":4913,"href":"https:\/\/agora.xtec.cat\/iespauclaris\/wp-json\/wp\/v2\/pages\/4900\/revisions\/4913"}],"up":[{"embeddable":true,"href":"https:\/\/agora.xtec.cat\/iespauclaris\/wp-json\/wp\/v2\/pages\/2255"}],"wp:attachment":[{"href":"https:\/\/agora.xtec.cat\/iespauclaris\/wp-json\/wp\/v2\/media?parent=4900"}],"curies":[{"name":"wp","href":"https:\/\/api.w.org\/{rel}","templated":true}]}}

<p>l’Institut Pau Claris hem format part del <strong>Consorci Europeu per a la transformació Educativa </strong>(CETE+) des de l&#8217;equip del <strong>Microconsorci de l’Acceleració de la Transformació Educativa</strong> (MATE). L’objectiu del Laboratori de Transformació Educativa és crear una xarxa de col·laboració en recerca i en la recollida d’evidències de qualitat educativa d’altres models, fora del territori de l’àmbit d’acció del Departament d’Educació. Aquest programa permetrà als docents de l’Institut Pau Claris fer mobilitats per establir les sinergies necessàries per crear nou coneixement que pugui ser aplicat al centre educatiu.</p>
<p>Adjuntem enllaços a les pàgines web del MATE i del CETE+ on trobareu informació sobre el projecte i els seus objectius generals i específics:</p>
<ul>
<li><a href="https://projectes.xtec.cat/transformacioenxarxa/consorci-ka120-escolar-erasmus-2021-2027/" target="_blank" rel="noopener" data-saferedirecturl="https://www.google.com/url?q=https://projectes.xtec.cat/transformacioenxarxa/consorci-ka120-escolar-erasmus-2021-2027/&amp;source=gmail&amp;ust=1634620739463000&amp;usg=AFQjCNF7nY5JFXH8VLVf9MUR4lMT1PBzZA">Microconsorci de l’Acceleració de la Transformació Educativa (MATE)</a></li>
<li><a href="https://projectes.xtec.cat/cete/" target="_blank" rel="noopener">CETE+</a></li>
</ul>
<p>Adjuntem enllaços a diversos documents generats durant el projecte:</p>
<ul>
<li>Carpeta amb les <a href="https://drive.google.com/drive/folders/1tCpxxkaE3a0WMQomHMRGMom16vWUIYfP" target="_blank" rel="noopener">presentacions realitzades</a> per la difusió, actuació, avaluació i transferència del projecte.</li>
<li>Carpeta amb el <a href="https://drive.google.com/drive/folders/1O2V0_Icl8lSfwvzXF9PVON7HyGKCA4Zs?usp=sharing" target="_blank" rel="noopener">pla d&#8217;acció del projecte</a>.</li>
<li>Carpeta amb el <a href="https://drive.google.com/drive/folders/1ypl4zYBxHfxqvSSdJYt4AYyIB8vnD7TO?usp=sharing" target="_blank" rel="noopener">pla de difusió del projecte.</a></li>
<li>Carpeta amb els <a href="https://drive.google.com/drive/folders/12Sx9VjBshji6rqeC-tezsXtjnBFgSlHt?usp=sharing" target="_blank" rel="noopener">materials creats durant el projecte</a>.</li>
</ul>
<p>Estem orgullosos de ser els guanyadors del disseny del logotip del projecte <a href="https://projectes.xtec.cat/cete/" target="_blank" rel="noopener">CETE+</a> que podeu visualitzar en aquesta pàgina web. Podeu veure algunes notícies relacionades amb el projecte en aquest <a href="https://agora.xtec.cat/iespauclaris/?s=cete" target="_blank" rel="noopener">enllaç</a>.</p>
<p>&nbsp;</p>
<table style="border-collapse: collapse; width: 100%;">
<tbody>
<tr>
<td style="width: 33%;"><a href="https://projectes.xtec.cat/cete/" target="_blank" rel="noopener"><img loading="lazy" decoding="async" class=" wp-image-4901 aligncenter" src="https://agora.xtec.cat/iespauclaris/wp-content/uploads/usu835/2023/12/CETE-ALEJANDRO-TERUEL-VIDAL-1-300x300.png" alt="" width="200" height="200" srcset="https://agora.xtec.cat/iespauclaris/wp-content/uploads/usu835/2023/12/CETE-ALEJANDRO-TERUEL-VIDAL-1-300x300.png 300w, https://agora.xtec.cat/iespauclaris/wp-content/uploads/usu835/2023/12/CETE-ALEJANDRO-TERUEL-VIDAL-1-150x150.png 150w, https://agora.xtec.cat/iespauclaris/wp-content/uploads/usu835/2023/12/CETE-ALEJANDRO-TERUEL-VIDAL-1-768x768.png 768w, https://agora.xtec.cat/iespauclaris/wp-content/uploads/usu835/2023/12/CETE-ALEJANDRO-TERUEL-VIDAL-1.png 820w" sizes="auto, (max-width: 200px) 100vw, 200px" /></a></td>
<td style="width: 33%;"><a href="https://agora.xtec.cat/iespauclaris/wp-content/uploads/usu835/2023/11/erasmus.png"><img loading="lazy" decoding="async" class="alignright wp-image-4874" src="https://agora.xtec.cat/iespauclaris/wp-content/uploads/usu835/2023/11/erasmus-300x86.png" alt="" width="415" height="119" srcset="https://agora.xtec.cat/iespauclaris/wp-content/uploads/usu835/2023/11/erasmus-300x86.png 300w, https://agora.xtec.cat/iespauclaris/wp-content/uploads/usu835/2023/11/erasmus.png 420w" sizes="auto, (max-width: 415px) 100vw, 415px" /></a></td>
<td style="width: 33%;"><a href="https://agora.xtec.cat/iespauclaris/wp-content/uploads/usu835/2023/12/erasmus_en_cofunded.png"><img loading="lazy" decoding="async" class="alignright size-full wp-image-4911" src="https://agora.xtec.cat/iespauclaris/wp-content/uploads/usu835/2023/12/erasmus_en_cofunded.png" alt="" width="488" height="103" srcset="https://agora.xtec.cat/iespauclaris/wp-content/uploads/usu835/2023/12/erasmus_en_cofunded.png 488w, https://agora.xtec.cat/iespauclaris/wp-content/uploads/usu835/2023/12/erasmus_en_cofunded-300x63.png 300w" sizes="auto, (max-width: 488px) 100vw, 488px" /></a></td>
</tr>
</tbody>
</table>

<p>l’Institut Pau Claris hem format part del Consorci Europeu per a la transformació Educativa (CETE+) des de l&#8217;equip del Microconsorci de l’Acceleració de la Transformació Educativa (MATE). L’objectiu del Laboratori de Transformació Educativa és crear una xarxa de col·laboració en recerca i en la recollida&hellip;  <a href="https://agora.xtec.cat/iespauclaris/pro/erasmus/cete/" title="Read CETE+">Llegeix més»</a></p>
