{"id":4734,"date":"2023-11-04T18:53:46","date_gmt":"2023-11-04T17:53:46","guid":{"rendered":"https:\/\/agora.xtec.cat\/iespauclaris\/?page_id=4734"},"modified":"2023-11-04T19:48:41","modified_gmt":"2023-11-04T18:48:41","slug":"eleccions-al-consell-escolar","status":"publish","type":"page","link":"https:\/\/agora.xtec.cat\/iespauclaris\/ins\/organitzacio\/eleccions-al-consell-escolar\/","title":{"rendered":"Eleccions al Consell Escolar"},"content":{"rendered":"<header class=\"entry-header\">\n<h3 class=\"entry-title\">ELECCIONS AL CONSELL ESCOLAR 2023-24<\/h3>\n<p>El Departament d\u2019Educaci\u00f3 ha convocat eleccions per tal de renovar els representants als Consells Escolars dels Centres Docents p\u00fablics de Catalunya. El proc\u00e9s electoral s\u2019efectuar\u00e0 per renovar la meitat dels membres de cadascun del sectors que formen els consells escolars. Les eleccions al Consell Escolar es convoquen cada <strong>2 anys.<\/strong><\/p>\n<\/header>\n<div class=\"entry-content\">\n<h3>Qu\u00e8 \u00e9s un Consell Escolar ?<\/h3>\n<p><strong>\u00a0<\/strong>El Consell Escolar del centre \u00e9s l\u2019\u00f2rgan de participaci\u00f3 de la comunitat escolar en el govern del centre, amb funcions en l\u2019\u00e0mbit de la programaci\u00f3 general, i en el seguiment i avaluaci\u00f3 de les seves activitats. El Consell Escolar est\u00e0 format per representants de tots els estaments que formen la comunitat educativa, en concret el sector de representants de l&#8217;Administraci\u00f3, el sector fam\u00edlies, el sector alumnat i el sector de personal d&#8217;atenci\u00f3 educativa i personal d&#8217;atenci\u00f3 i serveis. Els consellers i conselleres ocupen el seu <strong>c\u00e0rrec durant 4 anys<\/strong> un cop han estat escollits en una convocat\u00f2ria d&#8217;eleccions al Consell Escolar, excepte els membres del sector de l&#8217;Administraci\u00f3 que ocupen el seu c\u00e0rrec per mandat de l&#8217;Administraci\u00f3.<\/p>\n<h3>Quina \u00e9s la composici\u00f3 del Consell Escolar del nostre centre:<\/h3>\n<ul>\n<li>El director del centre, que n\u2019\u00e9s el president.<\/li>\n<li>La cap d\u2019estudis.<\/li>\n<li>El secretari (amb veu per\u00f2 sense vot).<\/li>\n<li>1 representant de l\u2019Ajuntament de Barcelona<\/li>\n<li>1 pare\/mare designat per l\u2019 AFA (vacant per no estar constitu\u00efda).<\/li>\n<li>5 docents escollits pel Claustre de professorat<\/li>\n<li>2 representants de les fam\u00edlies d\u2019alumnes, escollits entre<\/li>\n<li>2 representants de l\u2019alumnat del centre.<\/li>\n<li>1 representant del personal d\u2019administraci\u00f3 i serveis (PAS).<\/li>\n<li>1 representant del personal d\u2019atenci\u00f3 educativa (PAE)<\/li>\n<\/ul>\n<p>Tots els membres del Consell Escollar han de ser elegits per cadascun dels sectors corresponents (sector fam\u00edlies, sector professorat, sector PAS), excepte els representants de l&#8217;Administraci\u00f3 i de l&#8217;AFA:<\/p>\n<ul>\n<li>El director, el cap d\u2019estudis i la secret\u00e0ria.<\/li>\n<li>El representant de l\u2019Ajuntament que el designa l\u2019Alcalde.<\/li>\n<li>El representant de l\u2019AMPA que el designa la pr\u00f2pia associaci\u00f3.<\/li>\n<\/ul>\n<h3>Vacants del Consell Escolar<\/h3>\n<p>En aquesta convocat\u00f2ria hi ha les seg\u00fcents vacants a cobrir:<\/p>\n<ul>\n<li>1 vacant al sector fam\u00edlies<\/li>\n<li>2 vacants al sector professorat<\/li>\n<li>0 vacants al sector alumnat (per\u00f2 es realitza el proc\u00e9s d&#8217;eleccions per escollir 2 substituts at\u00e8s que el alumnes substituts de les eleccions anteriors no continuen al centre o causaran baixa abans de convocar-se noves eleccions al Consell Escolar)<\/li>\n<\/ul>\n<h3>Constituci\u00f3 de les meses electorals<strong><br \/>\n<\/strong><\/h3>\n<p>El dia 3 de novembre de 2023 s&#8217;han constituit les meses electorals del sector fam\u00edlies i alumnat. Per escollir els vocals de les meses, s&#8217;ha procedit a realitzar un sorteig per escollir 2 vocals i 4 substituts dels sector de fam\u00edlies i del sector alumnat. El sorteig es va portar a terme en pres\u00e8ncia del director i el secretari del centre, un voluntari del sector PAS i altre del sector alumnat. Les actes de la constituci\u00f3 de les meses de fam\u00edlies i alumnat estan exposades al taulell d&#8217;anuncis del centre. Els vocals i substituts escollits rebran un correu electr\u00f2nic amb la citaci\u00f3 electoral corresponent.<\/p>\n<h3>Qui t\u00e9 dret de vot?<strong>\u00a0<\/strong><\/h3>\n<p>Tots els pares, mares i els\/les tutors\/es legals, els fills i filles dels quals estiguin matriculats al centre en el moment de la convocat\u00f2ria de les eleccions, podran elegir. Per exercir el dret a vot, la persona interessada ha de constar en el cens del centre que est\u00e0 exposat al taulell d&#8217;anuncis del centre) i portar una identificaci\u00f3 reconeguda com el DNI, NIF o altre document acreditatiu de la seva identitat en el moment de la votaci\u00f3.\u00a0 Les persones de la comunitat educativa del centre poden efectuar reclamacions a la secretaria del centre en cas de qualsevol objecci\u00f3 fins el <strong>dia 8 de novembre de 2023.<\/strong><\/p>\n<h3>Procediment d\u2019elecci\u00f3 o renovaci\u00f3 dels membres del Consell Escolar.<\/h3>\n<ul>\n<li>Poden ser candidats al sector fam\u00edlies tots els pares o mares o tutors legals d\u2019alumnes del centre, aix\u00ed mateix poden ser candidats del sector alumnat qualsevol alumne d&#8217;alta en el centre educatiu. Per ser candidat cal omplir un impr\u00e8s que podeu recollir a la secretaria del centre o <a href=\"https:\/\/drive.google.com\/file\/d\/1d5pDFuU4vtQiiQ0zRj3DrruhJLmQCdUA\/view?usp=sharing\" target=\"_blank\" rel=\"noopener\">descarregar-ho en aquest enlla\u00e7<\/a>. El termini per presentar la candidatura acaba el 15 de novembre i heu d&#8217;enviar-nos per correu electr\u00f2nic (<a href=\"mailto:secretaria@iespauclaris.org\">secretaria@iespauclaris.org<\/a>) la vostre candidatura degudament omplerta conjuntament amb una c\u00f2pia d&#8217;un document identificatiu (DNI o similar) o lliurar-la a la secretaria del centre.<\/li>\n<li>Les votacions s\u00f3n personals, directes i secretes. Pot votar tant el pare com la mare o tutor legal dels alumnes escolaritzats en el centre, aix\u00ed mateix qualsvol alumne del centre educatiu.<\/li>\n<li><u>Mesa electoral fam\u00edlies:<\/u> director i dos membres del sector fam\u00edlies i la persona de menys antiguitat alcentre actua de secretari\/\u00e0ria de lamesa i, en cas de coincid\u00e8ncia, ho fa la de menys edat.. Podeu presentar-vos com supervisors de les votacions lliurant a secretaria el <a href=\"https:\/\/drive.google.com\/file\/d\/1L_tc-imQhZ3p7UZqNDLyl0GUr695OdWs\/view?usp=sharing\" target=\"_blank\" rel=\"noopener\">document adjunt en aquest enlla\u00e7<\/a> degudament omplert, el termini per presentar-se acaba el 16 de novembre.<\/li>\n<li><u>Mesa electoral alumnes:<\/u> director i dos membres del sector alumnat i actua de secretari\/a l&#8217;alumne del curs m\u00e9s superior i de m\u00e9s edat. Podeu presentar-vos com supervisors de les votacions lliurant a secretaria el <a href=\"https:\/\/drive.google.com\/file\/d\/1L_tc-imQhZ3p7UZqNDLyl0GUr695OdWs\/view?usp=sharing\" target=\"_blank\" rel=\"noopener\">document adjunt en aquest enlla\u00e7<\/a> degudament omplert, el termini per presentar-se acaba el 16 de novembre.<\/li>\n<\/ul>\n<h3>Calendari de la convocat\u00f2ria d\u2019eleccions al Consell Escolar<\/h3>\n<table style=\"width: 87.8087%; height: 787px;\">\n<tbody>\n<tr style=\"height: 57px;\">\n<td style=\"height: 57px; width: 10.8%;\" width=\"64\"><strong>3\/11\/23<\/strong><\/td>\n<td style=\"height: 57px; width: 8.8%;\" width=\"72\"><strong>9.00h<\/strong><\/td>\n<td style=\"height: 57px; width: 16.1%;\" width=\"162\"><strong>Tauler d\u2019anuncis<\/strong><\/td>\n<td style=\"height: 57px; width: 38.5%;\" width=\"322\"><strong>Publicaci\u00f3 del cens sector fam\u00edlies i alumnat<br \/>\n<\/strong><\/td>\n<td style=\"width: 24.4%;\"><\/td>\n<\/tr>\n<tr>\n<td style=\"width: 10.8%;\" width=\"64\"><strong>3\/11\/23<\/strong><\/td>\n<td style=\"width: 8.8%;\" width=\"72\"><strong>9.30h<\/strong><\/td>\n<td style=\"height: 57px; width: 16.1%;\" width=\"162\"><strong>Despatx de Direcc\u00ed\u00f3<\/strong><\/td>\n<td style=\"height: 57px; width: 38.5%;\" width=\"322\"><strong>Sorteig designaci\u00f3 membres mesa electoral families i alumnat<br \/>\n<\/strong><\/td>\n<td style=\"width: 24.4%;\"><\/td>\n<\/tr>\n<tr>\n<td style=\"width: 10.8%;\" width=\"64\"><strong>5\/11\/23<\/strong><\/td>\n<td style=\"width: 8.8%;\" width=\"72\"><strong>9.00h<\/strong><\/td>\n<td style=\"width: 16.1%;\" width=\"162\"><strong>Sala de professors<\/strong><\/td>\n<td style=\"width: 38.5%;\" width=\"322\"><strong>Publicaci\u00f3 del cens sector professorat<br \/>\n<\/strong><\/td>\n<td style=\"width: 24.4%;\"><\/td>\n<\/tr>\n<tr>\n<td style=\"width: 10.8%;\" width=\"64\"><strong>6,7,8 de nov<br \/>\n<\/strong><\/td>\n<td style=\"width: 8.8%;\" width=\"72\"><strong>9h \u2013 14h<\/strong><\/td>\n<td style=\"width: 16.1%;\" width=\"162\"><strong>Secretaria<\/strong><\/td>\n<td style=\"width: 38.5%;\" width=\"322\"><strong>Presentaci\u00f3 reclamacions al cens<\/strong><\/td>\n<td style=\"width: 24.4%;\"><\/td>\n<\/tr>\n<tr>\n<td style=\"width: 10.8%;\" width=\"64\"><strong>8\/11\/23<\/strong><\/td>\n<td style=\"width: 8.8%;\" width=\"72\"><strong>14.00h<\/strong><\/td>\n<td style=\"width: 16.1%;\" width=\"162\"><strong>Secretaria<\/strong><\/td>\n<td style=\"width: 38.5%;\" width=\"322\"><strong>Data i hora l\u00edmit de reclamacions del cens<br \/>\n<\/strong><\/td>\n<td style=\"width: 24.4%;\"><\/td>\n<\/tr>\n<tr>\n<td style=\"width: 10.8%;\" width=\"64\"><strong>8\/11\/23<\/strong><\/td>\n<td style=\"width: 8.8%;\" width=\"72\"><strong>14.20h<\/strong><\/td>\n<td style=\"width: 16.1%;\" width=\"162\"><strong>Secretaria<\/strong><\/td>\n<td style=\"width: 38.5%;\" width=\"322\"><strong>Constituci\u00f3 mesa sector fam\u00edlies, alumnat, professorat, PAS i PAE<br \/>\n<\/strong><\/td>\n<td style=\"width: 24.4%;\"><\/td>\n<\/tr>\n<tr style=\"height: 57px;\">\n<td style=\"height: 57px; width: 10.8%;\" width=\"64\"><strong>3 al 15 de nov<br \/>\n<\/strong><\/td>\n<td style=\"height: 57px; width: 8.8%;\" width=\"72\"><strong>9h \u2013 14h<\/strong><\/td>\n<td style=\"height: 57px; width: 16.1%;\" width=\"162\"><strong>Secretaria<\/strong><\/td>\n<td style=\"height: 57px; width: 38.5%;\" width=\"322\"><strong>Presentaci\u00f3 candidatures de cada sector<\/strong><\/td>\n<td style=\"width: 24.4%;\"><\/td>\n<\/tr>\n<tr style=\"height: 57px;\">\n<td style=\"height: 57px; width: 10.8%;\" width=\"64\"><strong>17\/11\/23<\/strong><\/td>\n<td style=\"height: 57px; width: 8.8%;\" width=\"72\"><strong>10.00h<\/strong><\/td>\n<td style=\"height: 57px; width: 16.1%;\" width=\"162\"><strong>Tauler d\u2019anuncis<\/strong><\/td>\n<td style=\"height: 57px; width: 38.5%;\" width=\"322\"><strong>Publicaci\u00f3 candidats de cada sector<\/strong><\/td>\n<td style=\"width: 24.4%;\"><\/td>\n<\/tr>\n<tr style=\"height: 57px;\">\n<td style=\"height: 57px; width: 10.8%;\" width=\"64\"><strong>20\/11\/23<\/strong><\/td>\n<td style=\"height: 57px; width: 8.8%;\" width=\"72\"><strong>16h \u2013 18h<\/strong><\/td>\n<td style=\"height: 57px; width: 16.1%;\" width=\"162\"><strong>Vest\u00edbul<\/strong><\/td>\n<td style=\"height: 57px; width: 38.5%;\" width=\"322\"><strong>Votacions: Eleccions\u00a0 fam\u00edlies<\/strong><\/td>\n<td style=\"width: 24.4%;\"><\/td>\n<\/tr>\n<tr style=\"height: 57px;\">\n<td style=\"height: 57px; width: 10.8%;\" width=\"64\"><strong>22\/11\/23<\/strong><\/td>\n<td style=\"height: 57px; width: 8.8%;\" width=\"72\"><strong>9h \u2013 14h<\/strong><\/td>\n<td style=\"height: 57px; width: 16.1%;\" width=\"162\"><strong>Vest\u00edbul<\/strong><\/td>\n<td style=\"height: 57px; width: 38.5%;\" width=\"322\"><strong>Votacions: Eleccions\u00a0 alumnat<\/strong><\/td>\n<td style=\"width: 24.4%;\"><\/td>\n<\/tr>\n<tr style=\"height: 57px;\">\n<td style=\"height: 57px; width: 10.8%;\" width=\"64\"><strong>22\/11\/23<\/strong><\/td>\n<td style=\"height: 57px; width: 8.8%;\" width=\"72\"><strong>16.15-17:00<\/strong><\/td>\n<td style=\"height: 57px; width: 16.1%;\" width=\"162\"><strong>Aula 1.3 i 1.4<br \/>\n<\/strong><\/td>\n<td style=\"height: 57px; width: 38.5%;\" width=\"322\"><strong>Votacions: Eleccions\u00a0 professorat<\/strong><\/td>\n<td style=\"width: 24.4%;\"><\/td>\n<\/tr>\n<tr style=\"height: 57px;\">\n<td style=\"height: 57px; width: 10.8%;\" width=\"64\"><strong>24\/11\/23<\/strong><\/td>\n<td style=\"height: 57px; width: 8.8%;\" width=\"72\"><strong> 9.00h<\/strong><\/td>\n<td style=\"height: 57px; width: 16.1%;\" width=\"162\"><strong>Tauler d\u2019anuncis<\/strong><\/td>\n<td style=\"height: 57px; width: 38.5%;\" width=\"322\"><strong>Proclamaci\u00f3 candidats electes<\/strong><\/td>\n<td style=\"width: 24.4%;\"><\/td>\n<\/tr>\n<tr style=\"height: 57px;\">\n<td style=\"height: 57px; width: 10.8%;\" width=\"108\"><strong>4\/12\/23<\/strong><\/td>\n<td style=\"height: 57px; width: 8.8%;\" width=\"64\"><strong>17.30h<\/strong><\/td>\n<td style=\"height: 57px; width: 16.1%;\" width=\"72\"><strong>Aula 0.5<\/strong><\/td>\n<td style=\"height: 57px; width: 38.5%;\" width=\"162\"><strong>Convocat\u00f2ria del Consell Escolar<br \/>\n<\/strong><\/td>\n<td style=\"height: 57px; width: 24.4%;\" width=\"322\"><strong>Constituci\u00f3 Consell Escolar (renovat)<\/strong><\/td>\n<\/tr>\n<\/tbody>\n<\/table>\n<\/div>\n<p>M\u00e9s informaci\u00f3 al taulell d&#8217;anuncis del vest\u00edbul del centre o la <a href=\"https:\/\/educacio.gencat.cat\/ca\/arees-actuacio\/centres-serveis-educatius\/centres\/consells-escolars-centres\/index.html\" target=\"_blank\" rel=\"noopener\">web del Departament d&#8217;Educaci\u00f3<\/a> del proc\u00e9s d&#8217;eleccions als Consells Escolars on tamb\u00e9 trobareu les normes de funcionament del Consell Escolar del centre.<\/p>\n","protected":false},"excerpt":{"rendered":"<p>ELECCIONS AL CONSELL ESCOLAR 2023-24<br \/>\nEl Departament d\u2019Educaci\u00f3 ha convocat eleccions per tal de renovar els representants als Consells Escolars dels Centres Docents p\u00fablics de Catalunya. El proc\u00e9s electoral s\u2019efectuar\u00e0 per renovar la meitat dels membres de cadascun del sectors que formen els consells escolars. Les&hellip;  <a href=\"https:\/\/agora.xtec.cat\/iespauclaris\/ins\/organitzacio\/eleccions-al-consell-escolar\/\" title=\"Read Eleccions al Consell Escolar\">Llegeix m\u00e9s\u00bb<\/a><\/p>\n","protected":false},"author":1,"featured_media":0,"parent":27,"menu_order":0,"comment_status":"closed","ping_status":"closed","template":"page-templates\/side-menu.php","meta":{"_bbp_topic_count":0,"_bbp_reply_count":0,"_bbp_total_topic_count":0,"_bbp_total_reply_count":0,"_bbp_voice_count":0,"_bbp_anonymous_reply_count":0,"_bbp_topic_count_hidden":0,"_bbp_reply_count_hidden":0,"_bbp_forum_subforum_count":0,"footnotes":""},"class_list":["post-4734","page","type-page","status-publish","hentry"],"post_mailing_queue_ids":[],"_links":{"self":[{"href":"https:\/\/agora.xtec.cat\/iespauclaris\/wp-json\/wp\/v2\/pages\/4734","targetHints":{"allow":["GET"]}}],"collection":[{"href":"https:\/\/agora.xtec.cat\/iespauclaris\/wp-json\/wp\/v2\/pages"}],"about":[{"href":"https:\/\/agora.xtec.cat\/iespauclaris\/wp-json\/wp\/v2\/types\/page"}],"author":[{"embeddable":true,"href":"https:\/\/agora.xtec.cat\/iespauclaris\/wp-json\/wp\/v2\/users\/1"}],"replies":[{"embeddable":true,"href":"https:\/\/agora.xtec.cat\/iespauclaris\/wp-json\/wp\/v2\/comments?post=4734"}],"version-history":[{"count":6,"href":"https:\/\/agora.xtec.cat\/iespauclaris\/wp-json\/wp\/v2\/pages\/4734\/revisions"}],"predecessor-version":[{"id":4747,"href":"https:\/\/agora.xtec.cat\/iespauclaris\/wp-json\/wp\/v2\/pages\/4734\/revisions\/4747"}],"up":[{"embeddable":true,"href":"https:\/\/agora.xtec.cat\/iespauclaris\/wp-json\/wp\/v2\/pages\/27"}],"wp:attachment":[{"href":"https:\/\/agora.xtec.cat\/iespauclaris\/wp-json\/wp\/v2\/media?parent=4734"}],"curies":[{"name":"wp","href":"https:\/\/api.w.org\/{rel}","templated":true}]}}