{"id":4659,"date":"2023-09-27T10:01:59","date_gmt":"2023-09-27T08:01:59","guid":{"rendered":"https:\/\/agora.xtec.cat\/iespauclaris\/?page_id=4659"},"modified":"2023-09-27T10:04:20","modified_gmt":"2023-09-27T08:04:20","slug":"carta-compromis-families-i-centre","status":"publish","type":"page","link":"https:\/\/agora.xtec.cat\/iespauclaris\/ins\/normativa\/carta-compromis-families-i-centre\/","title":{"rendered":"Carta comprom\u00eds fam\u00edlies i centre"},"content":{"rendered":"<p>La <a href=\"https:\/\/drive.google.com\/file\/d\/1S4r9-FIFhTg_EXMdDkU3EzGCTJDfDA2V\/view?usp=drive_link\" target=\"_blank\" rel=\"noopener\">carta de comprom\u00eds educatiu<\/a> \u00e9s un document que t\u00e9 com a finalitat potenciar la comunicaci\u00f3, la participaci\u00f3, la implicaci\u00f3, el comprom\u00eds i la corresponsabilitat entre els centres i les fam\u00edlies en l&#8217;educaci\u00f3 d&#8217;infants i joves.<\/p>\n<p>Per tant, la carta ha de contribuir, entre altres, als objectius seg\u00fcents:<\/p>\n<ul>\n<li>Compartir amb les fam\u00edlies els principis i els continguts del projecte educatiu del centre i, si escau, els projectes educatius de l&#8217;entorn.<\/li>\n<li>Millorar la informaci\u00f3 i la comunicaci\u00f3 entre el centre i les fam\u00edlies.<\/li>\n<li>Facilitar a les fam\u00edlies l&#8217;exercici dels seus drets i el compliment dels deures.<\/li>\n<li>Fomentar la conviv\u00e8ncia i el bon clima escolar.<\/li>\n<li>Corresponsabilitzar el centre i la fam\u00edlia en l&#8217;\u00e8xit acad\u00e8mic, personal i social dels alumnes i tamb\u00e9 en el comprom\u00eds c\u00edvic dels infants i joves.<\/li>\n<\/ul>\n<ul>\n<li><a href=\"https:\/\/drive.google.com\/file\/d\/1S4r9-FIFhTg_EXMdDkU3EzGCTJDfDA2V\/view?usp=drive_link\" target=\"_blank\" rel=\"noopener\"><strong>Carta de comprom\u00eds<\/strong><\/a><\/li>\n<\/ul>\n","protected":false},"excerpt":{"rendered":"<p>La <a href=\"https:\/\/drive.google.com\/file\/d\/1S4r9-FIFhTg_EXMdDkU3EzGCTJDfDA2V\/view?usp=drive_link\" target=\"_blank\" rel=\"noopener\">carta de comprom\u00eds educatiu<\/a> \u00e9s un document que t\u00e9 com a finalitat potenciar la comunicaci\u00f3, la participaci\u00f3, la implicaci\u00f3, el comprom\u00eds i la corresponsabilitat entre els centres i les fam\u00edlies en l&#8217;educaci\u00f3 d&#8217;infants i joves.<br \/>\nPer tant, la carta ha de contribuir,&hellip;  <a href=\"https:\/\/agora.xtec.cat\/iespauclaris\/ins\/normativa\/carta-compromis-families-i-centre\/\" title=\"Read Carta comprom\u00eds fam\u00edlies i centre\">Llegeix m\u00e9s\u00bb<\/a><\/p>\n","protected":false},"author":1,"featured_media":0,"parent":49,"menu_order":0,"comment_status":"closed","ping_status":"closed","template":"page-templates\/side-menu.php","meta":{"_bbp_topic_count":0,"_bbp_reply_count":0,"_bbp_total_topic_count":0,"_bbp_total_reply_count":0,"_bbp_voice_count":0,"_bbp_anonymous_reply_count":0,"_bbp_topic_count_hidden":0,"_bbp_reply_count_hidden":0,"_bbp_forum_subforum_count":0,"footnotes":""},"class_list":["post-4659","page","type-page","status-publish","hentry"],"post_mailing_queue_ids":[],"_links":{"self":[{"href":"https:\/\/agora.xtec.cat\/iespauclaris\/wp-json\/wp\/v2\/pages\/4659","targetHints":{"allow":["GET"]}}],"collection":[{"href":"https:\/\/agora.xtec.cat\/iespauclaris\/wp-json\/wp\/v2\/pages"}],"about":[{"href":"https:\/\/agora.xtec.cat\/iespauclaris\/wp-json\/wp\/v2\/types\/page"}],"author":[{"embeddable":true,"href":"https:\/\/agora.xtec.cat\/iespauclaris\/wp-json\/wp\/v2\/users\/1"}],"replies":[{"embeddable":true,"href":"https:\/\/agora.xtec.cat\/iespauclaris\/wp-json\/wp\/v2\/comments?post=4659"}],"version-history":[{"count":3,"href":"https:\/\/agora.xtec.cat\/iespauclaris\/wp-json\/wp\/v2\/pages\/4659\/revisions"}],"predecessor-version":[{"id":4662,"href":"https:\/\/agora.xtec.cat\/iespauclaris\/wp-json\/wp\/v2\/pages\/4659\/revisions\/4662"}],"up":[{"embeddable":true,"href":"https:\/\/agora.xtec.cat\/iespauclaris\/wp-json\/wp\/v2\/pages\/49"}],"wp:attachment":[{"href":"https:\/\/agora.xtec.cat\/iespauclaris\/wp-json\/wp\/v2\/media?parent=4659"}],"curies":[{"name":"wp","href":"https:\/\/api.w.org\/{rel}","templated":true}]}}

Carta compromís famílies i centre

<p>La <a href="https://drive.google.com/file/d/1S4r9-FIFhTg_EXMdDkU3EzGCTJDfDA2V/view?usp=drive_link" target="_blank" rel="noopener">carta de compromís educatiu</a> és un document que té com a finalitat potenciar la comunicació, la participació, la implicació, el compromís i la corresponsabilitat entre els centres i les famílies en l&#8217;educació d&#8217;infants i joves.</p>
<p>Per tant, la carta ha de contribuir, entre altres, als objectius següents:</p>
<ul>
<li>Compartir amb les famílies els principis i els continguts del projecte educatiu del centre i, si escau, els projectes educatius de l&#8217;entorn.</li>
<li>Millorar la informació i la comunicació entre el centre i les famílies.</li>
<li>Facilitar a les famílies l&#8217;exercici dels seus drets i el compliment dels deures.</li>
<li>Fomentar la convivència i el bon clima escolar.</li>
<li>Corresponsabilitzar el centre i la família en l&#8217;èxit acadèmic, personal i social dels alumnes i també en el compromís cívic dels infants i joves.</li>
</ul>
<ul>
<li><a href="https://drive.google.com/file/d/1S4r9-FIFhTg_EXMdDkU3EzGCTJDfDA2V/view?usp=drive_link" target="_blank" rel="noopener"><strong>Carta de compromís</strong></a></li>
</ul>

<p>La <a href="https://drive.google.com/file/d/1S4r9-FIFhTg_EXMdDkU3EzGCTJDfDA2V/view?usp=drive_link" target="_blank" rel="noopener">carta de compromís educatiu</a> és un document que té com a finalitat potenciar la comunicació, la participació, la implicació, el compromís i la corresponsabilitat entre els centres i les famílies en l&#8217;educació d&#8217;infants i joves.<br />
Per tant, la carta ha de contribuir,&hellip;  <a href="https://agora.xtec.cat/iespauclaris/ins/normativa/carta-compromis-families-i-centre/" title="Read Carta compromís famílies i centre">Llegeix més»</a></p>
