{"id":4640,"date":"2023-09-24T19:00:53","date_gmt":"2023-09-24T17:00:53","guid":{"rendered":"https:\/\/agora.xtec.cat\/iespauclaris\/?page_id=4640"},"modified":"2025-02-15T10:13:25","modified_gmt":"2025-02-15T09:13:25","slug":"in-format","status":"publish","type":"page","link":"https:\/\/agora.xtec.cat\/iespauclaris\/alum\/in-format\/","title":{"rendered":"In-forma&#8217;t"},"content":{"rendered":"<p>Des del curs 2023-24, retornem a programar les activitats del Punt-JIP suspeses des de la pand\u00e8mia de la COVID. Aquestes activitats s\u00f3n dinamitzades per t\u00e8cnics dels <a href=\"https:\/\/ajuntament.barcelona.cat\/jovesbarcelona\/ciutatvella\/ca\" target=\"_blank\" rel=\"noopener\">Joves de Ciutat Vella<\/a> per facilitar tots els dilluns informaci\u00f3 pels joves de tots els temes que els pugui interessar (feminisme, lleure, LGBTI, etc.), aix\u00ed com el programa <a href=\"http:\/\/www.informat.cat\/activitats\/\" target=\"_blank\" rel=\"noopener\">In-forma&#8217;t<\/a> per oferir un ventall d&#8217;activitats molt ampli mitjan\u00e7ant c\u00e0psules informatives i tamb\u00e9 orientaci\u00f3 acad\u00e8mica.<\/p>\n<p>Animeu-vos i apropeu-vos al punt JIP del centre tots els dilluns a l&#8217;hora del pati.<\/p>\n<ul>\n<li><a href=\"https:\/\/drive.google.com\/file\/d\/1FR38ns9vSyPAlFeqgsibFAzOQKKDGzOl\/view?usp=drive_link\" target=\"_blank\" rel=\"noopener\">Cat\u00e0leg d&#8217;activitats dels Joves de Barcelona<\/a><\/li>\n<li><a href=\"https:\/\/drive.google.com\/file\/d\/1kBwcFR4hG3RNvTVZ_dw-odJORv1AnRNS\/view?usp=drive_link\" target=\"_blank\" rel=\"noopener\">Dossier In-forma&#8217;t<\/a><\/li>\n<\/ul>\n<p><a href=\"https:\/\/www.instagram.com\/pijciutatvella\/\" target=\"_blank\" rel=\"https:\/\/www.instagram.com\/pijciutatvella\/ noopener\"><img loading=\"lazy\" decoding=\"async\" class=\"alignnone wp-image-4643\" src=\"https:\/\/agora.xtec.cat\/iespauclaris\/wp-content\/uploads\/usu835\/2023\/09\/icono-instagram.jpg\" alt=\"\" width=\"106\" height=\"72\" \/><\/a><a href=\"https:\/\/ajuntament.barcelona.cat\/jovesbarcelona\/ciutatvella\/ca\" target=\"_blank\" rel=\"https:\/\/ajuntament.barcelona.cat\/jovesbarcelona\/ciutatvella\/ca noopener\"><img loading=\"lazy\" decoding=\"async\" class=\"alignnone wp-image-4644\" src=\"https:\/\/agora.xtec.cat\/iespauclaris\/wp-content\/uploads\/usu835\/2023\/09\/ciutatvella-300x137.png\" alt=\"\" width=\"158\" height=\"72\" srcset=\"https:\/\/agora.xtec.cat\/iespauclaris\/wp-content\/uploads\/usu835\/2023\/09\/ciutatvella-300x137.png 300w, https:\/\/agora.xtec.cat\/iespauclaris\/wp-content\/uploads\/usu835\/2023\/09\/ciutatvella.png 490w\" sizes=\"auto, (max-width: 158px) 100vw, 158px\" \/><\/a><\/p>\n<p>&nbsp;<\/p>\n<p>&nbsp;<\/p>\n","protected":false},"excerpt":{"rendered":"<p>Des del curs 2023-24, retornem a programar les activitats del Punt-JIP suspeses des de la pand\u00e8mia de la COVID. Aquestes activitats s\u00f3n dinamitzades per t\u00e8cnics dels <a href=\"https:\/\/ajuntament.barcelona.cat\/jovesbarcelona\/ciutatvella\/ca\" target=\"_blank\" rel=\"noopener\">Joves de Ciutat Vella<\/a> per facilitar tots els dilluns informaci\u00f3 pels joves de tots els temes&hellip;  <a href=\"https:\/\/agora.xtec.cat\/iespauclaris\/alum\/in-format\/\" title=\"Read In-forma&#8217;t\">Llegeix m\u00e9s\u00bb<\/a><\/p>\n","protected":false},"author":1,"featured_media":0,"parent":195,"menu_order":40,"comment_status":"closed","ping_status":"closed","template":"page-templates\/side-menu.php","meta":{"_bbp_topic_count":0,"_bbp_reply_count":0,"_bbp_total_topic_count":0,"_bbp_total_reply_count":0,"_bbp_voice_count":0,"_bbp_anonymous_reply_count":0,"_bbp_topic_count_hidden":0,"_bbp_reply_count_hidden":0,"_bbp_forum_subforum_count":0,"footnotes":""},"class_list":["post-4640","page","type-page","status-publish","hentry"],"post_mailing_queue_ids":[],"_links":{"self":[{"href":"https:\/\/agora.xtec.cat\/iespauclaris\/wp-json\/wp\/v2\/pages\/4640","targetHints":{"allow":["GET"]}}],"collection":[{"href":"https:\/\/agora.xtec.cat\/iespauclaris\/wp-json\/wp\/v2\/pages"}],"about":[{"href":"https:\/\/agora.xtec.cat\/iespauclaris\/wp-json\/wp\/v2\/types\/page"}],"author":[{"embeddable":true,"href":"https:\/\/agora.xtec.cat\/iespauclaris\/wp-json\/wp\/v2\/users\/1"}],"replies":[{"embeddable":true,"href":"https:\/\/agora.xtec.cat\/iespauclaris\/wp-json\/wp\/v2\/comments?post=4640"}],"version-history":[{"count":5,"href":"https:\/\/agora.xtec.cat\/iespauclaris\/wp-json\/wp\/v2\/pages\/4640\/revisions"}],"predecessor-version":[{"id":6306,"href":"https:\/\/agora.xtec.cat\/iespauclaris\/wp-json\/wp\/v2\/pages\/4640\/revisions\/6306"}],"up":[{"embeddable":true,"href":"https:\/\/agora.xtec.cat\/iespauclaris\/wp-json\/wp\/v2\/pages\/195"}],"wp:attachment":[{"href":"https:\/\/agora.xtec.cat\/iespauclaris\/wp-json\/wp\/v2\/media?parent=4640"}],"curies":[{"name":"wp","href":"https:\/\/api.w.org\/{rel}","templated":true}]}}

<p>Des del curs 2023-24, retornem a programar les activitats del Punt-JIP suspeses des de la pandèmia de la COVID. Aquestes activitats són dinamitzades per tècnics dels <a href="https://ajuntament.barcelona.cat/jovesbarcelona/ciutatvella/ca" target="_blank" rel="noopener">Joves de Ciutat Vella</a> per facilitar tots els dilluns informació pels joves de tots els temes que els pugui interessar (feminisme, lleure, LGBTI, etc.), així com el programa <a href="http://www.informat.cat/activitats/" target="_blank" rel="noopener">In-forma&#8217;t</a> per oferir un ventall d&#8217;activitats molt ampli mitjançant càpsules informatives i també orientació acadèmica.</p>
<p>Animeu-vos i apropeu-vos al punt JIP del centre tots els dilluns a l&#8217;hora del pati.</p>
<ul>
<li><a href="https://drive.google.com/file/d/1FR38ns9vSyPAlFeqgsibFAzOQKKDGzOl/view?usp=drive_link" target="_blank" rel="noopener">Catàleg d&#8217;activitats dels Joves de Barcelona</a></li>
<li><a href="https://drive.google.com/file/d/1kBwcFR4hG3RNvTVZ_dw-odJORv1AnRNS/view?usp=drive_link" target="_blank" rel="noopener">Dossier In-forma&#8217;t</a></li>
</ul>
<p><a href="https://www.instagram.com/pijciutatvella/" target="_blank" rel="https://www.instagram.com/pijciutatvella/ noopener"><img loading="lazy" decoding="async" class="alignnone wp-image-4643" src="https://agora.xtec.cat/iespauclaris/wp-content/uploads/usu835/2023/09/icono-instagram.jpg" alt="" width="106" height="72" /></a><a href="https://ajuntament.barcelona.cat/jovesbarcelona/ciutatvella/ca" target="_blank" rel="https://ajuntament.barcelona.cat/jovesbarcelona/ciutatvella/ca noopener"><img loading="lazy" decoding="async" class="alignnone wp-image-4644" src="https://agora.xtec.cat/iespauclaris/wp-content/uploads/usu835/2023/09/ciutatvella-300x137.png" alt="" width="158" height="72" srcset="https://agora.xtec.cat/iespauclaris/wp-content/uploads/usu835/2023/09/ciutatvella-300x137.png 300w, https://agora.xtec.cat/iespauclaris/wp-content/uploads/usu835/2023/09/ciutatvella.png 490w" sizes="auto, (max-width: 158px) 100vw, 158px" /></a></p>
<p>&nbsp;</p>
<p>&nbsp;</p>

<p>Des del curs 2023-24, retornem a programar les activitats del Punt-JIP suspeses des de la pandèmia de la COVID. Aquestes activitats són dinamitzades per tècnics dels <a href="https://ajuntament.barcelona.cat/jovesbarcelona/ciutatvella/ca" target="_blank" rel="noopener">Joves de Ciutat Vella</a> per facilitar tots els dilluns informació pels joves de tots els temes&hellip;  <a href="https://agora.xtec.cat/iespauclaris/alum/in-format/" title="Read In-forma&#8217;t">Llegeix més»</a></p>
