{"id":462,"date":"2020-07-23T15:50:55","date_gmt":"2020-07-23T13:50:55","guid":{"rendered":"http:\/\/agora.xtec.cat\/iespauclaris\/?page_id=462"},"modified":"2021-02-21T19:48:47","modified_gmt":"2021-02-21T18:48:47","slug":"installacions","status":"publish","type":"page","link":"https:\/\/agora.xtec.cat\/iespauclaris\/ins\/installacions\/","title":{"rendered":"Instal\u00b7lacions"},"content":{"rendered":"<p>L&#8217;Institut Pau Claris ocupa una de les dues ales de l&#8217;edifici, en un principi Grup Escolar Pere Vila, i ara Escola Pere Vila i Institut Pau Claris. L\u2019edifici forma part del pla d\u2019escolaritzaci\u00f3 que la Comissi\u00f3 de Cultura de l\u2019Ajuntament de Barcelona va idear al 1916 i que es va dur a terme amb el llegat del Sr. Pere Vila. El projecte de la Comissi\u00f3 de Cultura estava liderat pel pedagog Manuel Ainaud i l\u2019arquitecte Josep Goday.<\/p>\n<p>Enllacem aqu\u00ed el document de 1922 amb la hist\u00f2ria del centre i de l&#8217;edifici (<a href=\"https:\/\/agora.xtec.cat\/iespauclaris\/wp-content\/uploads\/usu835\/2020\/12\/Escola-Pere-Vila-1922.pdf\">Escola Pere Vila, 1922<\/a>).<\/p>\n<p>Sobre aquesta estructura de tres plantes i una sota coberta, s&#8217;han adaptat els diferents espais a les necessitats educatives actuals. Espais amplis i di\u00e0fans (grans vest\u00edbuls, escales, aules i sala d&#8217;actes) es combinen amb els finestrals que proporcionen abundant llum natural a totes les estances. Les persianes venecianes autom\u00e0tiques ajuden a l&#8217;adequada regulaci\u00f3 de l&#8217;entrada de llum.<\/p>\n<p>La fa\u00e7ana hist\u00f2rica i la &#8220;font&#8221; han estat rehabilitades recentment i el pati ha estat unificat, i ara \u00e9s un espai compartit amb l&#8217;escola Pere Vila. A l&#8217;interior, destaquem la retirada de determinats envans per plafons m\u00f2bils que permeten unir r\u00e0pidament dues aules i facilitar el treball cooperatiu en gran grup i la codoc\u00e8ncia. Totes les aules compten amb wifi, pissarres digitals i projectors.<\/p>\n<p><a href=\"https:\/\/agora.xtec.cat\/iespauclaris\/wp-content\/uploads\/usu835\/2021\/01\/Fac\u0327anes.jpg\"><img loading=\"lazy\" decoding=\"async\" class=\"alignnone size-thumbnail wp-image-1186\" src=\"https:\/\/agora.xtec.cat\/iespauclaris\/wp-content\/uploads\/usu835\/2021\/01\/Fac\u0327anes-150x150.jpg\" alt=\"\" width=\"150\" height=\"150\" srcset=\"https:\/\/agora.xtec.cat\/iespauclaris\/wp-content\/uploads\/usu835\/2021\/01\/Fac\u0327anes-150x150.jpg 150w, https:\/\/agora.xtec.cat\/iespauclaris\/wp-content\/uploads\/usu835\/2021\/01\/Fac\u0327anes-300x300.jpg 300w, https:\/\/agora.xtec.cat\/iespauclaris\/wp-content\/uploads\/usu835\/2021\/01\/Fac\u0327anes.jpg 768w\" sizes=\"auto, (max-width: 150px) 100vw, 150px\" \/><\/a><a href=\"https:\/\/agora.xtec.cat\/iespauclaris\/wp-content\/uploads\/usu835\/2021\/01\/Acce\u0301s.jpg\"><img loading=\"lazy\" decoding=\"async\" class=\"alignnone size-thumbnail wp-image-1190\" src=\"https:\/\/agora.xtec.cat\/iespauclaris\/wp-content\/uploads\/usu835\/2021\/01\/Acce\u0301s-150x150.jpg\" alt=\"\" width=\"150\" height=\"150\" srcset=\"https:\/\/agora.xtec.cat\/iespauclaris\/wp-content\/uploads\/usu835\/2021\/01\/Acce\u0301s-150x150.jpg 150w, https:\/\/agora.xtec.cat\/iespauclaris\/wp-content\/uploads\/usu835\/2021\/01\/Acce\u0301s-300x300.jpg 300w, https:\/\/agora.xtec.cat\/iespauclaris\/wp-content\/uploads\/usu835\/2021\/01\/Acce\u0301s.jpg 768w\" sizes=\"auto, (max-width: 150px) 100vw, 150px\" \/><\/a><a href=\"https:\/\/agora.xtec.cat\/iespauclaris\/wp-content\/uploads\/usu835\/2021\/01\/Detall-interior.jpg\"><img loading=\"lazy\" decoding=\"async\" class=\"alignnone size-thumbnail wp-image-1193\" src=\"https:\/\/agora.xtec.cat\/iespauclaris\/wp-content\/uploads\/usu835\/2021\/01\/Detall-interior-150x150.jpg\" alt=\"\" width=\"150\" height=\"150\" srcset=\"https:\/\/agora.xtec.cat\/iespauclaris\/wp-content\/uploads\/usu835\/2021\/01\/Detall-interior-150x150.jpg 150w, https:\/\/agora.xtec.cat\/iespauclaris\/wp-content\/uploads\/usu835\/2021\/01\/Detall-interior-300x300.jpg 300w, https:\/\/agora.xtec.cat\/iespauclaris\/wp-content\/uploads\/usu835\/2021\/01\/Detall-interior.jpg 768w\" sizes=\"auto, (max-width: 150px) 100vw, 150px\" \/><\/a><a href=\"https:\/\/agora.xtec.cat\/iespauclaris\/wp-content\/uploads\/usu835\/2021\/01\/Lavabos.jpg\"><img loading=\"lazy\" decoding=\"async\" class=\"alignnone size-thumbnail wp-image-1187\" src=\"https:\/\/agora.xtec.cat\/iespauclaris\/wp-content\/uploads\/usu835\/2021\/01\/Lavabos-150x150.jpg\" alt=\"\" width=\"150\" height=\"150\" srcset=\"https:\/\/agora.xtec.cat\/iespauclaris\/wp-content\/uploads\/usu835\/2021\/01\/Lavabos-150x150.jpg 150w, https:\/\/agora.xtec.cat\/iespauclaris\/wp-content\/uploads\/usu835\/2021\/01\/Lavabos-300x300.jpg 300w, https:\/\/agora.xtec.cat\/iespauclaris\/wp-content\/uploads\/usu835\/2021\/01\/Lavabos.jpg 768w\" sizes=\"auto, (max-width: 150px) 100vw, 150px\" \/><\/a><a href=\"https:\/\/agora.xtec.cat\/iespauclaris\/wp-content\/uploads\/usu835\/2020\/12\/Captura-de-pantalla-2020-12-29-a-les-21.32.19.png\"><img loading=\"lazy\" decoding=\"async\" class=\"alignnone size-thumbnail wp-image-891\" src=\"https:\/\/agora.xtec.cat\/iespauclaris\/wp-content\/uploads\/usu835\/2020\/12\/Captura-de-pantalla-2020-12-29-a-les-21.32.19-150x150.png\" alt=\"\" width=\"150\" height=\"150\" \/><\/a><a href=\"https:\/\/agora.xtec.cat\/iespauclaris\/wp-content\/uploads\/usu835\/2021\/01\/Cuina.jpg\"><img loading=\"lazy\" decoding=\"async\" class=\"alignnone size-thumbnail wp-image-1189\" src=\"https:\/\/agora.xtec.cat\/iespauclaris\/wp-content\/uploads\/usu835\/2021\/01\/Cuina-150x150.jpg\" alt=\"\" width=\"150\" height=\"150\" srcset=\"https:\/\/agora.xtec.cat\/iespauclaris\/wp-content\/uploads\/usu835\/2021\/01\/Cuina-150x150.jpg 150w, https:\/\/agora.xtec.cat\/iespauclaris\/wp-content\/uploads\/usu835\/2021\/01\/Cuina-300x300.jpg 300w, https:\/\/agora.xtec.cat\/iespauclaris\/wp-content\/uploads\/usu835\/2021\/01\/Cuina.jpg 768w\" sizes=\"auto, (max-width: 150px) 100vw, 150px\" \/><\/a><a href=\"https:\/\/agora.xtec.cat\/iespauclaris\/wp-content\/uploads\/usu835\/2021\/01\/Sotacoberta.jpg\"><img loading=\"lazy\" decoding=\"async\" class=\"alignnone size-thumbnail wp-image-1188\" src=\"https:\/\/agora.xtec.cat\/iespauclaris\/wp-content\/uploads\/usu835\/2021\/01\/Sotacoberta-150x150.jpg\" alt=\"\" width=\"150\" height=\"150\" srcset=\"https:\/\/agora.xtec.cat\/iespauclaris\/wp-content\/uploads\/usu835\/2021\/01\/Sotacoberta-150x150.jpg 150w, https:\/\/agora.xtec.cat\/iespauclaris\/wp-content\/uploads\/usu835\/2021\/01\/Sotacoberta-300x300.jpg 300w, https:\/\/agora.xtec.cat\/iespauclaris\/wp-content\/uploads\/usu835\/2021\/01\/Sotacoberta.jpg 768w\" sizes=\"auto, (max-width: 150px) 100vw, 150px\" \/><\/a><a href=\"https:\/\/agora.xtec.cat\/iespauclaris\/wp-content\/uploads\/usu835\/2021\/02\/Guixetes-2.jpg\"><img loading=\"lazy\" decoding=\"async\" class=\"alignnone size-thumbnail wp-image-1519\" src=\"https:\/\/agora.xtec.cat\/iespauclaris\/wp-content\/uploads\/usu835\/2021\/02\/Guixetes-2-150x150.jpg\" alt=\"\" width=\"150\" height=\"150\" srcset=\"https:\/\/agora.xtec.cat\/iespauclaris\/wp-content\/uploads\/usu835\/2021\/02\/Guixetes-2-150x150.jpg 150w, https:\/\/agora.xtec.cat\/iespauclaris\/wp-content\/uploads\/usu835\/2021\/02\/Guixetes-2-300x300.jpg 300w, https:\/\/agora.xtec.cat\/iespauclaris\/wp-content\/uploads\/usu835\/2021\/02\/Guixetes-2.jpg 344w\" sizes=\"auto, (max-width: 150px) 100vw, 150px\" \/><\/a><\/p>\n","protected":false},"excerpt":{"rendered":"<p>L&#8217;Institut Pau Claris ocupa una de les dues ales de l&#8217;edifici, en un principi Grup Escolar Pere Vila, i ara Escola Pere Vila i Institut Pau Claris. L\u2019edifici forma part del pla d\u2019escolaritzaci\u00f3 que la Comissi\u00f3 de Cultura de l\u2019Ajuntament de Barcelona va idear al&hellip;  <a href=\"https:\/\/agora.xtec.cat\/iespauclaris\/ins\/installacions\/\" title=\"Read Instal\u00b7lacions\">Llegeix m\u00e9s\u00bb<\/a><\/p>\n","protected":false},"author":1,"featured_media":0,"parent":19,"menu_order":50,"comment_status":"closed","ping_status":"closed","template":"page-templates\/side-menu.php","meta":{"_bbp_topic_count":0,"_bbp_reply_count":0,"_bbp_total_topic_count":0,"_bbp_total_reply_count":0,"_bbp_voice_count":0,"_bbp_anonymous_reply_count":0,"_bbp_topic_count_hidden":0,"_bbp_reply_count_hidden":0,"_bbp_forum_subforum_count":0,"footnotes":""},"class_list":["post-462","page","type-page","status-publish","hentry"],"post_mailing_queue_ids":[],"_links":{"self":[{"href":"https:\/\/agora.xtec.cat\/iespauclaris\/wp-json\/wp\/v2\/pages\/462","targetHints":{"allow":["GET"]}}],"collection":[{"href":"https:\/\/agora.xtec.cat\/iespauclaris\/wp-json\/wp\/v2\/pages"}],"about":[{"href":"https:\/\/agora.xtec.cat\/iespauclaris\/wp-json\/wp\/v2\/types\/page"}],"author":[{"embeddable":true,"href":"https:\/\/agora.xtec.cat\/iespauclaris\/wp-json\/wp\/v2\/users\/1"}],"replies":[{"embeddable":true,"href":"https:\/\/agora.xtec.cat\/iespauclaris\/wp-json\/wp\/v2\/comments?post=462"}],"version-history":[{"count":4,"href":"https:\/\/agora.xtec.cat\/iespauclaris\/wp-json\/wp\/v2\/pages\/462\/revisions"}],"predecessor-version":[{"id":1718,"href":"https:\/\/agora.xtec.cat\/iespauclaris\/wp-json\/wp\/v2\/pages\/462\/revisions\/1718"}],"up":[{"embeddable":true,"href":"https:\/\/agora.xtec.cat\/iespauclaris\/wp-json\/wp\/v2\/pages\/19"}],"wp:attachment":[{"href":"https:\/\/agora.xtec.cat\/iespauclaris\/wp-json\/wp\/v2\/media?parent=462"}],"curies":[{"name":"wp","href":"https:\/\/api.w.org\/{rel}","templated":true}]}}

<p>L&#8217;Institut Pau Claris ocupa una de les dues ales de l&#8217;edifici, en un principi Grup Escolar Pere Vila, i ara Escola Pere Vila i Institut Pau Claris. L’edifici forma part del pla d’escolarització que la Comissió de Cultura de l’Ajuntament de Barcelona va idear al 1916 i que es va dur a terme amb el llegat del Sr. Pere Vila. El projecte de la Comissió de Cultura estava liderat pel pedagog Manuel Ainaud i l’arquitecte Josep Goday.</p>
<p>Enllacem aquí el document de 1922 amb la història del centre i de l&#8217;edifici (<a href="https://agora.xtec.cat/iespauclaris/wp-content/uploads/usu835/2020/12/Escola-Pere-Vila-1922.pdf">Escola Pere Vila, 1922</a>).</p>
<p>Sobre aquesta estructura de tres plantes i una sota coberta, s&#8217;han adaptat els diferents espais a les necessitats educatives actuals. Espais amplis i diàfans (grans vestíbuls, escales, aules i sala d&#8217;actes) es combinen amb els finestrals que proporcionen abundant llum natural a totes les estances. Les persianes venecianes automàtiques ajuden a l&#8217;adequada regulació de l&#8217;entrada de llum.</p>
<p>La façana històrica i la &#8220;font&#8221; han estat rehabilitades recentment i el pati ha estat unificat, i ara és un espai compartit amb l&#8217;escola Pere Vila. A l&#8217;interior, destaquem la retirada de determinats envans per plafons mòbils que permeten unir ràpidament dues aules i facilitar el treball cooperatiu en gran grup i la codocència. Totes les aules compten amb wifi, pissarres digitals i projectors.</p>
<p><a href="https://agora.xtec.cat/iespauclaris/wp-content/uploads/usu835/2021/01/Façanes.jpg"><img loading="lazy" decoding="async" class="alignnone size-thumbnail wp-image-1186" src="https://agora.xtec.cat/iespauclaris/wp-content/uploads/usu835/2021/01/Façanes-150x150.jpg" alt="" width="150" height="150" srcset="https://agora.xtec.cat/iespauclaris/wp-content/uploads/usu835/2021/01/Façanes-150x150.jpg 150w, https://agora.xtec.cat/iespauclaris/wp-content/uploads/usu835/2021/01/Façanes-300x300.jpg 300w, https://agora.xtec.cat/iespauclaris/wp-content/uploads/usu835/2021/01/Façanes.jpg 768w" sizes="auto, (max-width: 150px) 100vw, 150px" /></a><a href="https://agora.xtec.cat/iespauclaris/wp-content/uploads/usu835/2021/01/Accés.jpg"><img loading="lazy" decoding="async" class="alignnone size-thumbnail wp-image-1190" src="https://agora.xtec.cat/iespauclaris/wp-content/uploads/usu835/2021/01/Accés-150x150.jpg" alt="" width="150" height="150" srcset="https://agora.xtec.cat/iespauclaris/wp-content/uploads/usu835/2021/01/Accés-150x150.jpg 150w, https://agora.xtec.cat/iespauclaris/wp-content/uploads/usu835/2021/01/Accés-300x300.jpg 300w, https://agora.xtec.cat/iespauclaris/wp-content/uploads/usu835/2021/01/Accés.jpg 768w" sizes="auto, (max-width: 150px) 100vw, 150px" /></a><a href="https://agora.xtec.cat/iespauclaris/wp-content/uploads/usu835/2021/01/Detall-interior.jpg"><img loading="lazy" decoding="async" class="alignnone size-thumbnail wp-image-1193" src="https://agora.xtec.cat/iespauclaris/wp-content/uploads/usu835/2021/01/Detall-interior-150x150.jpg" alt="" width="150" height="150" srcset="https://agora.xtec.cat/iespauclaris/wp-content/uploads/usu835/2021/01/Detall-interior-150x150.jpg 150w, https://agora.xtec.cat/iespauclaris/wp-content/uploads/usu835/2021/01/Detall-interior-300x300.jpg 300w, https://agora.xtec.cat/iespauclaris/wp-content/uploads/usu835/2021/01/Detall-interior.jpg 768w" sizes="auto, (max-width: 150px) 100vw, 150px" /></a><a href="https://agora.xtec.cat/iespauclaris/wp-content/uploads/usu835/2021/01/Lavabos.jpg"><img loading="lazy" decoding="async" class="alignnone size-thumbnail wp-image-1187" src="https://agora.xtec.cat/iespauclaris/wp-content/uploads/usu835/2021/01/Lavabos-150x150.jpg" alt="" width="150" height="150" srcset="https://agora.xtec.cat/iespauclaris/wp-content/uploads/usu835/2021/01/Lavabos-150x150.jpg 150w, https://agora.xtec.cat/iespauclaris/wp-content/uploads/usu835/2021/01/Lavabos-300x300.jpg 300w, https://agora.xtec.cat/iespauclaris/wp-content/uploads/usu835/2021/01/Lavabos.jpg 768w" sizes="auto, (max-width: 150px) 100vw, 150px" /></a><a href="https://agora.xtec.cat/iespauclaris/wp-content/uploads/usu835/2020/12/Captura-de-pantalla-2020-12-29-a-les-21.32.19.png"><img loading="lazy" decoding="async" class="alignnone size-thumbnail wp-image-891" src="https://agora.xtec.cat/iespauclaris/wp-content/uploads/usu835/2020/12/Captura-de-pantalla-2020-12-29-a-les-21.32.19-150x150.png" alt="" width="150" height="150" /></a><a href="https://agora.xtec.cat/iespauclaris/wp-content/uploads/usu835/2021/01/Cuina.jpg"><img loading="lazy" decoding="async" class="alignnone size-thumbnail wp-image-1189" src="https://agora.xtec.cat/iespauclaris/wp-content/uploads/usu835/2021/01/Cuina-150x150.jpg" alt="" width="150" height="150" srcset="https://agora.xtec.cat/iespauclaris/wp-content/uploads/usu835/2021/01/Cuina-150x150.jpg 150w, https://agora.xtec.cat/iespauclaris/wp-content/uploads/usu835/2021/01/Cuina-300x300.jpg 300w, https://agora.xtec.cat/iespauclaris/wp-content/uploads/usu835/2021/01/Cuina.jpg 768w" sizes="auto, (max-width: 150px) 100vw, 150px" /></a><a href="https://agora.xtec.cat/iespauclaris/wp-content/uploads/usu835/2021/01/Sotacoberta.jpg"><img loading="lazy" decoding="async" class="alignnone size-thumbnail wp-image-1188" src="https://agora.xtec.cat/iespauclaris/wp-content/uploads/usu835/2021/01/Sotacoberta-150x150.jpg" alt="" width="150" height="150" srcset="https://agora.xtec.cat/iespauclaris/wp-content/uploads/usu835/2021/01/Sotacoberta-150x150.jpg 150w, https://agora.xtec.cat/iespauclaris/wp-content/uploads/usu835/2021/01/Sotacoberta-300x300.jpg 300w, https://agora.xtec.cat/iespauclaris/wp-content/uploads/usu835/2021/01/Sotacoberta.jpg 768w" sizes="auto, (max-width: 150px) 100vw, 150px" /></a><a href="https://agora.xtec.cat/iespauclaris/wp-content/uploads/usu835/2021/02/Guixetes-2.jpg"><img loading="lazy" decoding="async" class="alignnone size-thumbnail wp-image-1519" src="https://agora.xtec.cat/iespauclaris/wp-content/uploads/usu835/2021/02/Guixetes-2-150x150.jpg" alt="" width="150" height="150" srcset="https://agora.xtec.cat/iespauclaris/wp-content/uploads/usu835/2021/02/Guixetes-2-150x150.jpg 150w, https://agora.xtec.cat/iespauclaris/wp-content/uploads/usu835/2021/02/Guixetes-2-300x300.jpg 300w, https://agora.xtec.cat/iespauclaris/wp-content/uploads/usu835/2021/02/Guixetes-2.jpg 344w" sizes="auto, (max-width: 150px) 100vw, 150px" /></a></p>

<p>L&#8217;Institut Pau Claris ocupa una de les dues ales de l&#8217;edifici, en un principi Grup Escolar Pere Vila, i ara Escola Pere Vila i Institut Pau Claris. L’edifici forma part del pla d’escolarització que la Comissió de Cultura de l’Ajuntament de Barcelona va idear al&hellip;  <a href="https://agora.xtec.cat/iespauclaris/ins/installacions/" title="Read Instal·lacions">Llegeix més»</a></p>
