{"id":46,"date":"2014-09-17T16:53:45","date_gmt":"2014-09-17T14:53:45","guid":{"rendered":"http:\/\/agora.xtec.cat\/iespauclaris\/?page_id=46"},"modified":"2024-09-17T17:26:23","modified_gmt":"2024-09-17T15:26:23","slug":"secretaria","status":"publish","type":"page","link":"https:\/\/agora.xtec.cat\/iespauclaris\/ins\/secretaria\/","title":{"rendered":"Secretaria"},"content":{"rendered":"<p><strong>Horari<\/strong><\/p>\n<p>L&#8217;horari d&#8217;atenci\u00f3 al p\u00fablic \u00e9s de <strong>8.30\u202fh a 11.00\u202fh<\/strong><strong>\u00a0de 11.30 \u202fh a 14.30\u202fh<\/strong> de dilluns a divendres i dimecres tamb\u00e9 de <strong>15.30\u202f h a 17.30\u202fh<\/strong>.<\/p>\n<p>L\u2019horari d\u2019atenci\u00f3 al p\u00fablic d\u2019<strong>estiu<\/strong> \u00e9s de <strong>9.00\u202fh a 11.00 h i de 11.30 h a 14.00\u202fh<\/strong>. El centre romandr\u00e0 obert al p\u00fablic fins al 12 de juliol.<\/p>\n<p><strong>Contacte<\/strong><\/p>\n<p>Tel.: <span style=\"font-family: inherit; font-size: 1em;\">933 208 078 i c<\/span>orreu electr\u00f2nic: <strong>secretaria<span class=\"atwho-query\">@iespauclaris.org<\/span><\/strong><\/p>\n<p><strong>Perfil del contractant<\/strong><\/p>\n<div id=\"pg-785-0\" class=\"panel-grid panel-no-style\">\n<div id=\"pgc-785-0-0\" class=\"panel-grid-cell\">\n<div id=\"panel-785-0-0-1\" class=\"so-panel widget widget_sow-editor panel-last-child\" data-index=\"1\">\n<div class=\"so-widget-sow-editor so-widget-sow-editor-base\">\n<div class=\"siteorigin-widget-tinymce textwidget\">\n<p>L\u2019article 42 de la\u00a0<a href=\"https:\/\/www.google.es\/url?sa=t&amp;rct=j&amp;q=&amp;esrc=s&amp;source=web&amp;cd=1&amp;cad=rja&amp;uact=8&amp;ved=0ahUKEwjNqO7O14PNAhVDaxQKHclpAjMQFggbMAA&amp;url=https%3A%2F%2Fwww.boe.es%2Fboe_catalan%2Fdias%2F2007%2F11%2F03%2Fpdfs%2FA04375-04472.pdf&amp;usg=AFQjCNEb1CRQrBUWHgzY9oAfz_8cavgQDw&amp;sig2=x9MrNJJ9soyQ5iQVdyVjiQ&amp;bvm=bv.123325700,d.d2s\">Llei 30\/2007,\u00a0<\/a>de 30 d\u2019octubre, de Contractes del Sector P\u00fablic, crea el perfil del contractant, com un espai de difusi\u00f3 a trav\u00e9s d\u2019Internet de l\u2019activitat contractual del sector p\u00fablic i amb la finalitat d\u2019assegurar la transpar\u00e8ncia i l\u2019acc\u00e9s p\u00fablic a aquesta informaci\u00f3. Adre\u00e7a de presentaci\u00f3 d&#8217;ofertes i contacte: INS Pau Claris, <span style=\"font-family: inherit; font-size: 1em;\">Passeig Llu\u00eds Companys, 18. <\/span><span style=\"font-family: inherit; font-size: 1em;\">8018 Barcelona. H<\/span><span style=\"font-family: inherit; font-size: 1em;\">orari de registre:\u00a0<\/span><span style=\"font-family: inherit; font-size: 1em;\">Dll a dv: 09:00 h a 14:00 h. <\/span><span style=\"font-family: inherit; font-size: 1em;\">Tel: 933 208 078. C<\/span><span style=\"font-family: inherit; font-size: 1em;\">orreu electr\u00f2nic:\u00a0<\/span><a style=\"font-family: inherit; font-size: 1em;\" href=\"mailto:a8052608@xtec.cat\">a8052608<span class=\"\"><span class=\"\">@x<\/span>tec.cat<\/span><\/a><\/p>\n<p>Actualment no hi ha cap concurs obert.<\/p>\n<\/div>\n<\/div>\n<\/div>\n<\/div>\n<\/div>\n","protected":false},"excerpt":{"rendered":"<p>Horari<br \/>\nL&#8217;horari d&#8217;atenci\u00f3 al p\u00fablic \u00e9s de 8.30\u202fh a 11.00\u202fh\u00a0de 11.30 \u202fh a 14.30\u202fh de dilluns a divendres i dimecres tamb\u00e9 de 15.30\u202f h a 17.30\u202fh.<br \/>\nL\u2019horari d\u2019atenci\u00f3 al p\u00fablic d\u2019estiu \u00e9s de 9.00\u202fh a 11.00 h i de 11.30 h a 14.00\u202fh. El centre romandr\u00e0 obert&hellip;  <a href=\"https:\/\/agora.xtec.cat\/iespauclaris\/ins\/secretaria\/\" title=\"Read Secretaria\">Llegeix m\u00e9s\u00bb<\/a><\/p>\n","protected":false},"author":1,"featured_media":0,"parent":19,"menu_order":60,"comment_status":"closed","ping_status":"closed","template":"page-templates\/side-menu.php","meta":{"_bbp_topic_count":0,"_bbp_reply_count":0,"_bbp_total_topic_count":0,"_bbp_total_reply_count":0,"_bbp_voice_count":0,"_bbp_anonymous_reply_count":0,"_bbp_topic_count_hidden":0,"_bbp_reply_count_hidden":0,"_bbp_forum_subforum_count":0,"footnotes":""},"class_list":["post-46","page","type-page","status-publish","hentry"],"post_mailing_queue_ids":[],"_links":{"self":[{"href":"https:\/\/agora.xtec.cat\/iespauclaris\/wp-json\/wp\/v2\/pages\/46","targetHints":{"allow":["GET"]}}],"collection":[{"href":"https:\/\/agora.xtec.cat\/iespauclaris\/wp-json\/wp\/v2\/pages"}],"about":[{"href":"https:\/\/agora.xtec.cat\/iespauclaris\/wp-json\/wp\/v2\/types\/page"}],"author":[{"embeddable":true,"href":"https:\/\/agora.xtec.cat\/iespauclaris\/wp-json\/wp\/v2\/users\/1"}],"replies":[{"embeddable":true,"href":"https:\/\/agora.xtec.cat\/iespauclaris\/wp-json\/wp\/v2\/comments?post=46"}],"version-history":[{"count":6,"href":"https:\/\/agora.xtec.cat\/iespauclaris\/wp-json\/wp\/v2\/pages\/46\/revisions"}],"predecessor-version":[{"id":5621,"href":"https:\/\/agora.xtec.cat\/iespauclaris\/wp-json\/wp\/v2\/pages\/46\/revisions\/5621"}],"up":[{"embeddable":true,"href":"https:\/\/agora.xtec.cat\/iespauclaris\/wp-json\/wp\/v2\/pages\/19"}],"wp:attachment":[{"href":"https:\/\/agora.xtec.cat\/iespauclaris\/wp-json\/wp\/v2\/media?parent=46"}],"curies":[{"name":"wp","href":"https:\/\/api.w.org\/{rel}","templated":true}]}}

<p><strong>Horari</strong></p>
<p>L&#8217;horari d&#8217;atenció al públic és de <strong>8.30 h a 11.00 h</strong><strong> de 11.30  h a 14.30 h</strong> de dilluns a divendres i dimecres també de <strong>15.30  h a 17.30 h</strong>.</p>
<p>L’horari d’atenció al públic d’<strong>estiu</strong> és de <strong>9.00 h a 11.00 h i de 11.30 h a 14.00 h</strong>. El centre romandrà obert al públic fins al 12 de juliol.</p>
<p><strong>Contacte</strong></p>
<p>Tel.: <span style="font-family: inherit; font-size: 1em;">933 208 078 i c</span>orreu electrònic: <strong>secretaria<span class="atwho-query">@iespauclaris.org</span></strong></p>
<p><strong>Perfil del contractant</strong></p>
<div id="pg-785-0" class="panel-grid panel-no-style">
<div id="pgc-785-0-0" class="panel-grid-cell">
<div id="panel-785-0-0-1" class="so-panel widget widget_sow-editor panel-last-child" data-index="1">
<div class="so-widget-sow-editor so-widget-sow-editor-base">
<div class="siteorigin-widget-tinymce textwidget">
<p>L’article 42 de la <a href="https://www.google.es/url?sa=t&amp;rct=j&amp;q=&amp;esrc=s&amp;source=web&amp;cd=1&amp;cad=rja&amp;uact=8&amp;ved=0ahUKEwjNqO7O14PNAhVDaxQKHclpAjMQFggbMAA&amp;url=https%3A%2F%2Fwww.boe.es%2Fboe_catalan%2Fdias%2F2007%2F11%2F03%2Fpdfs%2FA04375-04472.pdf&amp;usg=AFQjCNEb1CRQrBUWHgzY9oAfz_8cavgQDw&amp;sig2=x9MrNJJ9soyQ5iQVdyVjiQ&amp;bvm=bv.123325700,d.d2s">Llei 30/2007, </a>de 30 d’octubre, de Contractes del Sector Públic, crea el perfil del contractant, com un espai de difusió a través d’Internet de l’activitat contractual del sector públic i amb la finalitat d’assegurar la transparència i l’accés públic a aquesta informació. Adreça de presentació d&#8217;ofertes i contacte: INS Pau Claris, <span style="font-family: inherit; font-size: 1em;">Passeig Lluís Companys, 18. </span><span style="font-family: inherit; font-size: 1em;">8018 Barcelona. H</span><span style="font-family: inherit; font-size: 1em;">orari de registre: </span><span style="font-family: inherit; font-size: 1em;">Dll a dv: 09:00 h a 14:00 h. </span><span style="font-family: inherit; font-size: 1em;">Tel: 933 208 078. C</span><span style="font-family: inherit; font-size: 1em;">orreu electrònic: </span><a style="font-family: inherit; font-size: 1em;" href="mailto:a8052608@xtec.cat">a8052608<span class=""><span class="">@x</span>tec.cat</span></a></p>
<p>Actualment no hi ha cap concurs obert.</p>
</div>
</div>
</div>
</div>
</div>

<p>Horari<br />
L&#8217;horari d&#8217;atenció al públic és de 8.30 h a 11.00 h de 11.30  h a 14.30 h de dilluns a divendres i dimecres també de 15.30  h a 17.30 h.<br />
L’horari d’atenció al públic d’estiu és de 9.00 h a 11.00 h i de 11.30 h a 14.00 h. El centre romandrà obert&hellip;  <a href="https://agora.xtec.cat/iespauclaris/ins/secretaria/" title="Read Secretaria">Llegeix més»</a></p>
