{"id":3292,"date":"2022-05-26T12:24:55","date_gmt":"2022-05-26T10:24:55","guid":{"rendered":"https:\/\/agora.xtec.cat\/iespauclaris\/?page_id=3292"},"modified":"2025-04-27T19:50:12","modified_gmt":"2025-04-27T17:50:12","slug":"cultura-digital","status":"publish","type":"page","link":"https:\/\/agora.xtec.cat\/iespauclaris\/ins\/estrategia-digital-de-centre\/cultura-digital\/","title":{"rendered":"Cultura digital"},"content":{"rendered":"<div style=\"width: 100%;\">\n<p>La cultura digital es concreta en diferents \u00e0mbits. Aix\u00ed, reconeixem directrius per a l&#8217;alumnat i el professorat. Pel que fa a alumnat cal tenir present l&#8217;\u00fas de dispositius digitals, la regulaci\u00f3 de l&#8217;\u00fas dels m\u00f2bils, el contrast d&#8217;informaci\u00f3 o la identitat personal. Si ens fixem en el professorat cal tenir en compte els continguts clau, el mapa competencial, l&#8217;autoria digital i les xarxes i seguretat.<\/p>\n<div><\/div>\n<div><\/div>\n<div style=\"width: 100%;\">\n<div style=\"position: relative; padding-bottom: 56.25%; padding-top: 0; height: 0;\"><iframe loading=\"lazy\" style=\"position: absolute; top: 0; left: 0; width: 100%; height: 100%;\" title=\"Cultura digital INS Pau Claris\" src=\"https:\/\/view.genially.com\/6340516a948d9e0011cac7e7\" width=\"1200\" height=\"675\" frameborder=\"0\" scrolling=\"yes\" allowfullscreen=\"allowfullscreen\"><\/iframe><\/div>\n<\/div>\n<\/div>\n","protected":false},"excerpt":{"rendered":"<p>La cultura digital es concreta en diferents \u00e0mbits. Aix\u00ed, reconeixem directrius per a l&#8217;alumnat i el professorat. Pel que fa a alumnat cal tenir present l&#8217;\u00fas de dispositius digitals, la regulaci\u00f3 de l&#8217;\u00fas dels m\u00f2bils, el contrast d&#8217;informaci\u00f3 o la identitat personal. Si ens fixem&hellip;  <a href=\"https:\/\/agora.xtec.cat\/iespauclaris\/ins\/estrategia-digital-de-centre\/cultura-digital\/\" title=\"Read Cultura digital\">Llegeix m\u00e9s\u00bb<\/a><\/p>\n","protected":false},"author":1,"featured_media":0,"parent":3266,"menu_order":2,"comment_status":"closed","ping_status":"closed","template":"page-templates\/side-menu.php","meta":{"_bbp_topic_count":0,"_bbp_reply_count":0,"_bbp_total_topic_count":0,"_bbp_total_reply_count":0,"_bbp_voice_count":0,"_bbp_anonymous_reply_count":0,"_bbp_topic_count_hidden":0,"_bbp_reply_count_hidden":0,"_bbp_forum_subforum_count":0,"footnotes":""},"class_list":["post-3292","page","type-page","status-publish","hentry"],"post_mailing_queue_ids":[],"_links":{"self":[{"href":"https:\/\/agora.xtec.cat\/iespauclaris\/wp-json\/wp\/v2\/pages\/3292","targetHints":{"allow":["GET"]}}],"collection":[{"href":"https:\/\/agora.xtec.cat\/iespauclaris\/wp-json\/wp\/v2\/pages"}],"about":[{"href":"https:\/\/agora.xtec.cat\/iespauclaris\/wp-json\/wp\/v2\/types\/page"}],"author":[{"embeddable":true,"href":"https:\/\/agora.xtec.cat\/iespauclaris\/wp-json\/wp\/v2\/users\/1"}],"replies":[{"embeddable":true,"href":"https:\/\/agora.xtec.cat\/iespauclaris\/wp-json\/wp\/v2\/comments?post=3292"}],"version-history":[{"count":4,"href":"https:\/\/agora.xtec.cat\/iespauclaris\/wp-json\/wp\/v2\/pages\/3292\/revisions"}],"predecessor-version":[{"id":6880,"href":"https:\/\/agora.xtec.cat\/iespauclaris\/wp-json\/wp\/v2\/pages\/3292\/revisions\/6880"}],"up":[{"embeddable":true,"href":"https:\/\/agora.xtec.cat\/iespauclaris\/wp-json\/wp\/v2\/pages\/3266"}],"wp:attachment":[{"href":"https:\/\/agora.xtec.cat\/iespauclaris\/wp-json\/wp\/v2\/media?parent=3292"}],"curies":[{"name":"wp","href":"https:\/\/api.w.org\/{rel}","templated":true}]}}

<div style="width: 100%;">
<p>La cultura digital es concreta en diferents àmbits. Així, reconeixem directrius per a l&#8217;alumnat i el professorat. Pel que fa a alumnat cal tenir present l&#8217;ús de dispositius digitals, la regulació de l&#8217;ús dels mòbils, el contrast d&#8217;informació o la identitat personal. Si ens fixem en el professorat cal tenir en compte els continguts clau, el mapa competencial, l&#8217;autoria digital i les xarxes i seguretat.</p>
<div></div>
<div></div>
<div style="width: 100%;">
<div style="position: relative; padding-bottom: 56.25%; padding-top: 0; height: 0;"><iframe loading="lazy" style="position: absolute; top: 0; left: 0; width: 100%; height: 100%;" title="Cultura digital INS Pau Claris" src="https://view.genially.com/6340516a948d9e0011cac7e7" width="1200" height="675" frameborder="0" scrolling="yes" allowfullscreen="allowfullscreen"></iframe></div>
</div>
</div>

<p>La cultura digital es concreta en diferents àmbits. Així, reconeixem directrius per a l&#8217;alumnat i el professorat. Pel que fa a alumnat cal tenir present l&#8217;ús de dispositius digitals, la regulació de l&#8217;ús dels mòbils, el contrast d&#8217;informació o la identitat personal. Si ens fixem&hellip;  <a href="https://agora.xtec.cat/iespauclaris/ins/estrategia-digital-de-centre/cultura-digital/" title="Read Cultura digital">Llegeix més»</a></p>
