{"id":195,"date":"2014-09-22T10:39:39","date_gmt":"2014-09-22T08:39:39","guid":{"rendered":"http:\/\/agora.xtec.cat\/iespauclaris\/?page_id=195"},"modified":"2021-10-16T17:47:19","modified_gmt":"2021-10-16T15:47:19","slug":"alum","status":"publish","type":"page","link":"https:\/\/agora.xtec.cat\/iespauclaris\/alum\/","title":{"rendered":"Alumnes"},"content":{"rendered":"<p>El curs 2021-22 al Pau Claris comptem amb dues l\u00ednies de 1r, 2r i 4t de l&#8217;ESO i tres de 3r, i amb una l\u00ednia a 1r i 2n de Batxillerat. Treballem amb la filosofia <strong>CARPA<\/strong>, de Cooperaci\u00f3 +\u00a0Autonomia +\u00a0Reflexi\u00f3 + Participaci\u00f3 + Aprendre a aprendre.<\/p>\n<p>Al Batxillerat del Pau Claris impartim la modalitat d&#8217;Humanitats i ci\u00e8ncies socials i la modalitat de Ci\u00e8ncies i tecnologia. Algun dels nostres alumnes que tamb\u00e9 estudia ensenyaments professionals de m\u00fasica o dansa, cursa la modalitat d&#8217;Arts esc\u00e8niques d&#8217;acord amb un pla individualitzat.<\/p>\n<p>&nbsp;<\/p>\n","protected":false},"excerpt":{"rendered":"<p>El curs 2021-22 al Pau Claris comptem amb dues l\u00ednies de 1r, 2r i 4t de l&#8217;ESO i tres de 3r, i amb una l\u00ednia a 1r i 2n de Batxillerat. Treballem amb la filosofia CARPA, de Cooperaci\u00f3 +\u00a0Autonomia +\u00a0Reflexi\u00f3 + Participaci\u00f3 + Aprendre a&hellip;  <a href=\"https:\/\/agora.xtec.cat\/iespauclaris\/alum\/\" title=\"Read Alumnes\">Llegeix m\u00e9s\u00bb<\/a><\/p>\n","protected":false},"author":1,"featured_media":0,"parent":0,"menu_order":0,"comment_status":"closed","ping_status":"closed","template":"page-templates\/side-menu.php","meta":{"_bbp_topic_count":0,"_bbp_reply_count":0,"_bbp_total_topic_count":0,"_bbp_total_reply_count":0,"_bbp_voice_count":0,"_bbp_anonymous_reply_count":0,"_bbp_topic_count_hidden":0,"_bbp_reply_count_hidden":0,"_bbp_forum_subforum_count":0,"footnotes":""},"class_list":["post-195","page","type-page","status-publish","hentry"],"post_mailing_queue_ids":[],"_links":{"self":[{"href":"https:\/\/agora.xtec.cat\/iespauclaris\/wp-json\/wp\/v2\/pages\/195","targetHints":{"allow":["GET"]}}],"collection":[{"href":"https:\/\/agora.xtec.cat\/iespauclaris\/wp-json\/wp\/v2\/pages"}],"about":[{"href":"https:\/\/agora.xtec.cat\/iespauclaris\/wp-json\/wp\/v2\/types\/page"}],"author":[{"embeddable":true,"href":"https:\/\/agora.xtec.cat\/iespauclaris\/wp-json\/wp\/v2\/users\/1"}],"replies":[{"embeddable":true,"href":"https:\/\/agora.xtec.cat\/iespauclaris\/wp-json\/wp\/v2\/comments?post=195"}],"version-history":[{"count":3,"href":"https:\/\/agora.xtec.cat\/iespauclaris\/wp-json\/wp\/v2\/pages\/195\/revisions"}],"predecessor-version":[{"id":2307,"href":"https:\/\/agora.xtec.cat\/iespauclaris\/wp-json\/wp\/v2\/pages\/195\/revisions\/2307"}],"wp:attachment":[{"href":"https:\/\/agora.xtec.cat\/iespauclaris\/wp-json\/wp\/v2\/media?parent=195"}],"curies":[{"name":"wp","href":"https:\/\/api.w.org\/{rel}","templated":true}]}}

<p>El curs 2021-22 al Pau Claris comptem amb dues línies de 1r, 2r i 4t de l&#8217;ESO i tres de 3r, i amb una línia a 1r i 2n de Batxillerat. Treballem amb la filosofia <strong>CARPA</strong>, de Cooperació + Autonomia + Reflexió + Participació + Aprendre a aprendre.</p>
<p>Al Batxillerat del Pau Claris impartim la modalitat d&#8217;Humanitats i ciències socials i la modalitat de Ciències i tecnologia. Algun dels nostres alumnes que també estudia ensenyaments professionals de música o dansa, cursa la modalitat d&#8217;Arts escèniques d&#8217;acord amb un pla individualitzat.</p>
<p>&nbsp;</p>

<p>El curs 2021-22 al Pau Claris comptem amb dues línies de 1r, 2r i 4t de l&#8217;ESO i tres de 3r, i amb una línia a 1r i 2n de Batxillerat. Treballem amb la filosofia CARPA, de Cooperació + Autonomia + Reflexió + Participació + Aprendre a&hellip;  <a href="https://agora.xtec.cat/iespauclaris/alum/" title="Read Alumnes">Llegeix més»</a></p>
