{"id":19,"date":"2014-09-17T14:56:56","date_gmt":"2014-09-17T12:56:56","guid":{"rendered":"http:\/\/agora.xtec.cat\/iespauclaris\/?page_id=19"},"modified":"2022-03-08T16:56:44","modified_gmt":"2022-03-08T15:56:44","slug":"ins","status":"publish","type":"page","link":"https:\/\/agora.xtec.cat\/iespauclaris\/ins\/","title":{"rendered":"Institut"},"content":{"rendered":"<p>L\u2019Institut Pau Claris (08052608) \u00e9s un centre p\u00fablic de Barcelona, amb dues l\u00ednies d\u2019ESO i una l\u00ednia de Batxillerat. Situat al passeig Llu\u00eds Companys n\u00famero 18, pertany al districte de Ciutat Vella de Barcelona. L&#8217;institut es defineix com un centre innovador, plural i inclusiu.<\/p>\n<p>Els centres adscrits a l&#8217;Institut Pau Claris s\u00f3n 08001790 <a href=\"https:\/\/agora.xtec.cat\/escolaperevila\/\">Escola Pere Vila<\/a> (institut de refer\u00e8ncia), 08001595 <a href=\"https:\/\/agora.xtec.cat\/escolabaixeras\/\">Escola Baixeras<\/a>, 08001789 <a href=\"https:\/\/agora.xtec.cat\/escolacervantes\/\">Escola Cervantes<\/a>, 08052657 <a href=\"http:\/\/escolafortpienc.cat\/\">Escola Fort Pienc <\/a>i\u00a008001601 <a href=\"https:\/\/www.escolaparcdelaciutadella.cat\/\">Escola Parc de la Ciutadella<\/a>.<\/p>\n<p>Per m\u00e9s informaci\u00f3 consulteu el <a href=\"https:\/\/issuu.com\/fmaldon3\/docs\/v03_institut_pau_claris-p\">tr\u00edptic informatiu<\/a> o el <a href=\"https:\/\/agora.xtec.cat\/iespauclaris\/wp-content\/uploads\/usu835\/2020\/07\/IPC-25-anys-web.pdf\" target=\"_blank\" rel=\"noopener noreferrer\">llibre del 25\u00e8 aniversari<\/a> del centre. Tamb\u00e9 podeu veure les <a href=\"https:\/\/drive.google.com\/file\/d\/1eXHZz22Ue9nFGMYm0WfGbMzZ04i-HZxm\/view?usp=sharing\" target=\"_blank\" rel=\"noopener noreferrer\">imatges de la celebraci\u00f3 dels 25 anys<\/a>. Afegim un parell de refer\u00e8ncies de l&#8217;institut als mitjans de comunicaci\u00f3: <a href=\"https:\/\/www.ara.cat\/societat\/capgirar-escola-tres-anys-Hem-sortit-confort-programa-innovacio-nova-21_0_2354764501.html\">Diari Ara<\/a> (1.12.2019) i <a href=\"https:\/\/elpais.com\/ccaa\/2019\/08\/24\/catalunya\/1566659366_104848.html\">El Pa\u00eds<\/a> (24.8.2019). Tampoc et pots perdre el nostre <a href=\"https:\/\/youtu.be\/OV-ewHr_19M\" target=\"_blank\" rel=\"noopener noreferrer\">himne<\/a>!<\/p>\n","protected":false},"excerpt":{"rendered":"<p>L\u2019Institut Pau Claris (08052608) \u00e9s un centre p\u00fablic de Barcelona, amb dues l\u00ednies d\u2019ESO i una l\u00ednia de Batxillerat. Situat al passeig Llu\u00eds Companys n\u00famero 18, pertany al districte de Ciutat Vella de Barcelona. L&#8217;institut es defineix com un centre innovador, plural i inclusiu.<br \/>\nEls centres&hellip;  <a href=\"https:\/\/agora.xtec.cat\/iespauclaris\/ins\/\" title=\"Read Institut\">Llegeix m\u00e9s\u00bb<\/a><\/p>\n","protected":false},"author":1,"featured_media":0,"parent":0,"menu_order":0,"comment_status":"closed","ping_status":"closed","template":"page-templates\/side-menu.php","meta":{"_bbp_topic_count":0,"_bbp_reply_count":0,"_bbp_total_topic_count":0,"_bbp_total_reply_count":0,"_bbp_voice_count":0,"_bbp_anonymous_reply_count":0,"_bbp_topic_count_hidden":0,"_bbp_reply_count_hidden":0,"_bbp_forum_subforum_count":0,"footnotes":""},"class_list":["post-19","page","type-page","status-publish","hentry"],"post_mailing_queue_ids":[],"_links":{"self":[{"href":"https:\/\/agora.xtec.cat\/iespauclaris\/wp-json\/wp\/v2\/pages\/19","targetHints":{"allow":["GET"]}}],"collection":[{"href":"https:\/\/agora.xtec.cat\/iespauclaris\/wp-json\/wp\/v2\/pages"}],"about":[{"href":"https:\/\/agora.xtec.cat\/iespauclaris\/wp-json\/wp\/v2\/types\/page"}],"author":[{"embeddable":true,"href":"https:\/\/agora.xtec.cat\/iespauclaris\/wp-json\/wp\/v2\/users\/1"}],"replies":[{"embeddable":true,"href":"https:\/\/agora.xtec.cat\/iespauclaris\/wp-json\/wp\/v2\/comments?post=19"}],"version-history":[{"count":3,"href":"https:\/\/agora.xtec.cat\/iespauclaris\/wp-json\/wp\/v2\/pages\/19\/revisions"}],"predecessor-version":[{"id":2859,"href":"https:\/\/agora.xtec.cat\/iespauclaris\/wp-json\/wp\/v2\/pages\/19\/revisions\/2859"}],"wp:attachment":[{"href":"https:\/\/agora.xtec.cat\/iespauclaris\/wp-json\/wp\/v2\/media?parent=19"}],"curies":[{"name":"wp","href":"https:\/\/api.w.org\/{rel}","templated":true}]}}

<p>L’Institut Pau Claris (08052608) és un centre públic de Barcelona, amb dues línies d’ESO i una línia de Batxillerat. Situat al passeig Lluís Companys número 18, pertany al districte de Ciutat Vella de Barcelona. L&#8217;institut es defineix com un centre innovador, plural i inclusiu.</p>
<p>Els centres adscrits a l&#8217;Institut Pau Claris són 08001790 <a href="https://agora.xtec.cat/escolaperevila/">Escola Pere Vila</a> (institut de referència), 08001595 <a href="https://agora.xtec.cat/escolabaixeras/">Escola Baixeras</a>, 08001789 <a href="https://agora.xtec.cat/escolacervantes/">Escola Cervantes</a>, 08052657 <a href="http://escolafortpienc.cat/">Escola Fort Pienc </a>i 08001601 <a href="https://www.escolaparcdelaciutadella.cat/">Escola Parc de la Ciutadella</a>.</p>
<p>Per més informació consulteu el <a href="https://issuu.com/fmaldon3/docs/v03_institut_pau_claris-p">tríptic informatiu</a> o el <a href="https://agora.xtec.cat/iespauclaris/wp-content/uploads/usu835/2020/07/IPC-25-anys-web.pdf" target="_blank" rel="noopener noreferrer">llibre del 25è aniversari</a> del centre. També podeu veure les <a href="https://drive.google.com/file/d/1eXHZz22Ue9nFGMYm0WfGbMzZ04i-HZxm/view?usp=sharing" target="_blank" rel="noopener noreferrer">imatges de la celebració dels 25 anys</a>. Afegim un parell de referències de l&#8217;institut als mitjans de comunicació: <a href="https://www.ara.cat/societat/capgirar-escola-tres-anys-Hem-sortit-confort-programa-innovacio-nova-21_0_2354764501.html">Diari Ara</a> (1.12.2019) i <a href="https://elpais.com/ccaa/2019/08/24/catalunya/1566659366_104848.html">El País</a> (24.8.2019). Tampoc et pots perdre el nostre <a href="https://youtu.be/OV-ewHr_19M" target="_blank" rel="noopener noreferrer">himne</a>!</p>

<p>L’Institut Pau Claris (08052608) és un centre públic de Barcelona, amb dues línies d’ESO i una línia de Batxillerat. Situat al passeig Lluís Companys número 18, pertany al districte de Ciutat Vella de Barcelona. L&#8217;institut es defineix com un centre innovador, plural i inclusiu.<br />
Els centres&hellip;  <a href="https://agora.xtec.cat/iespauclaris/ins/" title="Read Institut">Llegeix més»</a></p>
