{"id":1773,"date":"2021-03-01T20:56:38","date_gmt":"2021-03-01T19:56:38","guid":{"rendered":"http:\/\/agora.xtec.cat\/iespauclaris\/?page_id=1773"},"modified":"2023-06-28T12:15:21","modified_gmt":"2023-06-28T10:15:21","slug":"encarrecs","status":"publish","type":"page","link":"https:\/\/agora.xtec.cat\/iespauclaris\/pro\/encarrecs\/","title":{"rendered":"Enc\u00e0rrecs"},"content":{"rendered":"<p>Els <strong>enc\u00e0rrecs de centre<\/strong> fomenten la participaci\u00f3 i la corresponsabilitat de l\u2019alumnat en la gesti\u00f3 de l&#8217;institut. S\u00f3n enc\u00e0rrecs funcionals que contribueixen al bon funcionament del centre.\u00a0Des de les <strong>comissions<\/strong> i els <strong>reptes finals<\/strong> l\u2019alumne participa de l\u2019organitzaci\u00f3 i la gesti\u00f3 del Pau Claris, amb aprenentatges aut\u00e8ntics i motivadors.<\/p>\n<p>La gesti\u00f3 de les biblioteques, la comunicaci\u00f3 externa a les xarxes, l\u2019hort, les auditories ambientals, el disseny de la cartelleria, les campanyes de sostenibilitat o la mediaci\u00f3 en s\u00f3n alguns exemples.<\/p>\n","protected":false},"excerpt":{"rendered":"<p>Els enc\u00e0rrecs de centre fomenten la participaci\u00f3 i la corresponsabilitat de l\u2019alumnat en la gesti\u00f3 de l&#8217;institut. S\u00f3n enc\u00e0rrecs funcionals que contribueixen al bon funcionament del centre.\u00a0Des de les comissions i els reptes finals l\u2019alumne participa de l\u2019organitzaci\u00f3 i la gesti\u00f3 del Pau Claris, amb&hellip;  <a href=\"https:\/\/agora.xtec.cat\/iespauclaris\/pro\/encarrecs\/\" title=\"Read Enc\u00e0rrecs\">Llegeix m\u00e9s\u00bb<\/a><\/p>\n","protected":false},"author":1,"featured_media":0,"parent":621,"menu_order":3,"comment_status":"closed","ping_status":"closed","template":"page-templates\/side-menu.php","meta":{"_bbp_topic_count":0,"_bbp_reply_count":0,"_bbp_total_topic_count":0,"_bbp_total_reply_count":0,"_bbp_voice_count":0,"_bbp_anonymous_reply_count":0,"_bbp_topic_count_hidden":0,"_bbp_reply_count_hidden":0,"_bbp_forum_subforum_count":0,"footnotes":""},"class_list":["post-1773","page","type-page","status-publish","hentry"],"post_mailing_queue_ids":[],"_links":{"self":[{"href":"https:\/\/agora.xtec.cat\/iespauclaris\/wp-json\/wp\/v2\/pages\/1773","targetHints":{"allow":["GET"]}}],"collection":[{"href":"https:\/\/agora.xtec.cat\/iespauclaris\/wp-json\/wp\/v2\/pages"}],"about":[{"href":"https:\/\/agora.xtec.cat\/iespauclaris\/wp-json\/wp\/v2\/types\/page"}],"author":[{"embeddable":true,"href":"https:\/\/agora.xtec.cat\/iespauclaris\/wp-json\/wp\/v2\/users\/1"}],"replies":[{"embeddable":true,"href":"https:\/\/agora.xtec.cat\/iespauclaris\/wp-json\/wp\/v2\/comments?post=1773"}],"version-history":[{"count":3,"href":"https:\/\/agora.xtec.cat\/iespauclaris\/wp-json\/wp\/v2\/pages\/1773\/revisions"}],"predecessor-version":[{"id":4519,"href":"https:\/\/agora.xtec.cat\/iespauclaris\/wp-json\/wp\/v2\/pages\/1773\/revisions\/4519"}],"up":[{"embeddable":true,"href":"https:\/\/agora.xtec.cat\/iespauclaris\/wp-json\/wp\/v2\/pages\/621"}],"wp:attachment":[{"href":"https:\/\/agora.xtec.cat\/iespauclaris\/wp-json\/wp\/v2\/media?parent=1773"}],"curies":[{"name":"wp","href":"https:\/\/api.w.org\/{rel}","templated":true}]}}

Encàrrecs

<p>Els <strong>encàrrecs de centre</strong> fomenten la participació i la corresponsabilitat de l’alumnat en la gestió de l&#8217;institut. Són encàrrecs funcionals que contribueixen al bon funcionament del centre. Des de les <strong>comissions</strong> i els <strong>reptes finals</strong> l’alumne participa de l’organització i la gestió del Pau Claris, amb aprenentatges autèntics i motivadors.</p>
<p>La gestió de les biblioteques, la comunicació externa a les xarxes, l’hort, les auditories ambientals, el disseny de la cartelleria, les campanyes de sostenibilitat o la mediació en són alguns exemples.</p>

<p>Els encàrrecs de centre fomenten la participació i la corresponsabilitat de l’alumnat en la gestió de l&#8217;institut. Són encàrrecs funcionals que contribueixen al bon funcionament del centre. Des de les comissions i els reptes finals l’alumne participa de l’organització i la gestió del Pau Claris, amb&hellip;  <a href="https://agora.xtec.cat/iespauclaris/pro/encarrecs/" title="Read Encàrrecs">Llegeix més»</a></p>
