{"id":1770,"date":"2021-03-01T20:03:51","date_gmt":"2021-03-01T19:03:51","guid":{"rendered":"http:\/\/agora.xtec.cat\/iespauclaris\/?page_id=1770"},"modified":"2023-06-28T12:13:23","modified_gmt":"2023-06-28T10:13:23","slug":"topics","status":"publish","type":"page","link":"https:\/\/agora.xtec.cat\/iespauclaris\/pro\/topics\/","title":{"rendered":"T\u00f2pics"},"content":{"rendered":"<p><span style=\"font-weight: 400;\">Al Pau Claris anomenem T\u00f2pics a les optatives.\u00a0<\/span><span style=\"font-weight: 400;\">Els T\u00f2pics s\u00f3n tallers internivells (1r, 2n i 3r d\u2019ESO), d\u2019aprenentatges transversals i vivencials, que responen a les motivacions i interessos personals dels alumnes. L\u2019aprenent escull diferents T\u00f2pics cada curs i dissenya un itinerari personal en qu\u00e8 treballa les compet\u00e8ncies de l\u2019\u00c0mbit de Cultura i Valors i de l\u2019\u00c0mbit Personal i Social, en el marc del Drets Humans i els Objectius de Desenvolupament Sostenible. <\/span><\/p>\n<p><span style=\"font-weight: 400;\">En aquest sentit, els T\u00f2pics aporten:<strong> 01<\/strong> La personalitzaci\u00f3 de l\u2019aprenentatge, a partir dels seus interessos i motivacions personals. <strong>02 <\/strong><\/span><span style=\"font-family: inherit; font-size: 1em;\">L\u2019oportunitat de donar respostes innovadores en una societat canviant i en evoluci\u00f3 constant. <span style=\"font-weight: 400;\"><strong>03 <\/strong><\/span><\/span><span style=\"font-family: inherit; font-size: 1em;\">Relacionar-se amb companys d\u2019altres edats. <span style=\"font-weight: 400;\"><strong>04 <\/strong><\/span><\/span><span style=\"font-family: inherit; font-size: 1em;\">Adquirir aprenentatges m\u00e9s transferibles, permanents, productius i funcionals. <span style=\"font-weight: 400;\"><strong>05 <\/strong><\/span><\/span>Un espai d\u2019aprenentatge tranquil i proper.<\/p>\n<p>&nbsp;<\/p>\n","protected":false},"excerpt":{"rendered":"<p>Al Pau Claris anomenem T\u00f2pics a les optatives.\u00a0Els T\u00f2pics s\u00f3n tallers internivells (1r, 2n i 3r d\u2019ESO), d\u2019aprenentatges transversals i vivencials, que responen a les motivacions i interessos personals dels alumnes. L\u2019aprenent escull diferents T\u00f2pics cada curs i dissenya un itinerari personal en qu\u00e8 treballa&hellip;  <a href=\"https:\/\/agora.xtec.cat\/iespauclaris\/pro\/topics\/\" title=\"Read T\u00f2pics\">Llegeix m\u00e9s\u00bb<\/a><\/p>\n","protected":false},"author":1,"featured_media":0,"parent":621,"menu_order":7,"comment_status":"closed","ping_status":"closed","template":"page-templates\/side-menu.php","meta":{"_bbp_topic_count":0,"_bbp_reply_count":0,"_bbp_total_topic_count":0,"_bbp_total_reply_count":0,"_bbp_voice_count":0,"_bbp_anonymous_reply_count":0,"_bbp_topic_count_hidden":0,"_bbp_reply_count_hidden":0,"_bbp_forum_subforum_count":0,"footnotes":""},"class_list":["post-1770","page","type-page","status-publish","hentry"],"post_mailing_queue_ids":[],"_links":{"self":[{"href":"https:\/\/agora.xtec.cat\/iespauclaris\/wp-json\/wp\/v2\/pages\/1770","targetHints":{"allow":["GET"]}}],"collection":[{"href":"https:\/\/agora.xtec.cat\/iespauclaris\/wp-json\/wp\/v2\/pages"}],"about":[{"href":"https:\/\/agora.xtec.cat\/iespauclaris\/wp-json\/wp\/v2\/types\/page"}],"author":[{"embeddable":true,"href":"https:\/\/agora.xtec.cat\/iespauclaris\/wp-json\/wp\/v2\/users\/1"}],"replies":[{"embeddable":true,"href":"https:\/\/agora.xtec.cat\/iespauclaris\/wp-json\/wp\/v2\/comments?post=1770"}],"version-history":[{"count":3,"href":"https:\/\/agora.xtec.cat\/iespauclaris\/wp-json\/wp\/v2\/pages\/1770\/revisions"}],"predecessor-version":[{"id":4517,"href":"https:\/\/agora.xtec.cat\/iespauclaris\/wp-json\/wp\/v2\/pages\/1770\/revisions\/4517"}],"up":[{"embeddable":true,"href":"https:\/\/agora.xtec.cat\/iespauclaris\/wp-json\/wp\/v2\/pages\/621"}],"wp:attachment":[{"href":"https:\/\/agora.xtec.cat\/iespauclaris\/wp-json\/wp\/v2\/media?parent=1770"}],"curies":[{"name":"wp","href":"https:\/\/api.w.org\/{rel}","templated":true}]}}

Tòpics

<p><span style="font-weight: 400;">Al Pau Claris anomenem Tòpics a les optatives. </span><span style="font-weight: 400;">Els Tòpics són tallers internivells (1r, 2n i 3r d’ESO), d’aprenentatges transversals i vivencials, que responen a les motivacions i interessos personals dels alumnes. L’aprenent escull diferents Tòpics cada curs i dissenya un itinerari personal en què treballa les competències de l’Àmbit de Cultura i Valors i de l’Àmbit Personal i Social, en el marc del Drets Humans i els Objectius de Desenvolupament Sostenible. </span></p>
<p><span style="font-weight: 400;">En aquest sentit, els Tòpics aporten:<strong> 01</strong> La personalització de l’aprenentatge, a partir dels seus interessos i motivacions personals. <strong>02 </strong></span><span style="font-family: inherit; font-size: 1em;">L’oportunitat de donar respostes innovadores en una societat canviant i en evolució constant. <span style="font-weight: 400;"><strong>03 </strong></span></span><span style="font-family: inherit; font-size: 1em;">Relacionar-se amb companys d’altres edats. <span style="font-weight: 400;"><strong>04 </strong></span></span><span style="font-family: inherit; font-size: 1em;">Adquirir aprenentatges més transferibles, permanents, productius i funcionals. <span style="font-weight: 400;"><strong>05 </strong></span></span>Un espai d’aprenentatge tranquil i proper.</p>
<p>&nbsp;</p>

<p>Al Pau Claris anomenem Tòpics a les optatives. Els Tòpics són tallers internivells (1r, 2n i 3r d’ESO), d’aprenentatges transversals i vivencials, que responen a les motivacions i interessos personals dels alumnes. L’aprenent escull diferents Tòpics cada curs i dissenya un itinerari personal en què treballa&hellip;  <a href="https://agora.xtec.cat/iespauclaris/pro/topics/" title="Read Tòpics">Llegeix més»</a></p>
