{"id":1749,"date":"2021-02-28T19:19:59","date_gmt":"2021-02-28T18:19:59","guid":{"rendered":"http:\/\/agora.xtec.cat\/iespauclaris\/?page_id=1749"},"modified":"2023-06-28T12:38:50","modified_gmt":"2023-06-28T10:38:50","slug":"projectes-exit-educatiu","status":"publish","type":"page","link":"https:\/\/agora.xtec.cat\/iespauclaris\/projectes-exit-educatiu\/","title":{"rendered":"Fons social europeu"},"content":{"rendered":"<p>Els projectes d&#8217;\u00e8xit educatiu estan creats per articular actuacions innovadares de suport i refor\u00e7 per reduir i prevenir l&#8217;abandonament escolar prematur i fomentar la igualtat d&#8217;acc\u00e9s a una educaci\u00f3 de qualitat en els centres educatius.\u00a0Dins d&#8217;aquests projectes la Direcci\u00f3 General d&#8217;Innovaci\u00f3, Recerca i Cultura Digital del Departament d&#8217;Educaci\u00f3 va publicar la Resoluci\u00f3 del 20 de juliol 2019 va aprovar el Projecte amb oportunitat d&#8217;\u00e8xit educatiu a favor de l&#8217;alumnat (POEFA).<\/p>\n<p><img loading=\"lazy\" decoding=\"async\" class=\"n3VNCb alignnone\" src=\"https:\/\/serveiseducatius.xtec.cat\/badalona\/wp-content\/uploads\/usu1088\/2019\/09\/POEFA_0-e1568103731262.jpg\" alt=\"RECORDATORI!! Convocat\u00f2ria de selecci\u00f3 de Projectes amb Oportunitats d'\u00c8xit Educatiu a Favor de l'Alumnat (POEFA) | Servei Educatiu Ciutat de Badalona\" width=\"101\" height=\"96\" data-noaft=\"1\" \/><a href=\"https:\/\/agora.xtec.cat\/iespauclaris\/wp-content\/uploads\/usu835\/2021\/02\/Captura-POEFA.png\"><img loading=\"lazy\" decoding=\"async\" class=\"alignnone wp-image-1757 \" src=\"https:\/\/agora.xtec.cat\/iespauclaris\/wp-content\/uploads\/usu835\/2021\/02\/Captura-POEFA.png\" alt=\"\" width=\"614\" height=\"40\" \/><\/a><\/p>\n","protected":false},"excerpt":{"rendered":"<p>Els projectes d&#8217;\u00e8xit educatiu estan creats per articular actuacions innovadares de suport i refor\u00e7 per reduir i prevenir l&#8217;abandonament escolar prematur i fomentar la igualtat d&#8217;acc\u00e9s a una educaci\u00f3 de qualitat en els centres educatius.\u00a0Dins d&#8217;aquests projectes la Direcci\u00f3 General d&#8217;Innovaci\u00f3, Recerca i Cultura Digital&hellip;  <a href=\"https:\/\/agora.xtec.cat\/iespauclaris\/projectes-exit-educatiu\/\" title=\"Read Fons social europeu\">Llegeix m\u00e9s\u00bb<\/a><\/p>\n","protected":false},"author":1,"featured_media":0,"parent":0,"menu_order":0,"comment_status":"closed","ping_status":"closed","template":"page-templates\/side-menu.php","meta":{"_bbp_topic_count":0,"_bbp_reply_count":0,"_bbp_total_topic_count":0,"_bbp_total_reply_count":0,"_bbp_voice_count":0,"_bbp_anonymous_reply_count":0,"_bbp_topic_count_hidden":0,"_bbp_reply_count_hidden":0,"_bbp_forum_subforum_count":0,"footnotes":""},"class_list":["post-1749","page","type-page","status-publish","hentry"],"post_mailing_queue_ids":[],"_links":{"self":[{"href":"https:\/\/agora.xtec.cat\/iespauclaris\/wp-json\/wp\/v2\/pages\/1749","targetHints":{"allow":["GET"]}}],"collection":[{"href":"https:\/\/agora.xtec.cat\/iespauclaris\/wp-json\/wp\/v2\/pages"}],"about":[{"href":"https:\/\/agora.xtec.cat\/iespauclaris\/wp-json\/wp\/v2\/types\/page"}],"author":[{"embeddable":true,"href":"https:\/\/agora.xtec.cat\/iespauclaris\/wp-json\/wp\/v2\/users\/1"}],"replies":[{"embeddable":true,"href":"https:\/\/agora.xtec.cat\/iespauclaris\/wp-json\/wp\/v2\/comments?post=1749"}],"version-history":[{"count":3,"href":"https:\/\/agora.xtec.cat\/iespauclaris\/wp-json\/wp\/v2\/pages\/1749\/revisions"}],"predecessor-version":[{"id":4529,"href":"https:\/\/agora.xtec.cat\/iespauclaris\/wp-json\/wp\/v2\/pages\/1749\/revisions\/4529"}],"wp:attachment":[{"href":"https:\/\/agora.xtec.cat\/iespauclaris\/wp-json\/wp\/v2\/media?parent=1749"}],"curies":[{"name":"wp","href":"https:\/\/api.w.org\/{rel}","templated":true}]}}

<p>Els projectes d&#8217;èxit educatiu estan creats per articular actuacions innovadares de suport i reforç per reduir i prevenir l&#8217;abandonament escolar prematur i fomentar la igualtat d&#8217;accés a una educació de qualitat en els centres educatius. Dins d&#8217;aquests projectes la Direcció General d&#8217;Innovació, Recerca i Cultura Digital del Departament d&#8217;Educació va publicar la Resolució del 20 de juliol 2019 va aprovar el Projecte amb oportunitat d&#8217;èxit educatiu a favor de l&#8217;alumnat (POEFA).</p>
<p><img loading="lazy" decoding="async" class="n3VNCb alignnone" src="https://serveiseducatius.xtec.cat/badalona/wp-content/uploads/usu1088/2019/09/POEFA_0-e1568103731262.jpg" alt="RECORDATORI!! Convocatòria de selecció de Projectes amb Oportunitats d'Èxit Educatiu a Favor de l'Alumnat (POEFA) | Servei Educatiu Ciutat de Badalona" width="101" height="96" data-noaft="1" /><a href="https://agora.xtec.cat/iespauclaris/wp-content/uploads/usu835/2021/02/Captura-POEFA.png"><img loading="lazy" decoding="async" class="alignnone wp-image-1757 " src="https://agora.xtec.cat/iespauclaris/wp-content/uploads/usu835/2021/02/Captura-POEFA.png" alt="" width="614" height="40" /></a></p>

<p>Els projectes d&#8217;èxit educatiu estan creats per articular actuacions innovadares de suport i reforç per reduir i prevenir l&#8217;abandonament escolar prematur i fomentar la igualtat d&#8217;accés a una educació de qualitat en els centres educatius. Dins d&#8217;aquests projectes la Direcció General d&#8217;Innovació, Recerca i Cultura Digital&hellip;  <a href="https://agora.xtec.cat/iespauclaris/projectes-exit-educatiu/" title="Read Fons social europeu">Llegeix més»</a></p>
