{"id":1488,"date":"2021-02-04T10:58:47","date_gmt":"2021-02-04T09:58:47","guid":{"rendered":"http:\/\/agora.xtec.cat\/iespauclaris\/?page_id=1488"},"modified":"2023-06-28T12:36:11","modified_gmt":"2023-06-28T10:36:11","slug":"professorat","status":"publish","type":"page","link":"https:\/\/agora.xtec.cat\/iespauclaris\/professorat\/","title":{"rendered":"Professorat"},"content":{"rendered":"<p>L&#8217;equip hum\u00e0 de l&#8217;INS Pau Claris \u00e9s clau en el desenvolupament i \u00e8xit de l&#8217;educaci\u00f3 de l&#8217;alumnat del centre. Els valors essencials que fonamenten la nostra acci\u00f3 educativa \u00e9s el marc de l&#8217;escola avan\u00e7ada que es regeix pel marc dels <a href=\"https:\/\/www.escolanova21.cat\/wp\/wp-content\/uploads\/2019\/11\/UNESCO-Educacio_-hi-ha-un-tresor-amagat-a-dins.pdf\">4 pilars de l&#8217;educaci\u00f3 de Delors<\/a> (UNESCO), actualitzats el 2015 en el document <a href=\"http:\/\/www.mrp.cat\/admin\/magatzem\/inicides\/repensareducacio.pdf\">Repensar l&#8217;Educaci\u00f3<\/a> i la <a href=\"https:\/\/elsfutursdeleducacio.cat\/wp-content\/uploads\/2020\/05\/ED2030_CAT_2aEdicio.pdf\">Declaraci\u00f3 d&#8217;Incheon<\/a> en el seu objectiu 4 dels Objectius de Desenvolupament Sostenible (<a href=\"https:\/\/www.diba.cat\/web\/ods\/que-son-els-ods\">ODS<\/a>).<\/p>\n<p>L&#8217;equip hum\u00e0 basa la seva acci\u00f3 educativa en el treball en equip, la cooperaci\u00f3, la responsabilitat i el creixement professional impulsant la comunitat d&#8217;aprenentatge entre iguals fomentat per la codoc\u00e8ncia, la coordinaci\u00f3 dels equips, el lideratge distribu\u00eft i transformacional.<\/p>\n","protected":false},"excerpt":{"rendered":"<p>L&#8217;equip hum\u00e0 de l&#8217;INS Pau Claris \u00e9s clau en el desenvolupament i \u00e8xit de l&#8217;educaci\u00f3 de l&#8217;alumnat del centre. Els valors essencials que fonamenten la nostra acci\u00f3 educativa \u00e9s el marc de l&#8217;escola avan\u00e7ada que es regeix pel marc dels <a href=\"https:\/\/www.escolanova21.cat\/wp\/wp-content\/uploads\/2019\/11\/UNESCO-Educacio_-hi-ha-un-tresor-amagat-a-dins.pdf\">4 pilars de l&#8217;educaci\u00f3&hellip;  <a href=\"https:\/\/agora.xtec.cat\/iespauclaris\/professorat\/\" title=\"Read Professorat\">Llegeix m\u00e9s\u00bb<\/a><\/p>\n","protected":false},"author":1,"featured_media":0,"parent":0,"menu_order":5,"comment_status":"closed","ping_status":"closed","template":"page-templates\/side-menu.php","meta":{"_bbp_topic_count":0,"_bbp_reply_count":0,"_bbp_total_topic_count":0,"_bbp_total_reply_count":0,"_bbp_voice_count":0,"_bbp_anonymous_reply_count":0,"_bbp_topic_count_hidden":0,"_bbp_reply_count_hidden":0,"_bbp_forum_subforum_count":0,"footnotes":""},"class_list":["post-1488","page","type-page","status-publish","hentry"],"post_mailing_queue_ids":[],"_links":{"self":[{"href":"https:\/\/agora.xtec.cat\/iespauclaris\/wp-json\/wp\/v2\/pages\/1488","targetHints":{"allow":["GET"]}}],"collection":[{"href":"https:\/\/agora.xtec.cat\/iespauclaris\/wp-json\/wp\/v2\/pages"}],"about":[{"href":"https:\/\/agora.xtec.cat\/iespauclaris\/wp-json\/wp\/v2\/types\/page"}],"author":[{"embeddable":true,"href":"https:\/\/agora.xtec.cat\/iespauclaris\/wp-json\/wp\/v2\/users\/1"}],"replies":[{"embeddable":true,"href":"https:\/\/agora.xtec.cat\/iespauclaris\/wp-json\/wp\/v2\/comments?post=1488"}],"version-history":[{"count":4,"href":"https:\/\/agora.xtec.cat\/iespauclaris\/wp-json\/wp\/v2\/pages\/1488\/revisions"}],"predecessor-version":[{"id":4527,"href":"https:\/\/agora.xtec.cat\/iespauclaris\/wp-json\/wp\/v2\/pages\/1488\/revisions\/4527"}],"wp:attachment":[{"href":"https:\/\/agora.xtec.cat\/iespauclaris\/wp-json\/wp\/v2\/media?parent=1488"}],"curies":[{"name":"wp","href":"https:\/\/api.w.org\/{rel}","templated":true}]}}

<p>L&#8217;equip humà de l&#8217;INS Pau Claris és clau en el desenvolupament i èxit de l&#8217;educació de l&#8217;alumnat del centre. Els valors essencials que fonamenten la nostra acció educativa és el marc de l&#8217;escola avançada que es regeix pel marc dels <a href="https://www.escolanova21.cat/wp/wp-content/uploads/2019/11/UNESCO-Educacio_-hi-ha-un-tresor-amagat-a-dins.pdf">4 pilars de l&#8217;educació de Delors</a> (UNESCO), actualitzats el 2015 en el document <a href="http://www.mrp.cat/admin/magatzem/inicides/repensareducacio.pdf">Repensar l&#8217;Educació</a> i la <a href="https://elsfutursdeleducacio.cat/wp-content/uploads/2020/05/ED2030_CAT_2aEdicio.pdf">Declaració d&#8217;Incheon</a> en el seu objectiu 4 dels Objectius de Desenvolupament Sostenible (<a href="https://www.diba.cat/web/ods/que-son-els-ods">ODS</a>).</p>
<p>L&#8217;equip humà basa la seva acció educativa en el treball en equip, la cooperació, la responsabilitat i el creixement professional impulsant la comunitat d&#8217;aprenentatge entre iguals fomentat per la codocència, la coordinació dels equips, el lideratge distribuït i transformacional.</p>

<p>L&#8217;equip humà de l&#8217;INS Pau Claris és clau en el desenvolupament i èxit de l&#8217;educació de l&#8217;alumnat del centre. Els valors essencials que fonamenten la nostra acció educativa és el marc de l&#8217;escola avançada que es regeix pel marc dels <a href="https://www.escolanova21.cat/wp/wp-content/uploads/2019/11/UNESCO-Educacio_-hi-ha-un-tresor-amagat-a-dins.pdf">4 pilars de l&#8217;educació&hellip;  <a href="https://agora.xtec.cat/iespauclaris/professorat/" title="Read Professorat">Llegeix més»</a></p>
