{"id":1383,"date":"2021-01-25T19:25:17","date_gmt":"2021-01-25T18:25:17","guid":{"rendered":"http:\/\/agora.xtec.cat\/iespauclaris\/?page_id=1383"},"modified":"2021-02-13T09:34:35","modified_gmt":"2021-02-13T08:34:35","slug":"salut-escola","status":"publish","type":"page","link":"https:\/\/agora.xtec.cat\/iespauclaris\/ins\/aliances\/salut-escola\/","title":{"rendered":"Salut i escola"},"content":{"rendered":"<p><span style=\"font-family: inherit; font-size: 1em;\">L\u2019objectiu del <strong>Programa Salut i Escola<\/strong> (PSiE) \u00e9s millorar la salut dels adolescents mitjan\u00e7ant accions de promoci\u00f3 de la salut, de <strong>prevenci\u00f3 de les situacions de risc<\/strong> i <strong>d\u2019atenci\u00f3 preco\u00e7<\/strong> per als problemes relacionats amb la salut mental, la salut afectiva i sexual, el consum de drogues, alcohol i tabac, en col\u00b7laboraci\u00f3 amb els centres educatius i els serveis de salut comunit\u00e0ria presents en el territori.<\/span><\/p>\n<div>\n<div class=\"row\">\n<div class=\"basic_text_peq col-xs-12\">\n<div class=\"pd-15x\">\n<p>Els eixos fonamentals d&#8217;actuaci\u00f3 del PSiE s\u00f3n la salut <strong>mental<\/strong>; la salut <strong>afectiva<\/strong> i <strong>sexual<\/strong>; la viol\u00e8ncia i els maltractaments segons g\u00e8nere, els h\u00e0bits de salut (consum de tabac i altres drogues, altres addiccions, exercici f\u00edsic, dieta, etc) i els trastorns de la conducta aliment\u00e0ria.<\/p>\n<p>Una de les principals l\u00ednies d\u2019actuaci\u00f3 d\u2019aquest programa \u00e9s el servei <strong>Consulta Oberta<\/strong>, que implica el despla\u00e7ament peri\u00f2dic de professionals de l\u2019infermeria als centres docents per afavorir l\u2019accessibilitat dels adolescents a l\u2019atenci\u00f3 sanit\u00e0ria amb garanties de privacitat, confidencialitat i proximitat.<\/p>\n<\/div>\n<\/div>\n<\/div>\n<\/div>\n<div>\n<div>\n<div class=\"row\"><a style=\"font-family: inherit; font-size: 1em;\" href=\"https:\/\/agora.xtec.cat\/iespauclaris\/wp-content\/uploads\/usu835\/2021\/01\/Salut-i-escola.jpg\"><img loading=\"lazy\" decoding=\"async\" class=\"alignnone size-thumbnail wp-image-1388\" src=\"https:\/\/agora.xtec.cat\/iespauclaris\/wp-content\/uploads\/usu835\/2021\/01\/Salut-i-escola-150x150.jpg\" alt=\"\" width=\"150\" height=\"150\" srcset=\"https:\/\/agora.xtec.cat\/iespauclaris\/wp-content\/uploads\/usu835\/2021\/01\/Salut-i-escola-150x150.jpg 150w, https:\/\/agora.xtec.cat\/iespauclaris\/wp-content\/uploads\/usu835\/2021\/01\/Salut-i-escola-300x300.jpg 300w, https:\/\/agora.xtec.cat\/iespauclaris\/wp-content\/uploads\/usu835\/2021\/01\/Salut-i-escola.jpg 411w\" sizes=\"auto, (max-width: 150px) 100vw, 150px\" \/><\/a><\/div>\n<\/div>\n<\/div>\n","protected":false},"excerpt":{"rendered":"<p>L\u2019objectiu del Programa Salut i Escola (PSiE) \u00e9s millorar la salut dels adolescents mitjan\u00e7ant accions de promoci\u00f3 de la salut, de prevenci\u00f3 de les situacions de risc i d\u2019atenci\u00f3 preco\u00e7 per als problemes relacionats amb la salut mental, la salut afectiva i sexual, el consum&hellip;  <a href=\"https:\/\/agora.xtec.cat\/iespauclaris\/ins\/aliances\/salut-escola\/\" title=\"Read Salut i escola\">Llegeix m\u00e9s\u00bb<\/a><\/p>\n","protected":false},"author":1,"featured_media":0,"parent":1250,"menu_order":10,"comment_status":"closed","ping_status":"closed","template":"page-templates\/side-menu.php","meta":{"_bbp_topic_count":0,"_bbp_reply_count":0,"_bbp_total_topic_count":0,"_bbp_total_reply_count":0,"_bbp_voice_count":0,"_bbp_anonymous_reply_count":0,"_bbp_topic_count_hidden":0,"_bbp_reply_count_hidden":0,"_bbp_forum_subforum_count":0,"footnotes":""},"class_list":["post-1383","page","type-page","status-publish","hentry"],"post_mailing_queue_ids":[],"_links":{"self":[{"href":"https:\/\/agora.xtec.cat\/iespauclaris\/wp-json\/wp\/v2\/pages\/1383","targetHints":{"allow":["GET"]}}],"collection":[{"href":"https:\/\/agora.xtec.cat\/iespauclaris\/wp-json\/wp\/v2\/pages"}],"about":[{"href":"https:\/\/agora.xtec.cat\/iespauclaris\/wp-json\/wp\/v2\/types\/page"}],"author":[{"embeddable":true,"href":"https:\/\/agora.xtec.cat\/iespauclaris\/wp-json\/wp\/v2\/users\/1"}],"replies":[{"embeddable":true,"href":"https:\/\/agora.xtec.cat\/iespauclaris\/wp-json\/wp\/v2\/comments?post=1383"}],"version-history":[{"count":3,"href":"https:\/\/agora.xtec.cat\/iespauclaris\/wp-json\/wp\/v2\/pages\/1383\/revisions"}],"predecessor-version":[{"id":1584,"href":"https:\/\/agora.xtec.cat\/iespauclaris\/wp-json\/wp\/v2\/pages\/1383\/revisions\/1584"}],"up":[{"embeddable":true,"href":"https:\/\/agora.xtec.cat\/iespauclaris\/wp-json\/wp\/v2\/pages\/1250"}],"wp:attachment":[{"href":"https:\/\/agora.xtec.cat\/iespauclaris\/wp-json\/wp\/v2\/media?parent=1383"}],"curies":[{"name":"wp","href":"https:\/\/api.w.org\/{rel}","templated":true}]}}

<p><span style="font-family: inherit; font-size: 1em;">L’objectiu del <strong>Programa Salut i Escola</strong> (PSiE) és millorar la salut dels adolescents mitjançant accions de promoció de la salut, de <strong>prevenció de les situacions de risc</strong> i <strong>d’atenció precoç</strong> per als problemes relacionats amb la salut mental, la salut afectiva i sexual, el consum de drogues, alcohol i tabac, en col·laboració amb els centres educatius i els serveis de salut comunitària presents en el territori.</span></p>
<div>
<div class="row">
<div class="basic_text_peq col-xs-12">
<div class="pd-15x">
<p>Els eixos fonamentals d&#8217;actuació del PSiE són la salut <strong>mental</strong>; la salut <strong>afectiva</strong> i <strong>sexual</strong>; la violència i els maltractaments segons gènere, els hàbits de salut (consum de tabac i altres drogues, altres addiccions, exercici físic, dieta, etc) i els trastorns de la conducta alimentària.</p>
<p>Una de les principals línies d’actuació d’aquest programa és el servei <strong>Consulta Oberta</strong>, que implica el desplaçament periòdic de professionals de l’infermeria als centres docents per afavorir l’accessibilitat dels adolescents a l’atenció sanitària amb garanties de privacitat, confidencialitat i proximitat.</p>
</div>
</div>
</div>
</div>
<div>
<div>
<div class="row"><a style="font-family: inherit; font-size: 1em;" href="https://agora.xtec.cat/iespauclaris/wp-content/uploads/usu835/2021/01/Salut-i-escola.jpg"><img loading="lazy" decoding="async" class="alignnone size-thumbnail wp-image-1388" src="https://agora.xtec.cat/iespauclaris/wp-content/uploads/usu835/2021/01/Salut-i-escola-150x150.jpg" alt="" width="150" height="150" srcset="https://agora.xtec.cat/iespauclaris/wp-content/uploads/usu835/2021/01/Salut-i-escola-150x150.jpg 150w, https://agora.xtec.cat/iespauclaris/wp-content/uploads/usu835/2021/01/Salut-i-escola-300x300.jpg 300w, https://agora.xtec.cat/iespauclaris/wp-content/uploads/usu835/2021/01/Salut-i-escola.jpg 411w" sizes="auto, (max-width: 150px) 100vw, 150px" /></a></div>
</div>
</div>

<p>L’objectiu del Programa Salut i Escola (PSiE) és millorar la salut dels adolescents mitjançant accions de promoció de la salut, de prevenció de les situacions de risc i d’atenció precoç per als problemes relacionats amb la salut mental, la salut afectiva i sexual, el consum&hellip;  <a href="https://agora.xtec.cat/iespauclaris/ins/aliances/salut-escola/" title="Read Salut i escola">Llegeix més»</a></p>
