{"id":1381,"date":"2021-01-25T19:22:52","date_gmt":"2021-01-25T18:22:52","guid":{"rendered":"http:\/\/agora.xtec.cat\/iespauclaris\/?page_id=1381"},"modified":"2021-02-28T21:02:06","modified_gmt":"2021-02-28T20:02:06","slug":"escoles-sostenibles","status":"publish","type":"page","link":"https:\/\/agora.xtec.cat\/iespauclaris\/ins\/aliances\/escoles-sostenibles\/","title":{"rendered":"Escoles m\u00e9s sostenibles"},"content":{"rendered":"<p>El centre \u00e9s un referent d&#8217;Escoles + Sostenibles des de 2005, portan a terme un ampli ventall d&#8217;activitats per fomentar la sostenibilitat, la petjada zero i la acci\u00f3 ciutadana vers la cura del planeta.  S&#8217; han fet auditories ambientals del centre, foment dels h\u00e0bits de reciclatge i de fomentar la reducci\u00f3 del consum. Al 2009 vam crear a jardi de les papellones per fomentar la biodiversitat de l&#8217;entorn. Tenim comissi\u00f3 verda i hort de pati des de 2016. Treballem en els microprojectes que impulsa Escoles + sostenibles, com l&#8217;efici\u00e8ncia energ\u00e8tica, la reducci\u00f3 dels residus, la recolecci\u00f3 de piles, el foment de la utilitzaci\u00f3 de materials biodegradables i la participaci\u00f3 en estudis de ci\u00e8ncia ciutadana per a la millora de la qualitat de l&#8217;aire a Barcelona.<\/p>\n<p><a href=\"https:\/\/agora.xtec.cat\/iespauclaris\/wp-content\/uploads\/usu835\/2021\/01\/Escoles-sostenibles.jpg\"><img loading=\"lazy\" decoding=\"async\" class=\"alignnone size-thumbnail wp-image-1387\" src=\"https:\/\/agora.xtec.cat\/iespauclaris\/wp-content\/uploads\/usu835\/2021\/01\/Escoles-sostenibles-150x150.jpg\" alt=\"\" width=\"150\" height=\"150\" srcset=\"https:\/\/agora.xtec.cat\/iespauclaris\/wp-content\/uploads\/usu835\/2021\/01\/Escoles-sostenibles-150x150.jpg 150w, https:\/\/agora.xtec.cat\/iespauclaris\/wp-content\/uploads\/usu835\/2021\/01\/Escoles-sostenibles-300x300.jpg 300w, https:\/\/agora.xtec.cat\/iespauclaris\/wp-content\/uploads\/usu835\/2021\/01\/Escoles-sostenibles.jpg 570w\" sizes=\"auto, (max-width: 150px) 100vw, 150px\" \/><\/a><\/p>\n","protected":false},"excerpt":{"rendered":"<p>El centre \u00e9s un referent d&#8217;Escoles + Sostenibles des de 2005, portan a terme un ampli ventall d&#8217;activitats per fomentar la sostenibilitat, la petjada zero i la acci\u00f3 ciutadana vers la cura del planeta.  S&#8217; han fet auditories ambientals del centre, foment dels h\u00e0bits&hellip;  <a href=\"https:\/\/agora.xtec.cat\/iespauclaris\/ins\/aliances\/escoles-sostenibles\/\" title=\"Read Escoles m\u00e9s sostenibles\">Llegeix m\u00e9s\u00bb<\/a><\/p>\n","protected":false},"author":1,"featured_media":0,"parent":1250,"menu_order":9,"comment_status":"closed","ping_status":"closed","template":"page-templates\/side-menu.php","meta":{"_bbp_topic_count":0,"_bbp_reply_count":0,"_bbp_total_topic_count":0,"_bbp_total_reply_count":0,"_bbp_voice_count":0,"_bbp_anonymous_reply_count":0,"_bbp_topic_count_hidden":0,"_bbp_reply_count_hidden":0,"_bbp_forum_subforum_count":0,"footnotes":""},"class_list":["post-1381","page","type-page","status-publish","hentry"],"post_mailing_queue_ids":[],"_links":{"self":[{"href":"https:\/\/agora.xtec.cat\/iespauclaris\/wp-json\/wp\/v2\/pages\/1381","targetHints":{"allow":["GET"]}}],"collection":[{"href":"https:\/\/agora.xtec.cat\/iespauclaris\/wp-json\/wp\/v2\/pages"}],"about":[{"href":"https:\/\/agora.xtec.cat\/iespauclaris\/wp-json\/wp\/v2\/types\/page"}],"author":[{"embeddable":true,"href":"https:\/\/agora.xtec.cat\/iespauclaris\/wp-json\/wp\/v2\/users\/1"}],"replies":[{"embeddable":true,"href":"https:\/\/agora.xtec.cat\/iespauclaris\/wp-json\/wp\/v2\/comments?post=1381"}],"version-history":[{"count":3,"href":"https:\/\/agora.xtec.cat\/iespauclaris\/wp-json\/wp\/v2\/pages\/1381\/revisions"}],"predecessor-version":[{"id":1769,"href":"https:\/\/agora.xtec.cat\/iespauclaris\/wp-json\/wp\/v2\/pages\/1381\/revisions\/1769"}],"up":[{"embeddable":true,"href":"https:\/\/agora.xtec.cat\/iespauclaris\/wp-json\/wp\/v2\/pages\/1250"}],"wp:attachment":[{"href":"https:\/\/agora.xtec.cat\/iespauclaris\/wp-json\/wp\/v2\/media?parent=1381"}],"curies":[{"name":"wp","href":"https:\/\/api.w.org\/{rel}","templated":true}]}}

Escoles més sostenibles

<p>El centre és un referent d&#8217;Escoles + Sostenibles des de 2005, portan a terme un ampli ventall d&#8217;activitats per fomentar la sostenibilitat, la petjada zero i la acció ciutadana vers la cura del planeta.  S&#8217; han fet auditories ambientals del centre, foment dels hàbits de reciclatge i de fomentar la reducció del consum. Al 2009 vam crear a jardi de les papellones per fomentar la biodiversitat de l&#8217;entorn. Tenim comissió verda i hort de pati des de 2016. Treballem en els microprojectes que impulsa Escoles + sostenibles, com l&#8217;eficiència energètica, la reducció dels residus, la recolecció de piles, el foment de la utilització de materials biodegradables i la participació en estudis de ciència ciutadana per a la millora de la qualitat de l&#8217;aire a Barcelona.</p>
<p><a href="https://agora.xtec.cat/iespauclaris/wp-content/uploads/usu835/2021/01/Escoles-sostenibles.jpg"><img loading="lazy" decoding="async" class="alignnone size-thumbnail wp-image-1387" src="https://agora.xtec.cat/iespauclaris/wp-content/uploads/usu835/2021/01/Escoles-sostenibles-150x150.jpg" alt="" width="150" height="150" srcset="https://agora.xtec.cat/iespauclaris/wp-content/uploads/usu835/2021/01/Escoles-sostenibles-150x150.jpg 150w, https://agora.xtec.cat/iespauclaris/wp-content/uploads/usu835/2021/01/Escoles-sostenibles-300x300.jpg 300w, https://agora.xtec.cat/iespauclaris/wp-content/uploads/usu835/2021/01/Escoles-sostenibles.jpg 570w" sizes="auto, (max-width: 150px) 100vw, 150px" /></a></p>

<p>El centre és un referent d&#8217;Escoles + Sostenibles des de 2005, portan a terme un ampli ventall d&#8217;activitats per fomentar la sostenibilitat, la petjada zero i la acció ciutadana vers la cura del planeta.  S&#8217; han fet auditories ambientals del centre, foment dels hàbits&hellip;  <a href="https://agora.xtec.cat/iespauclaris/ins/aliances/escoles-sostenibles/" title="Read Escoles més sostenibles">Llegeix més»</a></p>
