{"id":1292,"date":"2021-01-23T12:56:05","date_gmt":"2021-01-23T11:56:05","guid":{"rendered":"http:\/\/agora.xtec.cat\/iespauclaris\/?page_id=1292"},"modified":"2023-06-28T12:09:50","modified_gmt":"2023-06-28T10:09:50","slug":"treball-de-recerca","status":"publish","type":"page","link":"https:\/\/agora.xtec.cat\/iespauclaris\/pro\/treball-de-recerca\/","title":{"rendered":"TR"},"content":{"rendered":"<p><span style=\"font-weight: 400;\">El TR (Treball de Recerca) s\u2019emmarca dins del projecte de centre per enfortir la <strong>cultura cient\u00edfica<\/strong> i el <strong>pensament cr\u00edtic<\/strong> mitjan\u00e7ant la recerca i l\u2019educaci\u00f3 en valors, drets humans i ciutadania global. Aix\u00ed, al llarg del Batxillerat, treballem en codoc\u00e8ncia i de manera globalitzada i interdisciplin\u00e0ria reptes de proposta interna i externa.<\/span><span style=\"font-weight: 400;\">\u00a0<\/span><\/p>\n<p><span style=\"font-weight: 400;\">Al Pau Claris incloem el Treball de Recerca <strong>dins l&#8217;horari lectiu<\/strong> de l&#8217;alumnat i l&#8217;orientem a treballar els Objectius de Desenvolupament Sostenible de l\u2019Agenda 2030 de les Nacions Unides i els Drets Humans. Participem en el programa <a href=\"http:\/\/www.solidaritat.ub.edu\/educacio-per-la-pau-i-la-ciutadania-global\/\"> Recerca per a la ciutadania global<\/a> de la <a href=\"http:\/\/www.solidaritat.ub.edu\/\">Fundaci\u00f3 Solidaritat UB.<\/a>\u00a0<\/span>Comptem amb aliances amb altres entitats com el <a href=\"https:\/\/catesco.org\/\">Centre per a la UNESCO de Catalunya<\/a> i l\u2019<a href=\"https:\/\/ajuntament.barcelona.cat\/palaualos\/\">Espai Jove Palau Al\u00f2s<\/a>.<\/p>\n<p><a href=\"https:\/\/agora.xtec.cat\/iespauclaris\/wp-content\/uploads\/usu835\/2021\/01\/unnamed-2.jpg\"><img loading=\"lazy\" decoding=\"async\" class=\"alignnone wp-image-1049\" src=\"https:\/\/agora.xtec.cat\/iespauclaris\/wp-content\/uploads\/usu835\/2021\/01\/unnamed-2-150x150.jpg\" alt=\"\" width=\"203\" height=\"203\" \/><\/a><a href=\"https:\/\/agora.xtec.cat\/iespauclaris\/wp-content\/uploads\/usu835\/2021\/01\/2030-1.jpg\"><img loading=\"lazy\" decoding=\"async\" class=\"alignnone wp-image-1044 \" src=\"https:\/\/agora.xtec.cat\/iespauclaris\/wp-content\/uploads\/usu835\/2021\/01\/2030-1-150x150.jpg\" alt=\"\" width=\"120\" height=\"116\" \/><\/a><a href=\"https:\/\/agora.xtec.cat\/iespauclaris\/wp-content\/uploads\/usu835\/2021\/02\/logo-palau-alos.jpg\"><img loading=\"lazy\" decoding=\"async\" class=\"wp-image-1592 alignnone\" src=\"https:\/\/agora.xtec.cat\/iespauclaris\/wp-content\/uploads\/usu835\/2021\/02\/logo-palau-alos.jpg\" alt=\"\" width=\"157\" height=\"20\" \/><\/a><\/p>\n","protected":false},"excerpt":{"rendered":"<p>El TR (Treball de Recerca) s\u2019emmarca dins del projecte de centre per enfortir la cultura cient\u00edfica i el pensament cr\u00edtic mitjan\u00e7ant la recerca i l\u2019educaci\u00f3 en valors, drets humans i ciutadania global. Aix\u00ed, al llarg del Batxillerat, treballem en codoc\u00e8ncia i de manera globalitzada i&hellip;  <a href=\"https:\/\/agora.xtec.cat\/iespauclaris\/pro\/treball-de-recerca\/\" title=\"Read TR\">Llegeix m\u00e9s\u00bb<\/a><\/p>\n","protected":false},"author":1,"featured_media":0,"parent":621,"menu_order":80,"comment_status":"closed","ping_status":"closed","template":"page-templates\/side-menu.php","meta":{"_bbp_topic_count":0,"_bbp_reply_count":0,"_bbp_total_topic_count":0,"_bbp_total_reply_count":0,"_bbp_voice_count":0,"_bbp_anonymous_reply_count":0,"_bbp_topic_count_hidden":0,"_bbp_reply_count_hidden":0,"_bbp_forum_subforum_count":0,"footnotes":""},"class_list":["post-1292","page","type-page","status-publish","hentry"],"post_mailing_queue_ids":[],"_links":{"self":[{"href":"https:\/\/agora.xtec.cat\/iespauclaris\/wp-json\/wp\/v2\/pages\/1292","targetHints":{"allow":["GET"]}}],"collection":[{"href":"https:\/\/agora.xtec.cat\/iespauclaris\/wp-json\/wp\/v2\/pages"}],"about":[{"href":"https:\/\/agora.xtec.cat\/iespauclaris\/wp-json\/wp\/v2\/types\/page"}],"author":[{"embeddable":true,"href":"https:\/\/agora.xtec.cat\/iespauclaris\/wp-json\/wp\/v2\/users\/1"}],"replies":[{"embeddable":true,"href":"https:\/\/agora.xtec.cat\/iespauclaris\/wp-json\/wp\/v2\/comments?post=1292"}],"version-history":[{"count":4,"href":"https:\/\/agora.xtec.cat\/iespauclaris\/wp-json\/wp\/v2\/pages\/1292\/revisions"}],"predecessor-version":[{"id":4516,"href":"https:\/\/agora.xtec.cat\/iespauclaris\/wp-json\/wp\/v2\/pages\/1292\/revisions\/4516"}],"up":[{"embeddable":true,"href":"https:\/\/agora.xtec.cat\/iespauclaris\/wp-json\/wp\/v2\/pages\/621"}],"wp:attachment":[{"href":"https:\/\/agora.xtec.cat\/iespauclaris\/wp-json\/wp\/v2\/media?parent=1292"}],"curies":[{"name":"wp","href":"https:\/\/api.w.org\/{rel}","templated":true}]}}

<p><span style="font-weight: 400;">El TR (Treball de Recerca) s’emmarca dins del projecte de centre per enfortir la <strong>cultura científica</strong> i el <strong>pensament crític</strong> mitjançant la recerca i l’educació en valors, drets humans i ciutadania global. Així, al llarg del Batxillerat, treballem en codocència i de manera globalitzada i interdisciplinària reptes de proposta interna i externa.</span><span style="font-weight: 400;"> </span></p>
<p><span style="font-weight: 400;">Al Pau Claris incloem el Treball de Recerca <strong>dins l&#8217;horari lectiu</strong> de l&#8217;alumnat i l&#8217;orientem a treballar els Objectius de Desenvolupament Sostenible de l’Agenda 2030 de les Nacions Unides i els Drets Humans. Participem en el programa <a href="http://www.solidaritat.ub.edu/educacio-per-la-pau-i-la-ciutadania-global/"> Recerca per a la ciutadania global</a> de la <a href="http://www.solidaritat.ub.edu/">Fundació Solidaritat UB.</a> </span>Comptem amb aliances amb altres entitats com el <a href="https://catesco.org/">Centre per a la UNESCO de Catalunya</a> i l’<a href="https://ajuntament.barcelona.cat/palaualos/">Espai Jove Palau Alòs</a>.</p>
<p><a href="https://agora.xtec.cat/iespauclaris/wp-content/uploads/usu835/2021/01/unnamed-2.jpg"><img loading="lazy" decoding="async" class="alignnone wp-image-1049" src="https://agora.xtec.cat/iespauclaris/wp-content/uploads/usu835/2021/01/unnamed-2-150x150.jpg" alt="" width="203" height="203" /></a><a href="https://agora.xtec.cat/iespauclaris/wp-content/uploads/usu835/2021/01/2030-1.jpg"><img loading="lazy" decoding="async" class="alignnone wp-image-1044 " src="https://agora.xtec.cat/iespauclaris/wp-content/uploads/usu835/2021/01/2030-1-150x150.jpg" alt="" width="120" height="116" /></a><a href="https://agora.xtec.cat/iespauclaris/wp-content/uploads/usu835/2021/02/logo-palau-alos.jpg"><img loading="lazy" decoding="async" class="wp-image-1592 alignnone" src="https://agora.xtec.cat/iespauclaris/wp-content/uploads/usu835/2021/02/logo-palau-alos.jpg" alt="" width="157" height="20" /></a></p>

<p>El TR (Treball de Recerca) s’emmarca dins del projecte de centre per enfortir la cultura científica i el pensament crític mitjançant la recerca i l’educació en valors, drets humans i ciutadania global. Així, al llarg del Batxillerat, treballem en codocència i de manera globalitzada i&hellip;  <a href="https://agora.xtec.cat/iespauclaris/pro/treball-de-recerca/" title="Read TR">Llegeix més»</a></p>
