{"id":1268,"date":"2021-01-23T12:13:47","date_gmt":"2021-01-23T11:13:47","guid":{"rendered":"http:\/\/agora.xtec.cat\/iespauclaris\/?page_id=1268"},"modified":"2021-02-21T19:48:50","modified_gmt":"2021-02-21T18:48:50","slug":"dividir-x-sumar","status":"publish","type":"page","link":"https:\/\/agora.xtec.cat\/iespauclaris\/pro\/dividir-x-sumar\/","title":{"rendered":"Dividir x sumar"},"content":{"rendered":"<p class=\"p1\">El grup de matem\u00e0tiques de l\u2019Institut Pau Claris fem\u00a0una proposta centrada en la <strong>manipulaci\u00f3<\/strong>, amb l\u2019\u00fas de materials a l\u2019aula, la <strong>contextualitzaci\u00f3 dels continguts<\/strong>, proposant problemes propers a l&#8217;alumnat i procurant que tinguin una <strong>experi\u00e8ncia matem\u00e0tica feli\u00e7<\/strong>.<\/p>\n<p class=\"p1\">&#8220;<em>Els nens s\u2019interessen per all\u00f2\u00a0que els \u00e9s \u00fatil, que t\u00e9 relaci\u00f3 amb la seva pr\u00f2pia vida, els\u00a0llistats d\u2019exercicis mec\u00e0nics no tenen res a veure amb la\u00a0vida dels alumnes i els nens, s\u2019avorreixen, \u00e9s una defensa psicol\u00f2gica. L\u2019alumne ha de veure que el que li proposen\u00a0t\u00e9 una estreta relaci\u00f3 amb la vida i amb el progr\u00e9s del\u00a0m\u00f3n<\/em>.&#8221; Maria Ant\u00f2nia Canals<\/p>\n<p><em>&#8220;No hi ha res m\u00e9s motivador que l\u2019\u00e8xit. Per tant, \u00e9s molt important que els alumnes tinguin petits \u00e8xits a l\u2019hora de solucionar problemes i sentin l\u2019emoci\u00f3 d\u2019haver-ne resolt un.&#8221;<\/em>\u00a0Anton Aubanell<\/p>\n<p>En els seg\u00fcents enlla\u00e7os podeu veure exemples de la nostra proposta:<\/p>\n<p><a href=\"https:\/\/agora.xtec.cat\/iespauclaris\/pro\/dividir-x-sumar\/llei-dels-grans-nombres\/\"><img loading=\"lazy\" decoding=\"async\" class=\"alignnone size-thumbnail wp-image-1714\" src=\"https:\/\/agora.xtec.cat\/iespauclaris\/wp-content\/uploads\/usu835\/2021\/02\/llei-dels-grans-nombres-150x150.jpg\" alt=\"\" width=\"150\" height=\"150\" srcset=\"https:\/\/agora.xtec.cat\/iespauclaris\/wp-content\/uploads\/usu835\/2021\/02\/llei-dels-grans-nombres-150x150.jpg 150w, https:\/\/agora.xtec.cat\/iespauclaris\/wp-content\/uploads\/usu835\/2021\/02\/llei-dels-grans-nombres-300x300.jpg 300w, https:\/\/agora.xtec.cat\/iespauclaris\/wp-content\/uploads\/usu835\/2021\/02\/llei-dels-grans-nombres.jpg 400w\" sizes=\"auto, (max-width: 150px) 100vw, 150px\" \/><\/a> <a href=\"https:\/\/agora.xtec.cat\/iespauclaris\/pro\/dividir-x-sumar\/divisibilitat-amb-policubs\/\">\u00a0 <img loading=\"lazy\" decoding=\"async\" class=\"alignnone size-thumbnail wp-image-1713\" src=\"https:\/\/agora.xtec.cat\/iespauclaris\/wp-content\/uploads\/usu835\/2021\/02\/Divisibilitat-1-150x150.jpg\" alt=\"\" width=\"150\" height=\"150\" \/><\/a><\/p>\n","protected":false},"excerpt":{"rendered":"<p>El grup de matem\u00e0tiques de l\u2019Institut Pau Claris fem\u00a0una proposta centrada en la manipulaci\u00f3, amb l\u2019\u00fas de materials a l\u2019aula, la contextualitzaci\u00f3 dels continguts, proposant problemes propers a l&#8217;alumnat i procurant que tinguin una experi\u00e8ncia matem\u00e0tica feli\u00e7.<br \/>\n&#8220;Els nens s\u2019interessen per all\u00f2\u00a0que els \u00e9s \u00fatil, que&hellip;  <a href=\"https:\/\/agora.xtec.cat\/iespauclaris\/pro\/dividir-x-sumar\/\" title=\"Read Dividir x sumar\">Llegeix m\u00e9s\u00bb<\/a><\/p>\n","protected":false},"author":1,"featured_media":0,"parent":621,"menu_order":0,"comment_status":"closed","ping_status":"closed","template":"page-templates\/side-menu.php","meta":{"_bbp_topic_count":0,"_bbp_reply_count":0,"_bbp_total_topic_count":0,"_bbp_total_reply_count":0,"_bbp_voice_count":0,"_bbp_anonymous_reply_count":0,"_bbp_topic_count_hidden":0,"_bbp_reply_count_hidden":0,"_bbp_forum_subforum_count":0,"footnotes":""},"class_list":["post-1268","page","type-page","status-publish","hentry"],"post_mailing_queue_ids":[],"_links":{"self":[{"href":"https:\/\/agora.xtec.cat\/iespauclaris\/wp-json\/wp\/v2\/pages\/1268","targetHints":{"allow":["GET"]}}],"collection":[{"href":"https:\/\/agora.xtec.cat\/iespauclaris\/wp-json\/wp\/v2\/pages"}],"about":[{"href":"https:\/\/agora.xtec.cat\/iespauclaris\/wp-json\/wp\/v2\/types\/page"}],"author":[{"embeddable":true,"href":"https:\/\/agora.xtec.cat\/iespauclaris\/wp-json\/wp\/v2\/users\/1"}],"replies":[{"embeddable":true,"href":"https:\/\/agora.xtec.cat\/iespauclaris\/wp-json\/wp\/v2\/comments?post=1268"}],"version-history":[{"count":4,"href":"https:\/\/agora.xtec.cat\/iespauclaris\/wp-json\/wp\/v2\/pages\/1268\/revisions"}],"predecessor-version":[{"id":1631,"href":"https:\/\/agora.xtec.cat\/iespauclaris\/wp-json\/wp\/v2\/pages\/1268\/revisions\/1631"}],"up":[{"embeddable":true,"href":"https:\/\/agora.xtec.cat\/iespauclaris\/wp-json\/wp\/v2\/pages\/621"}],"wp:attachment":[{"href":"https:\/\/agora.xtec.cat\/iespauclaris\/wp-json\/wp\/v2\/media?parent=1268"}],"curies":[{"name":"wp","href":"https:\/\/api.w.org\/{rel}","templated":true}]}}

<p class="p1">El grup de matemàtiques de l’Institut Pau Claris fem una proposta centrada en la <strong>manipulació</strong>, amb l’ús de materials a l’aula, la <strong>contextualització dels continguts</strong>, proposant problemes propers a l&#8217;alumnat i procurant que tinguin una <strong>experiència matemàtica feliç</strong>.</p>
<p class="p1">&#8220;<em>Els nens s’interessen per allò que els és útil, que té relació amb la seva pròpia vida, els llistats d’exercicis mecànics no tenen res a veure amb la vida dels alumnes i els nens, s’avorreixen, és una defensa psicològica. L’alumne ha de veure que el que li proposen té una estreta relació amb la vida i amb el progrés del món</em>.&#8221; Maria Antònia Canals</p>
<p><em>&#8220;No hi ha res més motivador que l’èxit. Per tant, és molt important que els alumnes tinguin petits èxits a l’hora de solucionar problemes i sentin l’emoció d’haver-ne resolt un.&#8221;</em> Anton Aubanell</p>
<p>En els següents enllaços podeu veure exemples de la nostra proposta:</p>
<p><a href="https://agora.xtec.cat/iespauclaris/pro/dividir-x-sumar/llei-dels-grans-nombres/"><img loading="lazy" decoding="async" class="alignnone size-thumbnail wp-image-1714" src="https://agora.xtec.cat/iespauclaris/wp-content/uploads/usu835/2021/02/llei-dels-grans-nombres-150x150.jpg" alt="" width="150" height="150" srcset="https://agora.xtec.cat/iespauclaris/wp-content/uploads/usu835/2021/02/llei-dels-grans-nombres-150x150.jpg 150w, https://agora.xtec.cat/iespauclaris/wp-content/uploads/usu835/2021/02/llei-dels-grans-nombres-300x300.jpg 300w, https://agora.xtec.cat/iespauclaris/wp-content/uploads/usu835/2021/02/llei-dels-grans-nombres.jpg 400w" sizes="auto, (max-width: 150px) 100vw, 150px" /></a> <a href="https://agora.xtec.cat/iespauclaris/pro/dividir-x-sumar/divisibilitat-amb-policubs/">  <img loading="lazy" decoding="async" class="alignnone size-thumbnail wp-image-1713" src="https://agora.xtec.cat/iespauclaris/wp-content/uploads/usu835/2021/02/Divisibilitat-1-150x150.jpg" alt="" width="150" height="150" /></a></p>

<p>El grup de matemàtiques de l’Institut Pau Claris fem una proposta centrada en la manipulació, amb l’ús de materials a l’aula, la contextualització dels continguts, proposant problemes propers a l&#8217;alumnat i procurant que tinguin una experiència matemàtica feliç.<br />
&#8220;Els nens s’interessen per allò que els és útil, que&hellip;  <a href="https://agora.xtec.cat/iespauclaris/pro/dividir-x-sumar/" title="Read Dividir x sumar">Llegeix més»</a></p>
