{"id":1260,"date":"2021-01-23T12:10:11","date_gmt":"2021-01-23T11:10:11","guid":{"rendered":"http:\/\/agora.xtec.cat\/iespauclaris\/?page_id=1260"},"modified":"2023-06-28T12:14:13","modified_gmt":"2023-06-28T10:14:13","slug":"pro-soc-cien","status":"publish","type":"page","link":"https:\/\/agora.xtec.cat\/iespauclaris\/pro\/pro-soc-cien\/","title":{"rendered":"FUP Ci\u00e8ncies"},"content":{"rendered":"<p class=\"p1\">A 3r d&#8217;ESO treballem les <strong>compet\u00e8ncies socials<\/strong> i <strong>cientificotecnol\u00f2giques<\/strong> amb projectes, de manera interdisciplin\u00e0ria, treballant les compet\u00e8ncies, els objectius i els continguts relacionats amb el curr\u00edculum, de manera integrada (i no fragmentats per \u00e0rees de coneixement) per aconseguir un aprenentatge significatiu.<\/p>\n<p class=\"p1\">Plantegem activitats basades en contextos reals,\u00a0que requereixen el <strong>treball en equip cooperatiu<\/strong> i la\u00a0<strong>recerca<\/strong> i la <strong>reflexi\u00f3<\/strong> personal, per fomentar que l\u2019alumne\/a sigui protagonista dels seus aprenentatges.<\/p>\n<p>Actualment, tenim en marxa 3 projectes (un per trimestre): <em>Una nova visi\u00f3 del m\u00f3n, Ciutats<\/em> i <em>Veu i Brot (aprenentatge i servei)<\/em>, en qu\u00e8 treballem les compet\u00e8ncies de 5 \u00e0rees: les Ci\u00e8ncies Socials, la Biologia, la F\u00edsica i Qu\u00edmica, i la Tecnologia.<\/p>\n<p class=\"p1\">A l&#8217;aula, el professorat de FUP Ci\u00e8ncies guiem i acompanyem l\u2019alumnat en el seu proc\u00e9s d\u2019aprenentatge (proposem, regulem, preguntem, expliquem quan fa falta, introdu\u00efm continguts necessaris&#8230;). <span style=\"font-weight: 400;\">La <strong>codoc\u00e8ncia<\/strong> ens permet atendre les necessitats dels alumnes de manera \u00e0gil i personalitzada.<\/span><\/p>\n","protected":false},"excerpt":{"rendered":"<p>A 3r d&#8217;ESO treballem les compet\u00e8ncies socials i cientificotecnol\u00f2giques amb projectes, de manera interdisciplin\u00e0ria, treballant les compet\u00e8ncies, els objectius i els continguts relacionats amb el curr\u00edculum, de manera integrada (i no fragmentats per \u00e0rees de coneixement) per aconseguir un aprenentatge significatiu.<br \/>\nPlantegem activitats basades en contextos&hellip;  <a href=\"https:\/\/agora.xtec.cat\/iespauclaris\/pro\/pro-soc-cien\/\" title=\"Read FUP Ci\u00e8ncies\">Llegeix m\u00e9s\u00bb<\/a><\/p>\n","protected":false},"author":1,"featured_media":0,"parent":621,"menu_order":40,"comment_status":"closed","ping_status":"closed","template":"page-templates\/side-menu.php","meta":{"_bbp_topic_count":0,"_bbp_reply_count":0,"_bbp_total_topic_count":0,"_bbp_total_reply_count":0,"_bbp_voice_count":0,"_bbp_anonymous_reply_count":0,"_bbp_topic_count_hidden":0,"_bbp_reply_count_hidden":0,"_bbp_forum_subforum_count":0,"footnotes":""},"class_list":["post-1260","page","type-page","status-publish","hentry"],"post_mailing_queue_ids":[],"_links":{"self":[{"href":"https:\/\/agora.xtec.cat\/iespauclaris\/wp-json\/wp\/v2\/pages\/1260","targetHints":{"allow":["GET"]}}],"collection":[{"href":"https:\/\/agora.xtec.cat\/iespauclaris\/wp-json\/wp\/v2\/pages"}],"about":[{"href":"https:\/\/agora.xtec.cat\/iespauclaris\/wp-json\/wp\/v2\/types\/page"}],"author":[{"embeddable":true,"href":"https:\/\/agora.xtec.cat\/iespauclaris\/wp-json\/wp\/v2\/users\/1"}],"replies":[{"embeddable":true,"href":"https:\/\/agora.xtec.cat\/iespauclaris\/wp-json\/wp\/v2\/comments?post=1260"}],"version-history":[{"count":4,"href":"https:\/\/agora.xtec.cat\/iespauclaris\/wp-json\/wp\/v2\/pages\/1260\/revisions"}],"predecessor-version":[{"id":4518,"href":"https:\/\/agora.xtec.cat\/iespauclaris\/wp-json\/wp\/v2\/pages\/1260\/revisions\/4518"}],"up":[{"embeddable":true,"href":"https:\/\/agora.xtec.cat\/iespauclaris\/wp-json\/wp\/v2\/pages\/621"}],"wp:attachment":[{"href":"https:\/\/agora.xtec.cat\/iespauclaris\/wp-json\/wp\/v2\/media?parent=1260"}],"curies":[{"name":"wp","href":"https:\/\/api.w.org\/{rel}","templated":true}]}}

FUP Ciències

<p class="p1">A 3r d&#8217;ESO treballem les <strong>competències socials</strong> i <strong>cientificotecnològiques</strong> amb projectes, de manera interdisciplinària, treballant les competències, els objectius i els continguts relacionats amb el currículum, de manera integrada (i no fragmentats per àrees de coneixement) per aconseguir un aprenentatge significatiu.</p>
<p class="p1">Plantegem activitats basades en contextos reals, que requereixen el <strong>treball en equip cooperatiu</strong> i la <strong>recerca</strong> i la <strong>reflexió</strong> personal, per fomentar que l’alumne/a sigui protagonista dels seus aprenentatges.</p>
<p>Actualment, tenim en marxa 3 projectes (un per trimestre): <em>Una nova visió del món, Ciutats</em> i <em>Veu i Brot (aprenentatge i servei)</em>, en què treballem les competències de 5 àrees: les Ciències Socials, la Biologia, la Física i Química, i la Tecnologia.</p>
<p class="p1">A l&#8217;aula, el professorat de FUP Ciències guiem i acompanyem l’alumnat en el seu procés d’aprenentatge (proposem, regulem, preguntem, expliquem quan fa falta, introduïm continguts necessaris&#8230;). <span style="font-weight: 400;">La <strong>codocència</strong> ens permet atendre les necessitats dels alumnes de manera àgil i personalitzada.</span></p>

<p>A 3r d&#8217;ESO treballem les competències socials i cientificotecnològiques amb projectes, de manera interdisciplinària, treballant les competències, els objectius i els continguts relacionats amb el currículum, de manera integrada (i no fragmentats per àrees de coneixement) per aconseguir un aprenentatge significatiu.<br />
Plantegem activitats basades en contextos&hellip;  <a href="https://agora.xtec.cat/iespauclaris/pro/pro-soc-cien/" title="Read FUP Ciències">Llegeix més»</a></p>
