{"id":1150,"date":"2021-01-10T17:31:17","date_gmt":"2021-01-10T16:31:17","guid":{"rendered":"http:\/\/agora.xtec.cat\/iespauclaris\/?page_id=1150"},"modified":"2023-06-21T22:47:50","modified_gmt":"2023-06-21T20:47:50","slug":"acompanyament","status":"publish","type":"page","link":"https:\/\/agora.xtec.cat\/iespauclaris\/essencials\/acompanyament\/","title":{"rendered":"Acompanyament personalitzat"},"content":{"rendered":"<p><span style=\"font-weight: 400;\">L\u2019<\/span><b>acci\u00f3 tutorial<\/b><span style=\"font-weight: 400;\"> \u00e9s un pilar en el nostre projecte educatiu per aix\u00f2 tots els docents desenvolupem dos rols amb els alumnes: una <\/span><b>funci\u00f3 did\u00e0ctica<\/b><span style=\"font-weight: 400;\"> referida als aprenentatges, i una <\/span><b>funci\u00f3 orientadora<\/b><span style=\"font-weight: 400;\"> com a tutors personals.<\/span><\/p>\n<p><span style=\"font-weight: 400;\">L\u2019aprenent \u00e9s constructor del seu coneixement, pren <\/span><b>consci\u00e8ncia <\/b><span style=\"font-weight: 400;\">del seu proc\u00e9s i <\/span><b>reflexiona <\/b><span style=\"font-weight: 400;\">sobre les seves capacitats i habilitats per marcar-se objectius d&#8217;aprenentatge amb l\u2019orientaci\u00f3 del tutor personal.<\/span><\/p>\n<p><span style=\"font-weight: 400;\">Tots els docents del centre som <\/span><b>tutors personals<\/b><span style=\"font-weight: 400;\"> d\u2019un nombre redu\u00eft d\u2019alumnes, d\u2019aquesta manera podem acompanyar l\u2019alumnat en la reflexi\u00f3 sobre el seu proc\u00e9s d\u2019aprenentatge i l\u2019orientaci\u00f3 acad\u00e8mica de manera individual i personalitzada, mitjan\u00e7ant el <\/span><b>pla personal<\/b><span style=\"font-weight: 400;\">.<\/span><\/p>\n<p><span style=\"font-weight: 400;\">El <\/span><b>pla personal <\/b><span style=\"font-weight: 400;\">\u00e9s una eina de millora, seguiment i avaluaci\u00f3 del proc\u00e9s d\u2019aprenentatge de l\u2019alumnat, mitjan\u00e7ant la <\/span><b>reflexi\u00f3<\/b><span style=\"font-weight: 400;\">, <\/span><b>l\u2019autoconeixement<\/b><span style=\"font-weight: 400;\"> i el <\/span><b>comprom\u00eds<\/b><span style=\"font-weight: 400;\"> de l\u2019aprenent en el seu propi proc\u00e9s educatiu i en el seu creixement personal.<\/span><\/p>\n<p><span style=\"font-weight: 400;\">Al Pau Claris proposem moments en qu\u00e8 es plantegen coneixements a partir dels <\/span><b>interessos <\/b><span style=\"font-weight: 400;\">i <\/span><b>contextos <\/b><span style=\"font-weight: 400;\">dels alumnes: els projectes, els t\u00f2pics, els enc\u00e0rrecs de centre, les comissions, el servei comunitari, la coral del pati, les propostes de recerca, entre d\u2019altres, s\u00f3n oportunitats de <\/span><b>personalitzaci\u00f3 dels aprenentatges<\/b><span style=\"font-weight: 400;\">.<\/span><\/p>\n<p><center><br \/>\n<iframe loading=\"lazy\" src=\"https:\/\/www.youtube.com\/embed\/v38UrGIEia4\" width=\"560\" height=\"315\" frameborder=\"0\" allowfullscreen=\"allowfullscreen\"><\/iframe><\/center><\/p>\n","protected":false},"excerpt":{"rendered":"<p>L\u2019acci\u00f3 tutorial \u00e9s un pilar en el nostre projecte educatiu per aix\u00f2 tots els docents desenvolupem dos rols amb els alumnes: una funci\u00f3 did\u00e0ctica referida als aprenentatges, i una funci\u00f3 orientadora com a tutors personals.<br \/>\nL\u2019aprenent \u00e9s constructor del seu coneixement, pren consci\u00e8ncia del seu proc\u00e9s&hellip;  <a href=\"https:\/\/agora.xtec.cat\/iespauclaris\/essencials\/acompanyament\/\" title=\"Read Acompanyament personalitzat\">Llegeix m\u00e9s\u00bb<\/a><\/p>\n","protected":false},"author":1,"featured_media":0,"parent":1134,"menu_order":3,"comment_status":"closed","ping_status":"closed","template":"page-templates\/side-menu.php","meta":{"_bbp_topic_count":0,"_bbp_reply_count":0,"_bbp_total_topic_count":0,"_bbp_total_reply_count":0,"_bbp_voice_count":0,"_bbp_anonymous_reply_count":0,"_bbp_topic_count_hidden":0,"_bbp_reply_count_hidden":0,"_bbp_forum_subforum_count":0,"footnotes":""},"class_list":["post-1150","page","type-page","status-publish","hentry"],"post_mailing_queue_ids":[],"_links":{"self":[{"href":"https:\/\/agora.xtec.cat\/iespauclaris\/wp-json\/wp\/v2\/pages\/1150","targetHints":{"allow":["GET"]}}],"collection":[{"href":"https:\/\/agora.xtec.cat\/iespauclaris\/wp-json\/wp\/v2\/pages"}],"about":[{"href":"https:\/\/agora.xtec.cat\/iespauclaris\/wp-json\/wp\/v2\/types\/page"}],"author":[{"embeddable":true,"href":"https:\/\/agora.xtec.cat\/iespauclaris\/wp-json\/wp\/v2\/users\/1"}],"replies":[{"embeddable":true,"href":"https:\/\/agora.xtec.cat\/iespauclaris\/wp-json\/wp\/v2\/comments?post=1150"}],"version-history":[{"count":3,"href":"https:\/\/agora.xtec.cat\/iespauclaris\/wp-json\/wp\/v2\/pages\/1150\/revisions"}],"predecessor-version":[{"id":4431,"href":"https:\/\/agora.xtec.cat\/iespauclaris\/wp-json\/wp\/v2\/pages\/1150\/revisions\/4431"}],"up":[{"embeddable":true,"href":"https:\/\/agora.xtec.cat\/iespauclaris\/wp-json\/wp\/v2\/pages\/1134"}],"wp:attachment":[{"href":"https:\/\/agora.xtec.cat\/iespauclaris\/wp-json\/wp\/v2\/media?parent=1150"}],"curies":[{"name":"wp","href":"https:\/\/api.w.org\/{rel}","templated":true}]}}

<p><span style="font-weight: 400;">L’</span><b>acció tutorial</b><span style="font-weight: 400;"> és un pilar en el nostre projecte educatiu per això tots els docents desenvolupem dos rols amb els alumnes: una </span><b>funció didàctica</b><span style="font-weight: 400;"> referida als aprenentatges, i una </span><b>funció orientadora</b><span style="font-weight: 400;"> com a tutors personals.</span></p>
<p><span style="font-weight: 400;">L’aprenent és constructor del seu coneixement, pren </span><b>consciència </b><span style="font-weight: 400;">del seu procés i </span><b>reflexiona </b><span style="font-weight: 400;">sobre les seves capacitats i habilitats per marcar-se objectius d&#8217;aprenentatge amb l’orientació del tutor personal.</span></p>
<p><span style="font-weight: 400;">Tots els docents del centre som </span><b>tutors personals</b><span style="font-weight: 400;"> d’un nombre reduït d’alumnes, d’aquesta manera podem acompanyar l’alumnat en la reflexió sobre el seu procés d’aprenentatge i l’orientació acadèmica de manera individual i personalitzada, mitjançant el </span><b>pla personal</b><span style="font-weight: 400;">.</span></p>
<p><span style="font-weight: 400;">El </span><b>pla personal </b><span style="font-weight: 400;">és una eina de millora, seguiment i avaluació del procés d’aprenentatge de l’alumnat, mitjançant la </span><b>reflexió</b><span style="font-weight: 400;">, </span><b>l’autoconeixement</b><span style="font-weight: 400;"> i el </span><b>compromís</b><span style="font-weight: 400;"> de l’aprenent en el seu propi procés educatiu i en el seu creixement personal.</span></p>
<p><span style="font-weight: 400;">Al Pau Claris proposem moments en què es plantegen coneixements a partir dels </span><b>interessos </b><span style="font-weight: 400;">i </span><b>contextos </b><span style="font-weight: 400;">dels alumnes: els projectes, els tòpics, els encàrrecs de centre, les comissions, el servei comunitari, la coral del pati, les propostes de recerca, entre d’altres, són oportunitats de </span><b>personalització dels aprenentatges</b><span style="font-weight: 400;">.</span></p>
<p><center><br />
<iframe loading="lazy" src="https://www.youtube.com/embed/v38UrGIEia4" width="560" height="315" frameborder="0" allowfullscreen="allowfullscreen"></iframe></center></p>

<p>L’acció tutorial és un pilar en el nostre projecte educatiu per això tots els docents desenvolupem dos rols amb els alumnes: una funció didàctica referida als aprenentatges, i una funció orientadora com a tutors personals.<br />
L’aprenent és constructor del seu coneixement, pren consciència del seu procés&hellip;  <a href="https://agora.xtec.cat/iespauclaris/essencials/acompanyament/" title="Read Acompanyament personalitzat">Llegeix més»</a></p>
