{"id":1148,"date":"2021-01-10T17:29:59","date_gmt":"2021-01-10T16:29:59","guid":{"rendered":"http:\/\/agora.xtec.cat\/iespauclaris\/?page_id=1148"},"modified":"2023-06-21T22:46:59","modified_gmt":"2023-06-21T20:46:59","slug":"cooperatiu","status":"publish","type":"page","link":"https:\/\/agora.xtec.cat\/iespauclaris\/essencials\/cooperatiu\/","title":{"rendered":"Treball cooperatiu"},"content":{"rendered":"<p><span style=\"font-weight: 400;\">Les compet\u00e8ncies i habilitats per treballar cooperativament s\u00f3n un <strong>objectiu<\/strong> <strong>d\u2019aprenentatge<\/strong> en si mateix, els treballem no solament perqu\u00e8 els alumnes i les alumnes aprenguin m\u00e9s i millor els continguts curriculars, sin\u00f3 tamb\u00e9 perqu\u00e8 aprenguin a treballar de manera col\u00b7laborativa: aprendre a treballar en equip requereix aprendre a ser un equip.<\/span><\/p>\n<p><span style=\"font-weight: 400;\">Els docents els hem d\u2019ajudar a organitzar-se com a equip, a planificar el treball, a revisar el seu funcionament de forma peri\u00f2dica i a establir objectius de millora, per tal que assoleixin la compet\u00e8ncia de participar a l\u2019aula, al centre i a l\u2019entorn, de manera <strong>reflexiva<\/strong> i <strong>responsable<\/strong>, s\u00e0piguen treballar en equip cada vegada millor.<\/span><\/p>\n<p><span style=\"font-weight: 400;\">La responsabilitat compartida i l\u2019ajuda m\u00fatua entre iguals, juntament amb l\u2019aprenentatge actiu, s\u00f3n elements clau per assolir l\u2019<strong>\u00e8xit educatiu<\/strong> i l\u2019<strong>aprenentatge significatiu<\/strong>.<\/span><\/p>\n<p><span style=\"font-weight: 400;\">L&#8217;\u00fas de l\u2019aprenentatge cooperatiu tamb\u00e9 \u00e9s una estrat\u00e8gia per afavorir la <strong>inclusi\u00f3<\/strong> a les aules i la <strong>cohesi\u00f3<\/strong> de l\u2019alumnat, fomenta una cultura escolar inclusiva basada en una participaci\u00f3 social cooperativa.<\/span><\/p>\n<p><span style=\"font-weight: 400;\">La <strong>cultura col\u00b7laborativa<\/strong> del Pau Claris tamb\u00e9 \u00e9s present en l\u2019estructura organitzativa del centre i en el treball de l\u2019equip hum\u00e0. En la nostra comunitat professional d\u2019aprenentatge, la <strong>codoc\u00e8ncia<\/strong>, els CROMA, els equips docents base, els equips de projectes s\u00f3n espais de cooperaci\u00f3, coordinaci\u00f3 i formaci\u00f3 entre iguals.<\/span><\/p>\n<p><center><br \/>\n<iframe loading=\"lazy\" src=\"https:\/\/www.youtube.com\/embed\/4w-MOdHKhnM\" width=\"560\" height=\"315\" frameborder=\"0\" allowfullscreen=\"allowfullscreen\"><\/iframe><\/center><\/p>\n","protected":false},"excerpt":{"rendered":"<p>Les compet\u00e8ncies i habilitats per treballar cooperativament s\u00f3n un objectiu d\u2019aprenentatge en si mateix, els treballem no solament perqu\u00e8 els alumnes i les alumnes aprenguin m\u00e9s i millor els continguts curriculars, sin\u00f3 tamb\u00e9 perqu\u00e8 aprenguin a treballar de manera col\u00b7laborativa: aprendre a treballar en equip&hellip;  <a href=\"https:\/\/agora.xtec.cat\/iespauclaris\/essencials\/cooperatiu\/\" title=\"Read Treball cooperatiu\">Llegeix m\u00e9s\u00bb<\/a><\/p>\n","protected":false},"author":1,"featured_media":0,"parent":1134,"menu_order":2,"comment_status":"closed","ping_status":"closed","template":"page-templates\/side-menu.php","meta":{"_bbp_topic_count":0,"_bbp_reply_count":0,"_bbp_total_topic_count":0,"_bbp_total_reply_count":0,"_bbp_voice_count":0,"_bbp_anonymous_reply_count":0,"_bbp_topic_count_hidden":0,"_bbp_reply_count_hidden":0,"_bbp_forum_subforum_count":0,"footnotes":""},"class_list":["post-1148","page","type-page","status-publish","hentry"],"post_mailing_queue_ids":[],"_links":{"self":[{"href":"https:\/\/agora.xtec.cat\/iespauclaris\/wp-json\/wp\/v2\/pages\/1148","targetHints":{"allow":["GET"]}}],"collection":[{"href":"https:\/\/agora.xtec.cat\/iespauclaris\/wp-json\/wp\/v2\/pages"}],"about":[{"href":"https:\/\/agora.xtec.cat\/iespauclaris\/wp-json\/wp\/v2\/types\/page"}],"author":[{"embeddable":true,"href":"https:\/\/agora.xtec.cat\/iespauclaris\/wp-json\/wp\/v2\/users\/1"}],"replies":[{"embeddable":true,"href":"https:\/\/agora.xtec.cat\/iespauclaris\/wp-json\/wp\/v2\/comments?post=1148"}],"version-history":[{"count":4,"href":"https:\/\/agora.xtec.cat\/iespauclaris\/wp-json\/wp\/v2\/pages\/1148\/revisions"}],"predecessor-version":[{"id":4430,"href":"https:\/\/agora.xtec.cat\/iespauclaris\/wp-json\/wp\/v2\/pages\/1148\/revisions\/4430"}],"up":[{"embeddable":true,"href":"https:\/\/agora.xtec.cat\/iespauclaris\/wp-json\/wp\/v2\/pages\/1134"}],"wp:attachment":[{"href":"https:\/\/agora.xtec.cat\/iespauclaris\/wp-json\/wp\/v2\/media?parent=1148"}],"curies":[{"name":"wp","href":"https:\/\/api.w.org\/{rel}","templated":true}]}}

<p><span style="font-weight: 400;">Les competències i habilitats per treballar cooperativament són un <strong>objectiu</strong> <strong>d’aprenentatge</strong> en si mateix, els treballem no solament perquè els alumnes i les alumnes aprenguin més i millor els continguts curriculars, sinó també perquè aprenguin a treballar de manera col·laborativa: aprendre a treballar en equip requereix aprendre a ser un equip.</span></p>
<p><span style="font-weight: 400;">Els docents els hem d’ajudar a organitzar-se com a equip, a planificar el treball, a revisar el seu funcionament de forma periòdica i a establir objectius de millora, per tal que assoleixin la competència de participar a l’aula, al centre i a l’entorn, de manera <strong>reflexiva</strong> i <strong>responsable</strong>, sàpiguen treballar en equip cada vegada millor.</span></p>
<p><span style="font-weight: 400;">La responsabilitat compartida i l’ajuda mútua entre iguals, juntament amb l’aprenentatge actiu, són elements clau per assolir l’<strong>èxit educatiu</strong> i l’<strong>aprenentatge significatiu</strong>.</span></p>
<p><span style="font-weight: 400;">L&#8217;ús de l’aprenentatge cooperatiu també és una estratègia per afavorir la <strong>inclusió</strong> a les aules i la <strong>cohesió</strong> de l’alumnat, fomenta una cultura escolar inclusiva basada en una participació social cooperativa.</span></p>
<p><span style="font-weight: 400;">La <strong>cultura col·laborativa</strong> del Pau Claris també és present en l’estructura organitzativa del centre i en el treball de l’equip humà. En la nostra comunitat professional d’aprenentatge, la <strong>codocència</strong>, els CROMA, els equips docents base, els equips de projectes són espais de cooperació, coordinació i formació entre iguals.</span></p>
<p><center><br />
<iframe loading="lazy" src="https://www.youtube.com/embed/4w-MOdHKhnM" width="560" height="315" frameborder="0" allowfullscreen="allowfullscreen"></iframe></center></p>

<p>Les competències i habilitats per treballar cooperativament són un objectiu d’aprenentatge en si mateix, els treballem no solament perquè els alumnes i les alumnes aprenguin més i millor els continguts curriculars, sinó també perquè aprenguin a treballar de manera col·laborativa: aprendre a treballar en equip&hellip;  <a href="https://agora.xtec.cat/iespauclaris/essencials/cooperatiu/" title="Read Treball cooperatiu">Llegeix més»</a></p>
