{"id":1131,"date":"2021-01-10T17:02:00","date_gmt":"2021-01-10T16:02:00","guid":{"rendered":"http:\/\/agora.xtec.cat\/iespauclaris\/?page_id=1131"},"modified":"2023-06-21T22:23:38","modified_gmt":"2023-06-21T20:23:38","slug":"mus-e","status":"publish","type":"page","link":"https:\/\/agora.xtec.cat\/iespauclaris\/ins\/aliances\/mus-e\/","title":{"rendered":"MUS-E"},"content":{"rendered":"<p><span style=\"font-weight: 400;\">El programa <a href=\"https:\/\/fundacionyehudimenuhin.org\/programas\/mus-e\/\" target=\"_blank\" rel=\"noopener noreferrer\"><strong>MUS-E<\/strong><\/a>, de la Fundaci\u00f3 Internacional Yehudi Menuhin, ens permet treballar la <strong>conviv\u00e8ncia<\/strong> i la toler\u00e0ncia des de l\u2019<strong>expressi\u00f3 art\u00edstica<\/strong> (teatre, dansa, videoart\u2026), la <strong>cohesi\u00f3 social<\/strong> i els <strong>valors<\/strong> a trav\u00e9s de l&#8217;<strong>art<\/strong>.<\/span><\/p>\n<p><span style=\"font-weight: 400;\">Acompanyats de reconeguts artistes, els alumnes treballen en propostes que fomenten la iniciativa i la creativitat; l\u2019expressivitat i la comunicaci\u00f3 generen forts vincles entre tota la comunitat educativa i afavoreixen la participaci\u00f3, la cohesi\u00f3, el respecte i la conviv\u00e8ncia.\u00a0<\/span><span style=\"font-weight: 400;\">Les activitats del MUS-E al Pau Claris estan plenament integrades a la vida de l\u2019institut: als projectes i a les dinamitzacions de les celebracions del centre.<\/span><\/p>\n<p><a href=\"https:\/\/agora.xtec.cat\/iespauclaris\/wp-content\/uploads\/usu835\/2021\/01\/Mus-e.png\"><img loading=\"lazy\" decoding=\"async\" class=\"alignnone size-thumbnail wp-image-1132\" src=\"https:\/\/agora.xtec.cat\/iespauclaris\/wp-content\/uploads\/usu835\/2021\/01\/Mus-e-150x150.png\" alt=\"\" width=\"150\" height=\"150\" srcset=\"https:\/\/agora.xtec.cat\/iespauclaris\/wp-content\/uploads\/usu835\/2021\/01\/Mus-e-150x150.png 150w, https:\/\/agora.xtec.cat\/iespauclaris\/wp-content\/uploads\/usu835\/2021\/01\/Mus-e-300x300.png 300w, https:\/\/agora.xtec.cat\/iespauclaris\/wp-content\/uploads\/usu835\/2021\/01\/Mus-e.png 599w\" sizes=\"auto, (max-width: 150px) 100vw, 150px\" \/><\/a><\/p>\n","protected":false},"excerpt":{"rendered":"<p>El programa <a href=\"https:\/\/fundacionyehudimenuhin.org\/programas\/mus-e\/\" target=\"_blank\" rel=\"noopener noreferrer\">MUS-E<\/a>, de la Fundaci\u00f3 Internacional Yehudi Menuhin, ens permet treballar la conviv\u00e8ncia i la toler\u00e0ncia des de l\u2019expressi\u00f3 art\u00edstica (teatre, dansa, videoart\u2026), la cohesi\u00f3 social i els valors a trav\u00e9s de l&#8217;art.<br \/>\nAcompanyats de reconeguts artistes, els alumnes treballen en&hellip;  <a href=\"https:\/\/agora.xtec.cat\/iespauclaris\/ins\/aliances\/mus-e\/\" title=\"Read MUS-E\">Llegeix m\u00e9s\u00bb<\/a><\/p>\n","protected":false},"author":1,"featured_media":0,"parent":1250,"menu_order":7,"comment_status":"closed","ping_status":"closed","template":"page-templates\/side-menu.php","meta":{"_bbp_topic_count":0,"_bbp_reply_count":0,"_bbp_total_topic_count":0,"_bbp_total_reply_count":0,"_bbp_voice_count":0,"_bbp_anonymous_reply_count":0,"_bbp_topic_count_hidden":0,"_bbp_reply_count_hidden":0,"_bbp_forum_subforum_count":0,"footnotes":""},"class_list":["post-1131","page","type-page","status-publish","hentry"],"post_mailing_queue_ids":[],"_links":{"self":[{"href":"https:\/\/agora.xtec.cat\/iespauclaris\/wp-json\/wp\/v2\/pages\/1131","targetHints":{"allow":["GET"]}}],"collection":[{"href":"https:\/\/agora.xtec.cat\/iespauclaris\/wp-json\/wp\/v2\/pages"}],"about":[{"href":"https:\/\/agora.xtec.cat\/iespauclaris\/wp-json\/wp\/v2\/types\/page"}],"author":[{"embeddable":true,"href":"https:\/\/agora.xtec.cat\/iespauclaris\/wp-json\/wp\/v2\/users\/1"}],"replies":[{"embeddable":true,"href":"https:\/\/agora.xtec.cat\/iespauclaris\/wp-json\/wp\/v2\/comments?post=1131"}],"version-history":[{"count":3,"href":"https:\/\/agora.xtec.cat\/iespauclaris\/wp-json\/wp\/v2\/pages\/1131\/revisions"}],"predecessor-version":[{"id":4421,"href":"https:\/\/agora.xtec.cat\/iespauclaris\/wp-json\/wp\/v2\/pages\/1131\/revisions\/4421"}],"up":[{"embeddable":true,"href":"https:\/\/agora.xtec.cat\/iespauclaris\/wp-json\/wp\/v2\/pages\/1250"}],"wp:attachment":[{"href":"https:\/\/agora.xtec.cat\/iespauclaris\/wp-json\/wp\/v2\/media?parent=1131"}],"curies":[{"name":"wp","href":"https:\/\/api.w.org\/{rel}","templated":true}]}}

<p><span style="font-weight: 400;">El programa <a href="https://fundacionyehudimenuhin.org/programas/mus-e/" target="_blank" rel="noopener noreferrer"><strong>MUS-E</strong></a>, de la Fundació Internacional Yehudi Menuhin, ens permet treballar la <strong>convivència</strong> i la tolerància des de l’<strong>expressió artística</strong> (teatre, dansa, videoart…), la <strong>cohesió social</strong> i els <strong>valors</strong> a través de l&#8217;<strong>art</strong>.</span></p>
<p><span style="font-weight: 400;">Acompanyats de reconeguts artistes, els alumnes treballen en propostes que fomenten la iniciativa i la creativitat; l’expressivitat i la comunicació generen forts vincles entre tota la comunitat educativa i afavoreixen la participació, la cohesió, el respecte i la convivència. </span><span style="font-weight: 400;">Les activitats del MUS-E al Pau Claris estan plenament integrades a la vida de l’institut: als projectes i a les dinamitzacions de les celebracions del centre.</span></p>
<p><a href="https://agora.xtec.cat/iespauclaris/wp-content/uploads/usu835/2021/01/Mus-e.png"><img loading="lazy" decoding="async" class="alignnone size-thumbnail wp-image-1132" src="https://agora.xtec.cat/iespauclaris/wp-content/uploads/usu835/2021/01/Mus-e-150x150.png" alt="" width="150" height="150" srcset="https://agora.xtec.cat/iespauclaris/wp-content/uploads/usu835/2021/01/Mus-e-150x150.png 150w, https://agora.xtec.cat/iespauclaris/wp-content/uploads/usu835/2021/01/Mus-e-300x300.png 300w, https://agora.xtec.cat/iespauclaris/wp-content/uploads/usu835/2021/01/Mus-e.png 599w" sizes="auto, (max-width: 150px) 100vw, 150px" /></a></p>

<p>El programa <a href="https://fundacionyehudimenuhin.org/programas/mus-e/" target="_blank" rel="noopener noreferrer">MUS-E</a>, de la Fundació Internacional Yehudi Menuhin, ens permet treballar la convivència i la tolerància des de l’expressió artística (teatre, dansa, videoart…), la cohesió social i els valors a través de l&#8217;art.<br />
Acompanyats de reconeguts artistes, els alumnes treballen en&hellip;  <a href="https://agora.xtec.cat/iespauclaris/ins/aliances/mus-e/" title="Read MUS-E">Llegeix més»</a></p>
