{"id":21,"date":"2014-09-17T16:14:14","date_gmt":"2014-09-17T16:14:14","guid":{"rendered":"http:\/\/agora.xtec.cat\/iespaucasals-badalona\/?page_id=21"},"modified":"2021-09-24T19:04:32","modified_gmt":"2021-09-24T17:04:32","slug":"trets-identitat","status":"publish","type":"page","link":"https:\/\/agora.xtec.cat\/iespaucasals-badalona\/linstitut\/trets-identitat\/","title":{"rendered":"Trets d&#8217;identitat"},"content":{"rendered":"<p>Som un Institut comprom\u00e8s amb l\u2019educaci\u00f3 p\u00fablica, aconfessional, progressista, democr\u00e0tica, solid\u00e0ria i catalana.<br \/>\nFocalitza l\u2019atenci\u00f3 en el proc\u00e9s d\u2019orientaci\u00f3 de l\u2019alumnat des de 1er d\u2019ESO per a aconseguir una formaci\u00f3 acad\u00e8mica i un desenvolupament personal que faciliti, en finalitzar l\u2019etapa educativa de l\u2019ESO o el batxillerat, la identificaci\u00f3 de les seves inquietuds per a projectar-se tant<br \/>\nprofessionalment com acad\u00e8mica.<\/p>\n<p><strong>Objectius de centre (qu\u00e8 pretenem)<\/strong><\/p>\n<ul>\n<li>Arribar a l\u2019excel\u00b7l\u00e8ncia<\/li>\n<li>Millorar els resultats educatius<\/li>\n<li>Millorar la cohesi\u00f3 social (inclusi\u00f3, equitat i coeducaci\u00f3).<\/li>\n<li>Fomentar\/ promocionar els estudis postobligatoris<\/li>\n<li>Vinculaci\u00f3 amb l\u2019entorn.<\/li>\n<\/ul>\n<p><strong>Seria meravell\u00f3s que tot l\u2019alumnat que hagi passat pel Pau Casals\u2026<\/strong><\/p>\n<ul>\n<li>Fos una persona competent, solid\u00e0ria, lliure i cr\u00edtica.<\/li>\n<li>Tingu\u00e9s clar quin \u00e9s el seu projecte de vida durant els 4 anys seg\u00fcents.<\/li>\n<li>Sab\u00e9s fer una respiraci\u00f3 artificial i una reanimaci\u00f3 card\u00edaca.<\/li>\n<li>Sab\u00e9s nedar.<\/li>\n<\/ul>\n","protected":false},"excerpt":{"rendered":"<p>Som un Institut comprom\u00e8s amb l\u2019educaci\u00f3 p\u00fablica, aconfessional, progressista, democr\u00e0tica, solid\u00e0ria i catalana.<br \/>\nFocalitza l\u2019atenci\u00f3 en el proc\u00e9s d\u2019orientaci\u00f3 de l\u2019alumnat des de 1er d\u2019ESO per a aconseguir una formaci\u00f3 acad\u00e8mica i un desenvolupament personal que faciliti, en finalitzar l\u2019etapa educativa de l\u2019ESO o el batxillerat,&hellip;  <a href=\"https:\/\/agora.xtec.cat\/iespaucasals-badalona\/linstitut\/trets-identitat\/\" title=\"Read Trets d&#8217;identitat\">Llegeix m\u00e9s\u00bb<\/a><\/p>\n","protected":false},"author":1,"featured_media":0,"parent":19,"menu_order":10,"comment_status":"closed","ping_status":"closed","template":"page-templates\/side-menu.php","meta":{"_bbp_topic_count":0,"_bbp_reply_count":0,"_bbp_total_topic_count":0,"_bbp_total_reply_count":0,"_bbp_voice_count":0,"_bbp_anonymous_reply_count":0,"_bbp_topic_count_hidden":0,"_bbp_reply_count_hidden":0,"_bbp_forum_subforum_count":0,"footnotes":""},"class_list":["post-21","page","type-page","status-publish","hentry"],"post_mailing_queue_ids":[],"_links":{"self":[{"href":"https:\/\/agora.xtec.cat\/iespaucasals-badalona\/wp-json\/wp\/v2\/pages\/21","targetHints":{"allow":["GET"]}}],"collection":[{"href":"https:\/\/agora.xtec.cat\/iespaucasals-badalona\/wp-json\/wp\/v2\/pages"}],"about":[{"href":"https:\/\/agora.xtec.cat\/iespaucasals-badalona\/wp-json\/wp\/v2\/types\/page"}],"author":[{"embeddable":true,"href":"https:\/\/agora.xtec.cat\/iespaucasals-badalona\/wp-json\/wp\/v2\/users\/1"}],"replies":[{"embeddable":true,"href":"https:\/\/agora.xtec.cat\/iespaucasals-badalona\/wp-json\/wp\/v2\/comments?post=21"}],"version-history":[{"count":3,"href":"https:\/\/agora.xtec.cat\/iespaucasals-badalona\/wp-json\/wp\/v2\/pages\/21\/revisions"}],"predecessor-version":[{"id":2993,"href":"https:\/\/agora.xtec.cat\/iespaucasals-badalona\/wp-json\/wp\/v2\/pages\/21\/revisions\/2993"}],"up":[{"embeddable":true,"href":"https:\/\/agora.xtec.cat\/iespaucasals-badalona\/wp-json\/wp\/v2\/pages\/19"}],"wp:attachment":[{"href":"https:\/\/agora.xtec.cat\/iespaucasals-badalona\/wp-json\/wp\/v2\/media?parent=21"}],"curies":[{"name":"wp","href":"https:\/\/api.w.org\/{rel}","templated":true}]}}