{"id":1520,"date":"2017-11-10T12:45:05","date_gmt":"2017-11-10T11:45:05","guid":{"rendered":"http:\/\/agora.xtec.cat\/iespaucasals-badalona\/?page_id=1520"},"modified":"2024-10-01T17:58:52","modified_gmt":"2024-10-01T15:58:52","slug":"estada-a-lempresa","status":"publish","type":"page","link":"https:\/\/agora.xtec.cat\/iespaucasals-badalona\/estada-a-lempresa\/","title":{"rendered":"ESTADA A L&#8217;EMPRESA"},"content":{"rendered":"<h4><span style=\"text-decoration: underline;\"><strong><em>1. EN QU\u00c8 CONSISTEIX L&#8217;ESTADA A L&#8217;EMPRESA?<\/em> <\/strong><\/span><\/h4>\n<p>La mat\u00e8ria Estada a l\u2019Empresa \u00e9s una mat\u00e8ria optativa que s\u2019ofereix als nostres estudiants de batxillerat amb independ\u00e8ncia de la modalitat que cursin.<\/p>\n<p>La mat\u00e8ria consisteix en un per\u00edode de perman\u00e8ncia, formaci\u00f3 i treball de l\u2019alumne a una empresa durant un total de 140 hores. L\u2019alumne anir\u00e0 a un centre de treball que pertanyi a un \u00e0mbit professional en que l\u2019alumne mostri inter\u00e8s o motivaci\u00f3 en con\u00e8ixer de cara al seu futur acad\u00e8mic i professional. Els alumnes acostumen a fer aquestes hores per les tardes.<\/p>\n<p>Pel que respecta a l\u2019horari lectiu de l\u2019alumne, aquesta mat\u00e8ria equival a 4 hores lectives setmanals. Com que aquesta mat\u00e8ria es desenvolupa \u00edntegrament en un centre de treball, l\u2019alumne t\u00e9 4 hores lliures al seu horari di\u00fcrn.<\/p>\n<p>Pel que respecta a l\u2019expedient de l\u2019alumne, aquesta mat\u00e8ria t\u00e9 la mateixa import\u00e0ncia que la resta d&#8217;assignatures.<\/p>\n<h4><strong><span style=\"text-decoration: underline;\"><em>2. QUINA \u00c9S LA SEVA FINALITAT?<\/em> <\/span><br \/>\n<\/strong><\/h4>\n<p>La finalitat d\u2019aquesta mat\u00e8ria \u00e9s orientativa pel que respecta al futur acad\u00e8mic i professional dels nostres alumnes.<\/p>\n<p>Mitjan\u00e7ant la seva estada a un centre de treball, els objectius que es pretenen aconseguir s\u00f3n:<\/p>\n<ol>\n<li>Con\u00e8ixer de primera m\u00e0 un \u00e0mbit professional en que l\u2019alumne estigui interessat. Gr\u00e0cies a l\u2019estada a l\u2019empresa i el contacte amb els professionals del sector, l\u2019alumne podr\u00e0 saber la forma en que es treballa i quines s\u00f3n les compet\u00e8ncies, aptituds o habilitats que acostumen a ser requerides en aquest tipus de feines.<\/li>\n<li>Orientar a l\u2019alumne en el seu futur acad\u00e8mic i professional. L\u2019estada a l\u2019empresa ser\u00e0 de gran utilitat perqu\u00e8 els alumnes prenguin decisions sobre l\u2019elaboraci\u00f3 del seu itinerari acad\u00e8mic i professional.<\/li>\n<li>Posar en pr\u00e0ctica una s\u00e8rie d\u2019aptituds i h\u00e0bits indispensables en el m\u00f3n laboral; assist\u00e8ncia, puntualitat, responsabilitat, afany de superaci\u00f3, capacitat de treballar en equip, autonomia, iniciativa, creativitat, capacitat per a resoldre problemes&#8230;<\/li>\n<\/ol>\n<h4><strong><em><span style=\"text-decoration: underline;\">3. EMPRESES COL\u00b7LABORADORES<\/span><br \/>\n<\/em> <\/strong><\/h4>\n<p>Aquestes s\u00f3n les empreses que han participat amb nosaltres en aquest projecte als \u00faltims anys. A totes elles volem agrair la seva col\u00b7laboraci\u00f3 i la seva disposici\u00f3 a acollir als nostres estudiants.<\/p>\n<ul style=\"list-style-type: disc;\">\n<li>Ajuntament de Badalona. Programa activat a l\u2019estudi. &#8220;Activa&#8217;t a l&#8217;Estudi&#8221; \u00e9s un un projecte basat en la metodologia d&#8217;Aprenentatge i Servei (ApS) mitjan\u00e7ant el qual els nostres estudiants de batxillerat donen suport educatiu a aquells alumnes del nostre barri que presenten majors necessitats educatives. Les escoles on els nostres alumnes prestin aquest servei s\u00f3n; Miguel Hern\u00e1ndez, Lloren\u00e7 Artigas, Joan Mir\u00f3 i Pau Picasso.<\/li>\n<\/ul>\n<p><a href=\"http:\/\/badalona.cat\/portalWeb\/badalona.portal?_nfpb=true&amp;_pageLabel=detall_noticia&amp;dDocName=AJB077710#wlp_detall_noticia\" target=\"_blank\" rel=\"noopener noreferrer\">Informaci\u00f3 sobre el projecte Activa&#8217;t a l&#8217;Estudi<\/a><\/p>\n<ul style=\"list-style-type: disc;\">\n<li>\u00c0mbit Escola SL.<\/li>\n<li>Agenju SL (Col\u00b7legi Ramiro de Maeztu).<\/li>\n<li>Associaci\u00f3 Cultural La Rotllana.<\/li>\n<li>Associaci\u00f3 La Mussara.<\/li>\n<li>Biblioteca Lloreda.<\/li>\n<li>CLECE SA.<\/li>\n<li>Club Esportiu Din\u00e0mic.<\/li>\n<li>Col\u00b7legi Montserrat (Badalona).<\/li>\n<li>Col\u00b7legi P\u00fablic Miguel Hern\u00e1ndez.<\/li>\n<li>DENT UP SL.<\/li>\n<li>Dojo Go &#8211; Kan.<\/li>\n<li>DUET SPORTS SA.<\/li>\n<li>Eines Serveis Socioeducatius SCCL.<\/li>\n<li>Escola bressol Pam i Pipa (Badalona).<\/li>\n<li>Escola bressol Uri Dori (Badalona).<\/li>\n<li>Escola Ferran de Sagarra (Santa Coloma de Gramenet).<\/li>\n<li>Escola Folch i Torres.<\/li>\n<li>Escola Joan Coret.<\/li>\n<li>Escola Pau Picasso.<\/li>\n<li>Escola Tanit (Santa Coloma de Gramenet)<\/li>\n<li>Estudi Projecte Montigal\u00e0 (Tecnocasa Badalona i Santa Coloma de Gramenet).<\/li>\n<li>Farm\u00e0cia Pujol.<\/li>\n<li>Fundaci\u00f3 Germina.<\/li>\n<li>Fundaci\u00f3 Salut Alta.<\/li>\n<li>FX Animation.<\/li>\n<li>Gallery Hoteles.<\/li>\n<li>Ol\u00edmpic Mar Badalona.<\/li>\n<li>\u00d2ptica del Pened\u00e8s SLU (Gafas Completas &#8211; Montigal\u00e0)<\/li>\n<li>Llar d&#8217;infants l&#8217;Escoleta de Badalona.<\/li>\n<li>Sal\u00f3 de bellesa Le Belle Epoque by Annabel Miras.<\/li>\n<li>Serveis Educatius Cavall de Cartr\u00f3 SL.<\/li>\n<li>Unificaci\u00f3n Llefi\u00e0 Club de F\u00fatbol.<\/li>\n<\/ul>\n<h4><strong><span style=\"text-decoration: underline;\"><em>NORMES DE FUNCIONAMENT<\/em><\/span><br \/>\n<\/strong><\/h4>\n<ul style=\"list-style-type: disc;\">\n<li>L\u2019acceptaci\u00f3 de les empreses col\u00b7laboradores quedar\u00e0 condicionada al criteri del professor responsable de la mat\u00e8ria, en funci\u00f3 del pla d\u2019activitats que pugui desenvolupar l\u2019alumne, els horaris i les caracter\u00edstiques del centre de treball.<\/li>\n<li>L\u2019alumne tindr\u00e0 un tutor assignat per l\u2019empresa per a supervisar i avaluar la seva estada a l\u2019empresa.<\/li>\n<li>La relaci\u00f3 dels alumnes amb l\u2019empresa no \u00e9s laboral. La seva relaci\u00f3 est\u00e0 regulada per un conveni de col\u00b7laboraci\u00f3 entre l\u2019institut i l\u2019empresa. En tot moment l\u2019alumne est\u00e0 cobert per l\u2019asseguran\u00e7a escolar en cas d\u2019alguna incid\u00e8ncia al centre de treball.<\/li>\n<li>Els serveis que prestin els alumnes a l\u2019empresa no poden ser retribu\u00efts.<\/li>\n<li>La finalitat d\u2019aquesta mat\u00e8ria \u00e9s orientadora, per tant l\u2019estada a l\u2019empresa no ser\u00e0 avaluada com unes pr\u00e0ctiques professionals o l\u2019aprenentatge d\u2019un ofici. L\u2019avaluaci\u00f3 i la qualificaci\u00f3 de l\u2019alumne es realitza a partir d\u2019uns informes peri\u00f2dics on s\u2019avaluaran les aptituds mostrades per l\u2019alumne; puntualitat, responsabilitat en les tasques assignades, integraci\u00f3 en el grup de treball, iniciativa, autonomia, capacitat de treball en equip&#8230;<\/li>\n<li>En cas que l\u2019alumne sigui menor d\u2019edat, caldr\u00e0 una autoritzaci\u00f3 del pare, mare o tutor legal per a poder cursar la mat\u00e8ria.<\/li>\n<\/ul>\n<h4><span style=\"text-decoration: underline;\"><strong><em>EXEMPCI\u00d3<\/em> <\/strong><\/span><\/h4>\n<p>L\u2019alumne que acrediti una experi\u00e8ncia laboral superior a 200 hores, podr\u00e0 sol\u00b7licitar l\u2019exempci\u00f3 parcial de 70 hores de l\u2019estada a l\u2019empresa.<\/p>\n","protected":false},"excerpt":{"rendered":"<p>1. EN QU\u00c8 CONSISTEIX L&#8217;ESTADA A L&#8217;EMPRESA?<br \/>\nLa mat\u00e8ria Estada a l\u2019Empresa \u00e9s una mat\u00e8ria optativa que s\u2019ofereix als nostres estudiants de batxillerat amb independ\u00e8ncia de la modalitat que cursin.<br \/>\nLa mat\u00e8ria consisteix en un per\u00edode de perman\u00e8ncia, formaci\u00f3 i treball de l\u2019alumne a una empresa&hellip;  <a href=\"https:\/\/agora.xtec.cat\/iespaucasals-badalona\/estada-a-lempresa\/\" title=\"Read ESTADA A L&#8217;EMPRESA\">Llegeix m\u00e9s\u00bb<\/a><\/p>\n","protected":false},"author":829,"featured_media":0,"parent":0,"menu_order":35,"comment_status":"closed","ping_status":"closed","template":"","meta":{"_bbp_topic_count":0,"_bbp_reply_count":0,"_bbp_total_topic_count":0,"_bbp_total_reply_count":0,"_bbp_voice_count":0,"_bbp_anonymous_reply_count":0,"_bbp_topic_count_hidden":0,"_bbp_reply_count_hidden":0,"_bbp_forum_subforum_count":0,"footnotes":""},"class_list":["post-1520","page","type-page","status-publish","hentry"],"post_mailing_queue_ids":[],"_links":{"self":[{"href":"https:\/\/agora.xtec.cat\/iespaucasals-badalona\/wp-json\/wp\/v2\/pages\/1520","targetHints":{"allow":["GET"]}}],"collection":[{"href":"https:\/\/agora.xtec.cat\/iespaucasals-badalona\/wp-json\/wp\/v2\/pages"}],"about":[{"href":"https:\/\/agora.xtec.cat\/iespaucasals-badalona\/wp-json\/wp\/v2\/types\/page"}],"author":[{"embeddable":true,"href":"https:\/\/agora.xtec.cat\/iespaucasals-badalona\/wp-json\/wp\/v2\/users\/829"}],"replies":[{"embeddable":true,"href":"https:\/\/agora.xtec.cat\/iespaucasals-badalona\/wp-json\/wp\/v2\/comments?post=1520"}],"version-history":[{"count":6,"href":"https:\/\/agora.xtec.cat\/iespaucasals-badalona\/wp-json\/wp\/v2\/pages\/1520\/revisions"}],"predecessor-version":[{"id":4280,"href":"https:\/\/agora.xtec.cat\/iespaucasals-badalona\/wp-json\/wp\/v2\/pages\/1520\/revisions\/4280"}],"wp:attachment":[{"href":"https:\/\/agora.xtec.cat\/iespaucasals-badalona\/wp-json\/wp\/v2\/media?parent=1520"}],"curies":[{"name":"wp","href":"https:\/\/api.w.org\/{rel}","templated":true}]}}