{"id":46,"date":"2014-09-17T16:53:45","date_gmt":"2014-09-17T16:53:45","guid":{"rendered":"http:\/\/agora.xtec.cat\/iespalafolls\/?page_id=46"},"modified":"2025-12-22T00:15:06","modified_gmt":"2025-12-21T23:15:06","slug":"organigrama","status":"publish","type":"page","link":"https:\/\/agora.xtec.cat\/iespalafolls\/linstitut\/organigrama\/","title":{"rendered":"Organigrama"},"content":{"rendered":"<p>Distribuci\u00f3 dels diferents c\u00e0rrecs<\/p>\n<table dir=\"ltr\" style=\"width: 47.2127%;\" border=\"1\" cellspacing=\"0\" cellpadding=\"0\" data-sheets-root=\"1\" data-sheets-baot=\"1\">\n<colgroup>\n<col width=\"288\" \/>\n<col width=\"244\" \/><\/colgroup>\n<tbody>\n<tr>\n<td style=\"width: 107.375%;\" colspan=\"2\" rowspan=\"1\"><strong>Equip directiu<\/strong><\/td>\n<\/tr>\n<tr>\n<td style=\"width: 42.6942%;\">Director<\/td>\n<td style=\"width: 64.6804%;\">Francesc Casabella Planas<\/td>\n<\/tr>\n<tr>\n<td style=\"width: 42.6942%;\">Cap d&#8217;estudis<\/td>\n<td style=\"width: 64.6804%;\">Albert Caminal de Mingo<\/td>\n<\/tr>\n<tr>\n<td style=\"width: 42.6942%;\">Coordinadora pedag\u00f2gica<\/td>\n<td style=\"width: 64.6804%;\">Vanessa Ag\u00fcera Ortiz<\/td>\n<\/tr>\n<tr>\n<td style=\"width: 42.6942%;\">Secret\u00e0ria<\/td>\n<td style=\"width: 64.6804%;\">Judit Turon Gonz\u00e1lez<\/td>\n<\/tr>\n<\/tbody>\n<\/table>\n<table dir=\"ltr\" style=\"width: 47.1673%; height: 313px;\" border=\"1\" cellspacing=\"0\" cellpadding=\"0\" data-sheets-root=\"1\" data-sheets-baot=\"1\">\n<colgroup>\n<col width=\"234\" \/>\n<col width=\"152\" \/><\/colgroup>\n<tbody>\n<tr style=\"height: 33px;\">\n<td style=\"width: 144.028%; height: 33px;\" colspan=\"2\" rowspan=\"1\"><strong>Altres coordinacions<\/strong><\/td>\n<\/tr>\n<tr style=\"height: 33px;\">\n<td style=\"width: 53.9285%; height: 33px;\">Coordinaci\u00f3 de Riscos Laborals<\/td>\n<td style=\"width: 90.0992%; height: 33px;\">Miquel Quintana Llad\u00f3<\/td>\n<\/tr>\n<tr style=\"height: 33px;\">\n<td style=\"width: 53.9285%; height: 33px;\">Coordinaci\u00f3 Digital<\/td>\n<td style=\"width: 90.0992%; height: 33px;\">Mireia Serra Ribas<\/td>\n<\/tr>\n<tr style=\"height: 33px;\">\n<td style=\"width: 53.9285%; height: 33px;\">Coordinaci\u00f3 LIC<\/td>\n<td style=\"width: 90.0992%; height: 33px;\">Josep Hernandez Tresserras<\/td>\n<\/tr>\n<tr style=\"height: 33px;\">\n<td style=\"width: 53.9285%; height: 33px;\">Coordinaci\u00f3 ASE<\/td>\n<td style=\"width: 90.0992%; height: 33px;\">Laura Sanguino Bonet<\/td>\n<\/tr>\n<tr style=\"height: 33px;\">\n<td style=\"width: 53.9285%; height: 33px;\">Coordinaci\u00f3 PuntEdu \/ Acollida in\/out<\/td>\n<td style=\"width: 90.0992%; height: 33px;\">Eva Cotano Vicario<\/td>\n<\/tr>\n<tr style=\"height: 33px;\">\n<td style=\"width: 53.9285%; height: 33px;\">Coordinaci\u00f3 Projectes<\/td>\n<td style=\"width: 90.0992%; height: 33px;\">Anna Quintana G\u00f3mez<\/td>\n<\/tr>\n<tr style=\"height: 49px;\">\n<td style=\"width: 53.9285%; height: 49px;\">COCOBE: Coordinaci\u00f3 de coeducaci\u00f3, conviv\u00e8ncia i benestar<\/td>\n<td style=\"width: 90.0992%; height: 49px;\">Gl\u00f2ria Vich\u00e9 Pi\u00f1as<\/td>\n<\/tr>\n<tr style=\"height: 33px;\">\n<td style=\"width: 53.9285%; height: 33px;\">Coordinaci\u00f3 Escola verda<\/td>\n<td style=\"width: 90.0992%; height: 33px;\">Judit Vives Caldas<\/td>\n<\/tr>\n<\/tbody>\n<\/table>\n<table dir=\"ltr\" style=\"width: 47.1305%;\" border=\"1\" cellspacing=\"0\" cellpadding=\"0\" data-sheets-root=\"1\" data-sheets-baot=\"1\">\n<colgroup>\n<col width=\"288\" \/>\n<col width=\"244\" \/><\/colgroup>\n<tbody>\n<tr>\n<td style=\"width: 107.16%;\" colspan=\"2\" rowspan=\"1\"><strong>Caps de Departament<\/strong><\/td>\n<\/tr>\n<tr>\n<td style=\"width: 53.3712%;\">Catal\u00e0<\/td>\n<td style=\"width: 53.789%;\">Josep Hernandez Tresserras<\/td>\n<\/tr>\n<tr>\n<td style=\"width: 53.3712%;\">Castell\u00e0<\/td>\n<td style=\"width: 53.789%;\">Montse Casado Izquierdo<\/td>\n<\/tr>\n<tr>\n<td style=\"width: 53.3712%;\">Angl\u00e8s \/ Alemany<\/td>\n<td style=\"width: 53.789%;\">Laura Ramos Rodriguez<\/td>\n<\/tr>\n<tr>\n<td style=\"width: 53.3712%;\">Matem\u00e0tiques \/ Economia<\/td>\n<td style=\"width: 53.789%;\">Silvia G\u00f3mez Gallardo<\/td>\n<\/tr>\n<tr>\n<td style=\"width: 53.3712%;\">Ci\u00e8ncies: Biologia \/ Geologia \/ F\u00edsica \/ Qu\u00edmica<\/td>\n<td style=\"width: 53.789%;\">B\u00e0rbara Vila Merino<\/td>\n<\/tr>\n<tr>\n<td style=\"width: 53.3712%;\">Socials \/ Llat\u00ed \/ Filosofia<\/td>\n<td style=\"width: 53.789%;\">Jose Antonio Bergillos Estevez<\/td>\n<\/tr>\n<tr>\n<td style=\"width: 53.3712%;\">Expressi\u00f3: Educaci\u00f3 f\u00edsica \/ M\u00fasica \/ Dibuix<\/td>\n<td style=\"width: 53.789%;\">M\u00f2nica Mor\u00e9 Kunst<\/td>\n<\/tr>\n<tr>\n<td style=\"width: 53.3712%;\">Tecnologia<\/td>\n<td style=\"width: 53.789%;\">C\u00e8lia Rigol Yanguas<\/td>\n<\/tr>\n<tr>\n<td style=\"width: 53.3712%;\">Orientaci\u00f3<\/td>\n<td style=\"width: 53.789%;\">Ana Badenes-Gasset Presentaci\u00f3n<\/td>\n<\/tr>\n<\/tbody>\n<\/table>\n<table dir=\"ltr\" style=\"width: 47.2482%;\" border=\"1\" cellspacing=\"0\" cellpadding=\"0\" data-sheets-root=\"1\" data-sheets-baot=\"1\">\n<colgroup>\n<col width=\"234\" \/>\n<col width=\"152\" \/><\/colgroup>\n<tbody>\n<tr>\n<td style=\"width: 144.632%;\" colspan=\"2\" rowspan=\"1\"><strong>Coordinacions de nivell<\/strong><\/td>\n<\/tr>\n<tr>\n<td style=\"width: 42.1484%;\">1r ESO<\/td>\n<td style=\"width: 102.484%;\">Marta P\u00e9rez Povedano<\/td>\n<\/tr>\n<tr>\n<td style=\"width: 42.1484%;\">2n ESO<\/td>\n<td style=\"width: 102.484%;\">Anna Quintana G\u00f3mez<\/td>\n<\/tr>\n<tr>\n<td style=\"width: 42.1484%;\">3r ESO<\/td>\n<td style=\"width: 102.484%;\">Anna Soriano i Fern\u00e1ndez<\/td>\n<\/tr>\n<tr>\n<td style=\"width: 42.1484%;\">4t ESO<\/td>\n<td style=\"width: 102.484%;\">Carolina Casacuberta Bag\u00f3<\/td>\n<\/tr>\n<tr>\n<td style=\"width: 42.1484%;\">1r i 2n de Batxillerat<\/td>\n<td style=\"width: 102.484%;\">Montse Casado Izquierdo<\/td>\n<\/tr>\n<\/tbody>\n<\/table>\n<table dir=\"ltr\" style=\"width: 47.3065%; height: 880px;\" border=\"1\" cellspacing=\"0\" cellpadding=\"0\" data-sheets-root=\"1\" data-sheets-baot=\"1\">\n<colgroup>\n<col width=\"91\" \/>\n<col width=\"173\" \/><\/colgroup>\n<tbody>\n<tr style=\"height: 33px;\">\n<td style=\"width: 196.216%; height: 33px;\" colspan=\"2\"><strong>Tutories<\/strong><\/td>\n<\/tr>\n<tr style=\"height: 33px;\">\n<td style=\"width: 41.728%; height: 33px;\">1r ESO A<\/td>\n<td style=\"width: 154.489%; height: 33px;\">Marta P\u00e9rez Povedano<\/td>\n<\/tr>\n<tr style=\"height: 33px;\">\n<td style=\"width: 41.728%; height: 33px;\">1r ESO B<\/td>\n<td style=\"width: 154.489%; height: 33px;\">\u00c1frica L\u00f3pez Castells<\/td>\n<\/tr>\n<tr style=\"height: 33px;\">\n<td style=\"width: 41.728%; height: 33px;\">1r ESO C<\/td>\n<td style=\"width: 154.489%; height: 33px;\">B\u00e0rbara Vila Merino<\/td>\n<\/tr>\n<tr style=\"height: 33px;\">\n<td style=\"width: 41.728%; height: 33px;\">1r ESO D<\/td>\n<td style=\"width: 154.489%; height: 33px;\">Anna Ramon Ca\u00f1ellas<\/td>\n<\/tr>\n<tr style=\"height: 33px;\">\n<td style=\"width: 41.728%; height: 33px;\">2n ESO A<\/td>\n<td style=\"width: 154.489%; height: 33px;\">Anna Quintana G\u00f3mez<\/td>\n<\/tr>\n<tr style=\"height: 33px;\">\n<td style=\"width: 41.728%; height: 33px;\">2n ESO B<\/td>\n<td style=\"width: 154.489%; height: 33px;\">Gerard Garcia Silvente<\/td>\n<\/tr>\n<tr style=\"height: 33px;\">\n<td style=\"width: 41.728%; height: 33px;\">2n ESO C<\/td>\n<td style=\"width: 154.489%; height: 33px;\">Lucas Ballesteros Sabater<\/td>\n<\/tr>\n<tr style=\"height: 33px;\">\n<td style=\"width: 41.728%; height: 33px;\">2n ESO D<\/td>\n<td style=\"width: 154.489%; height: 33px;\">D\u00e9mian V\u00e1zquez Exp\u00f3sito<\/td>\n<\/tr>\n<tr style=\"height: 33px;\">\n<td style=\"width: 41.728%; height: 33px;\">3r ESO A<\/td>\n<td style=\"width: 154.489%; height: 33px;\">Anna Soriano i Fern\u00e1ndez<\/td>\n<\/tr>\n<tr style=\"height: 33px;\">\n<td style=\"width: 41.728%; height: 33px;\">3r ESO B<\/td>\n<td style=\"width: 154.489%; height: 33px;\">V\u00edctor Ferrer Baella<\/td>\n<\/tr>\n<tr style=\"height: 33px;\">\n<td style=\"width: 41.728%; height: 33px;\">3r ESO C<\/td>\n<td style=\"width: 154.489%; height: 33px;\">Laura Sanguino Bonet<\/td>\n<\/tr>\n<tr style=\"height: 33px;\">\n<td style=\"width: 41.728%; height: 33px;\">3r ESO D<\/td>\n<td style=\"width: 154.489%; height: 33px;\">M\u00aaJos\u00e9 Hargain<\/td>\n<\/tr>\n<tr style=\"height: 33px;\">\n<td style=\"width: 41.728%; height: 33px;\">4t ESO A<\/td>\n<td style=\"width: 154.489%; height: 33px;\">Carolina Casacuberta Bag\u00f3<\/td>\n<\/tr>\n<tr style=\"height: 33px;\">\n<td style=\"width: 41.728%; height: 33px;\">4t ESO B<\/td>\n<td style=\"width: 154.489%; height: 33px;\">Marta Robles Masso<\/td>\n<\/tr>\n<tr style=\"height: 33px;\">\n<td style=\"width: 41.728%; height: 33px;\">4t ESO C<\/td>\n<td style=\"width: 154.489%; height: 33px;\">Roc\u00edo Gonz\u00e1lez Garcia<\/td>\n<\/tr>\n<tr style=\"height: 33px;\">\n<td style=\"width: 41.728%; height: 33px;\">4t ESO D<\/td>\n<td style=\"width: 154.489%; height: 33px;\">Rafa Corona Montilla<\/td>\n<\/tr>\n<tr style=\"height: 33px;\">\n<td style=\"width: 41.728%; height: 33px;\">4t ESO E (AO)<\/td>\n<td style=\"width: 154.489%; height: 33px;\">Montse Ruscalleda Torrent<\/td>\n<\/tr>\n<tr style=\"height: 33px;\">\n<td style=\"width: 41.728%; height: 33px;\">1r Batx A<\/td>\n<td style=\"width: 154.489%; height: 33px;\">Eva Cotano Vicario<\/td>\n<\/tr>\n<tr style=\"height: 33px;\">\n<td style=\"width: 41.728%; height: 33px;\">1r Batx B<\/td>\n<td style=\"width: 154.489%; height: 33px;\">Joan Hern\u00e1ndez Mercader<\/td>\n<\/tr>\n<tr style=\"height: 33px;\">\n<td style=\"width: 41.728%; height: 33px;\">2n Batx A<\/td>\n<td style=\"width: 154.489%; height: 33px;\">Cristina Fern\u00e1ndez Jim\u00e9nez<\/td>\n<\/tr>\n<tr style=\"height: 33px;\">\n<td style=\"width: 41.728%; height: 33px;\">2n Batx B<\/td>\n<td style=\"width: 154.489%; height: 33px;\">Montse Casado Izquierdo<\/td>\n<\/tr>\n<\/tbody>\n<\/table>\n<table dir=\"ltr\" style=\"width: 47.318%;\" border=\"1\" cellspacing=\"0\" cellpadding=\"0\" data-sheets-root=\"1\" data-sheets-baot=\"1\">\n<colgroup>\n<col width=\"91\" \/>\n<col width=\"173\" \/><\/colgroup>\n<tbody>\n<tr style=\"height: 33px;\">\n<td style=\"width: 254.086%; height: 33px;\" colspan=\"2\" rowspan=\"1\"><strong>PAS &#8211; Personal d&#8217;administraci\u00f3 i serveis<\/strong><\/td>\n<\/tr>\n<tr style=\"height: 33px;\">\n<td style=\"width: 41.728%; height: 33px;\">Administraci\u00f3<\/td>\n<td style=\"width: 212.358%; height: 33px;\">Marta Sabater Rodr\u00edguez<\/td>\n<\/tr>\n<tr style=\"height: 33px;\">\n<td style=\"width: 41.728%; height: 33px;\">Consergeria<\/td>\n<td style=\"width: 212.358%; height: 33px;\">Montserrat Navarro Rita<\/td>\n<\/tr>\n<tr style=\"height: 33px;\">\n<td style=\"width: 41.728%; height: 33px;\">Consergeria<\/td>\n<td style=\"width: 212.358%; height: 33px;\">Montserrat Le\u00f3n Torres<\/td>\n<\/tr>\n<\/tbody>\n<\/table>\n<table dir=\"ltr\" style=\"width: 47.318%;\" border=\"1\" cellspacing=\"0\" cellpadding=\"0\" data-sheets-root=\"1\" data-sheets-baot=\"1\">\n<colgroup>\n<col width=\"91\" \/>\n<col width=\"173\" \/><\/colgroup>\n<tbody>\n<tr style=\"height: 33px;\">\n<td style=\"width: 254.086%; height: 33px;\" colspan=\"2\"><strong>PAE &#8211; Personal d&#8217;atenci\u00f3 educativa<\/strong><\/td>\n<\/tr>\n<tr style=\"height: 33px;\">\n<td style=\"width: 41.728%; height: 33px;\">Educadora<\/td>\n<td style=\"width: 212.358%; height: 33px;\">Nuria Gabarr\u00f3 Castillo<\/td>\n<\/tr>\n<tr style=\"height: 33px;\">\n<td style=\"width: 41.728%; height: 33px;\">Vetlladora<\/td>\n<td style=\"width: 212.358%; height: 33px;\">Sandra Mart\u00ed Batlle<\/td>\n<\/tr>\n<\/tbody>\n<\/table>\n<p>&nbsp;<\/p>\n","protected":false},"excerpt":{"rendered":"<p>Distribuci\u00f3 dels diferents c\u00e0rrecs<\/p>\n<p>Equip directiu<\/p>\n<p>Director<br \/>\nFrancesc Casabella Planas<\/p>\n<p>Cap d&#8217;estudis<br \/>\nAlbert Caminal de Mingo<\/p>\n<p>Coordinadora pedag\u00f2gica<br \/>\nVanessa Ag\u00fcera Ortiz<\/p>\n<p>Secret\u00e0ria<br \/>\nJudit Turon Gonz\u00e1lez<\/p>\n<p>Altres coordinacions<\/p>\n<p>Coordinaci\u00f3 de Riscos Laborals<br \/>\nMiquel Quintana Llad\u00f3<\/p>\n<p>Coordinaci\u00f3 Digital<br \/>\nMireia Serra Ribas<\/p>\n<p>Coordinaci\u00f3 LIC<br \/>\nJosep Hernandez Tresserras<\/p>\n<p>Coordinaci\u00f3 ASE<br \/>\nLaura Sanguino Bonet<\/p>\n<p>Coordinaci\u00f3 PuntEdu \/ Acollida in\/out<br \/>\nEva Cotano Vicario<\/p>\n<p>Coordinaci\u00f3 Projectes<br \/>\nAnna Quintana G\u00f3mez<\/p>\n<p>COCOBE: Coordinaci\u00f3 de coeducaci\u00f3, conviv\u00e8ncia i&hellip;  <a href=\"https:\/\/agora.xtec.cat\/iespalafolls\/linstitut\/organigrama\/\" title=\"Read Organigrama\">Llegeix m\u00e9s\u00bb<\/a><\/p>\n","protected":false},"author":1,"featured_media":0,"parent":19,"menu_order":50,"comment_status":"closed","ping_status":"closed","template":"page-templates\/side-menu.php","meta":{"_bbp_topic_count":0,"_bbp_reply_count":0,"_bbp_total_topic_count":0,"_bbp_total_reply_count":0,"_bbp_voice_count":0,"_bbp_anonymous_reply_count":0,"_bbp_topic_count_hidden":0,"_bbp_reply_count_hidden":0,"_bbp_forum_subforum_count":0,"footnotes":""},"class_list":["post-46","page","type-page","status-publish","hentry"],"post_mailing_queue_ids":[],"_links":{"self":[{"href":"https:\/\/agora.xtec.cat\/iespalafolls\/wp-json\/wp\/v2\/pages\/46","targetHints":{"allow":["GET"]}}],"collection":[{"href":"https:\/\/agora.xtec.cat\/iespalafolls\/wp-json\/wp\/v2\/pages"}],"about":[{"href":"https:\/\/agora.xtec.cat\/iespalafolls\/wp-json\/wp\/v2\/types\/page"}],"author":[{"embeddable":true,"href":"https:\/\/agora.xtec.cat\/iespalafolls\/wp-json\/wp\/v2\/users\/1"}],"replies":[{"embeddable":true,"href":"https:\/\/agora.xtec.cat\/iespalafolls\/wp-json\/wp\/v2\/comments?post=46"}],"version-history":[{"count":6,"href":"https:\/\/agora.xtec.cat\/iespalafolls\/wp-json\/wp\/v2\/pages\/46\/revisions"}],"predecessor-version":[{"id":6875,"href":"https:\/\/agora.xtec.cat\/iespalafolls\/wp-json\/wp\/v2\/pages\/46\/revisions\/6875"}],"up":[{"embeddable":true,"href":"https:\/\/agora.xtec.cat\/iespalafolls\/wp-json\/wp\/v2\/pages\/19"}],"wp:attachment":[{"href":"https:\/\/agora.xtec.cat\/iespalafolls\/wp-json\/wp\/v2\/media?parent=46"}],"curies":[{"name":"wp","href":"https:\/\/api.w.org\/{rel}","templated":true}]}}