{"id":966,"date":"2026-04-07T13:14:35","date_gmt":"2026-04-07T11:14:35","guid":{"rendered":"https:\/\/agora.xtec.cat\/iesolorda\/?page_id=966"},"modified":"2026-04-07T13:19:17","modified_gmt":"2026-04-07T11:19:17","slug":"pdc4eso","status":"publish","type":"page","link":"https:\/\/agora.xtec.cat\/iesolorda\/pdc4eso\/","title":{"rendered":"PDC 4 d&#8217;ESO"},"content":{"rendered":"\n<p>&nbsp;<a href=\"\/departament\">Torna a departaments<\/a><\/p>\n\n\n\n<p><strong>Criteris<\/strong><\/p>\n\n\n\n\n\n<p><strong>Programacions<\/strong><\/p>\n\n\n\n<figure class=\"wp-block-table\"><table class=\"has-fixed-layout\"><tbody><tr><td><a href=\"https:\/\/docs.google.com\/document\/d\/1n3c8z-e9SSDhkxZYfHLcxl5Pd7-zkMfE\/edit?usp=drive_link&amp;ouid=116884878668790070596&amp;rtpof=true&amp;sd=true\"><strong>Educaci\u00f3 f\u00edsica<\/strong><\/a><\/td><td><a href=\"https:\/\/docs.google.com\/document\/d\/1FwDCs__SmJMkubvfESPbj5WGflH4DlOh\/edit?usp=drive_link&amp;ouid=116884878668790070596&amp;rtpof=true&amp;sd=true\"><strong>Catal\u00e0<\/strong><\/a><\/td><td><a href=\"https:\/\/docs.google.com\/document\/d\/1JvqFDhWLTOS3VPyEd84_tfXQGB9rpijR\/edit?usp=drive_link&amp;ouid=116884878668790070596&amp;rtpof=true&amp;sd=true\"><strong>Angl\u00e8s<\/strong><\/a><\/td><\/tr><tr><td><a href=\"https:\/\/docs.google.com\/document\/d\/1cn1PsZIYOzpsjNRiglhJCxhPmCIn7uhe\/edit?usp=drive_link&amp;ouid=116884878668790070596&amp;rtpof=true&amp;sd=true\"><strong>Biologia i geologia<\/strong><\/a><\/td><td><a href=\"https:\/\/drive.google.com\/file\/d\/1Rwh5dMZkKXXGVLxhLwCrDqVxlWRfoFVz\/view?usp=drive_link\"><strong>Castell\u00e0<\/strong><\/a><\/td><td><a href=\"https:\/\/docs.google.com\/document\/d\/1cWD1pR_A25OzpBau6ZdVfmlnHIRf7CoZ\/edit?usp=drive_link&amp;ouid=116884878668790070596&amp;rtpof=true&amp;sd=true\"><strong>\u00c0mbit digital<\/strong><\/a><\/td><\/tr><tr><td><a href=\"https:\/\/drive.google.com\/file\/d\/10PiQMZK9HxJ-9mdoqWxnavirQYmdQhum\/view?usp=drive_link\"><strong>Matem\u00e0tiques<\/strong><\/a><\/td><td><a href=\"https:\/\/drive.google.com\/file\/d\/1GRVsRytfDzpGuq18uSYCTXfpFwCBZbfa\/view?usp=drive_link\"><strong>Ci\u00e8ncies socials<\/strong><\/a><\/td><td><a href=\"https:\/\/docs.google.com\/document\/d\/1TxwwW4GYFdm2fQL_Mf9eu4WZ0qLGxV3L\/edit?usp=drive_link&amp;ouid=116884878668790070596&amp;rtpof=true&amp;sd=true\"><strong>OPT Autoestima<\/strong><\/a><\/td><\/tr><\/tbody><\/table><\/figure>\n\n\n\n<p><\/p>\n","protected":false},"excerpt":{"rendered":"<p>&nbsp;Torna a departaments Criteris Programacions Educaci\u00f3 f\u00edsica Catal\u00e0 Angl\u00e8s Biologia i geologia Castell\u00e0 \u00c0mbit digital Matem\u00e0tiques Ci\u00e8ncies socials OPT Autoestima<\/p>\n","protected":false},"author":1,"featured_media":0,"parent":0,"menu_order":0,"comment_status":"closed","ping_status":"close","template":"","meta":{"site-sidebar-layout":"default","site-content-layout":"","ast-site-content-layout":"default","site-content-style":"default","site-sidebar-style":"default","ast-global-header-display":"","ast-banner-title-visibility":"","ast-main-header-display":"","ast-hfb-above-header-display":"","ast-hfb-below-header-display":"","ast-hfb-mobile-header-display":"","site-post-title":"","ast-breadcrumbs-content":"","ast-featured-img":"","footer-sml-layout":"","theme-transparent-header-meta":"","adv-header-id-meta":"","stick-header-meta":"","header-above-stick-meta":"","header-main-stick-meta":"","header-below-stick-meta":"","astra-migrate-meta-layouts":"set","ast-page-background-enabled":"default","ast-page-background-meta":{"desktop":{"background-color":"var(--ast-global-color-4)","background-image":"","background-repeat":"repeat","background-position":"center center","background-size":"auto","background-attachment":"scroll","background-type":"","background-media":"","overlay-type":"","overlay-color":"","overlay-opacity":"","overlay-gradient":""},"tablet":{"background-color":"","background-image":"","background-repeat":"repeat","background-position":"center center","background-size":"auto","background-attachment":"scroll","background-type":"","background-media":"","overlay-type":"","overlay-color":"","overlay-opacity":"","overlay-gradient":""},"mobile":{"background-color":"","background-image":"","background-repeat":"repeat","background-position":"center center","background-size":"auto","background-attachment":"scroll","background-type":"","background-media":"","overlay-type":"","overlay-color":"","overlay-opacity":"","overlay-gradient":""}},"ast-content-background-meta":{"desktop":{"background-color":"var(--ast-global-color-5)","background-image":"","background-repeat":"repeat","background-position":"center center","background-size":"auto","background-attachment":"scroll","background-type":"","background-media":"","overlay-type":"","overlay-color":"","overlay-opacity":"","overlay-gradient":""},"tablet":{"background-color":"var(--ast-global-color-5)","background-image":"","background-repeat":"repeat","background-position":"center center","background-size":"auto","background-attachment":"scroll","background-type":"","background-media":"","overlay-type":"","overlay-color":"","overlay-opacity":"","overlay-gradient":""},"mobile":{"background-color":"var(--ast-global-color-5)","background-image":"","background-repeat":"repeat","background-position":"center center","background-size":"auto","background-attachment":"scroll","background-type":"","background-media":"","overlay-type":"","overlay-color":"","overlay-opacity":"","overlay-gradient":""}},"footnotes":""},"class_list":["post-966","page","type-page","status-publish","hentry"],"post_mailing_queue_ids":[],"_links":{"self":[{"href":"https:\/\/agora.xtec.cat\/iesolorda\/wp-json\/wp\/v2\/pages\/966","targetHints":{"allow":["GET"]}}],"collection":[{"href":"https:\/\/agora.xtec.cat\/iesolorda\/wp-json\/wp\/v2\/pages"}],"about":[{"href":"https:\/\/agora.xtec.cat\/iesolorda\/wp-json\/wp\/v2\/types\/page"}],"author":[{"embeddable":true,"href":"https:\/\/agora.xtec.cat\/iesolorda\/wp-json\/wp\/v2\/users\/1"}],"replies":[{"embeddable":true,"href":"https:\/\/agora.xtec.cat\/iesolorda\/wp-json\/wp\/v2\/comments?post=966"}],"version-history":[{"count":3,"href":"https:\/\/agora.xtec.cat\/iesolorda\/wp-json\/wp\/v2\/pages\/966\/revisions"}],"predecessor-version":[{"id":975,"href":"https:\/\/agora.xtec.cat\/iesolorda\/wp-json\/wp\/v2\/pages\/966\/revisions\/975"}],"wp:attachment":[{"href":"https:\/\/agora.xtec.cat\/iesolorda\/wp-json\/wp\/v2\/media?parent=966"}],"curies":[{"name":"wp","href":"https:\/\/api.w.org\/{rel}","templated":true}]}}