{"id":797,"date":"2026-03-24T08:58:00","date_gmt":"2026-03-24T07:58:00","guid":{"rendered":"https:\/\/agora.xtec.cat\/iesolorda\/?page_id=797"},"modified":"2026-04-23T10:20:44","modified_gmt":"2026-04-23T08:20:44","slug":"fisica-i-quimica","status":"publish","type":"page","link":"https:\/\/agora.xtec.cat\/iesolorda\/fisica-i-quimica\/","title":{"rendered":"F\u00edsica i qu\u00edmica"},"content":{"rendered":"\n<p><img loading=\"lazy\" decoding=\"async\" src=\"https:\/\/agora.xtec.cat\/iesolorda\/wp-content\/uploads\/usu3186\/2026\/04\/FISICA_banner.png\" width=\"400\" height=\"76\"> <a href=\"https:\/\/agora.xtec.cat\/iesolorda\/departaments\">Torna a departaments<\/a><\/p>\n\n\n\n<p><strong>Criteris<\/strong><\/p>\n\n\n\n<figure class=\"wp-block-table\"><table class=\"has-fixed-layout\"><tbody><tr><td><a href=\"https:\/\/drive.google.com\/file\/d\/16M2xsK07GlqKmXpkkm_X0J-IK4bIGT7E\/view?usp=sharing\"><strong>2n ESO<\/strong><\/a><\/td><td><a href=\"https:\/\/drive.google.com\/file\/d\/1Vq5AfvdTkCw4bDC42iQEvaj8UlPQJ5i3\/view?usp=sharing\"><strong>F\u00edsica I 1r BAT<\/strong><\/a> &nbsp;&#8211; <a href=\"https:\/\/drive.google.com\/file\/d\/17K2YXRqTlmvEABAy1graz6W9TWFUBIMP\/view?usp=sharing\"><strong>2n BAT<\/strong><\/a><\/td><\/tr><tr><td><a href=\"https:\/\/drive.google.com\/file\/d\/1ook1eV3DycVLJ9cAPOvr9BqT5wbBNbEE\/view?usp=sharing\"><strong>3r ESO<\/strong><\/a><\/td><td><a href=\"https:\/\/drive.google.com\/file\/d\/1moPOpH4Q_JtaCXyFTVHyXwkI62FNfYQM\/view?usp=sharing\"><strong>Qu\u00edmica I 1r BAT<\/strong><\/a> &nbsp;&#8211; <a href=\"https:\/\/drive.google.com\/file\/d\/1W_kQmaU2pC0HsjBDcfgCJEfGf15GEhge\/view?usp=sharing\"><strong>2n BAT<\/strong><\/a><\/td><\/tr><tr><td><a href=\"https:\/\/drive.google.com\/file\/d\/1RxQSQFXenMqw5PYRrJolVbcNsDaAji7-\/view?usp=sharing\"><strong>4t ESO<\/strong><\/a><\/td><td><a href=\"https:\/\/drive.google.com\/file\/d\/17gIrIpVCYVwzGR1dY6FxMs-WB9PlWZfl\/view?usp=sharing\"><strong>Reptes de F\u00edsica i Qu\u00edmica 1r BAT<\/strong><\/a><\/td><\/tr><\/tbody><\/table><\/figure>\n\n\n\n<p><strong>Programacions<\/strong><\/p>\n\n\n\n<figure class=\"wp-block-table\"><table class=\"has-fixed-layout\"><tbody><tr><td><strong>ESO<\/strong><\/td><td><strong>1r batxillerat<\/strong><\/td><td><strong>2n batxillerat<\/strong><\/td><\/tr><tr><td><a href=\"https:\/\/docs.google.com\/document\/d\/1FIRqerRZKkODGeTEa4dtSBiG066vCqaY\/edit?usp=drive_link&amp;ouid=116884878668790070596&amp;rtpof=true&amp;sd=true\" target=\"_blank\" rel=\"noreferrer noopener\"><strong>2n ESO<\/strong><\/a><\/td><td><a href=\"https:\/\/docs.google.com\/document\/d\/1i2lD9T3v3e1f66kVqwMfpqKJpCZFgGil\/edit?usp=drive_link&amp;ouid=116884878668790070596&amp;rtpof=true&amp;sd=true\" target=\"_blank\" rel=\"noreferrer noopener\"><strong>Qu\u00edmica<\/strong><\/a><\/td><td><a href=\"https:\/\/docs.google.com\/document\/d\/1kn2m2Og9g56NIhWp4UkzXjHsxSgb2IQz\/edit?usp=drive_link&amp;ouid=116884878668790070596&amp;rtpof=true&amp;sd=true\" target=\"_blank\" rel=\"noreferrer noopener\"><strong>Qu\u00edmica<\/strong><\/a><\/td><\/tr><tr><td><a href=\"https:\/\/docs.google.com\/document\/d\/1onVxSMA7R8_nLDKool1yEW2BQ5T3uMHX\/edit?usp=drive_link&amp;ouid=116884878668790070596&amp;rtpof=true&amp;sd=true\" target=\"_blank\" rel=\"noreferrer noopener\"><strong>3r ESO<\/strong><\/a><\/td><td><a href=\"https:\/\/docs.google.com\/document\/d\/1uthtKFGGganLEIHyhGgpiS58JvxPiqlx\/edit?usp=drive_link&amp;ouid=116884878668790070596&amp;rtpof=true&amp;sd=true\" target=\"_blank\" rel=\"noreferrer noopener\"><strong>F\u00edsica<\/strong><\/a><\/td><td><a href=\"https:\/\/docs.google.com\/document\/d\/1DW3BKKlgwbxlN8r4ACuSKWZ8g_OoYLrh\/edit?usp=drive_link&amp;ouid=116884878668790070596&amp;rtpof=true&amp;sd=true\" target=\"_blank\" rel=\"noreferrer noopener\"><strong>F\u00edsica<\/strong><\/a><\/td><\/tr><tr><td><a href=\"https:\/\/docs.google.com\/document\/d\/1cRB0BL1-GFL6nmw2BWkTZkkbQhN3k8GS\/edit?usp=drive_link&amp;ouid=116884878668790070596&amp;rtpof=true&amp;sd=true\" target=\"_blank\" rel=\"noreferrer noopener\"><strong>4t ESO<\/strong><\/a><\/td><td>&nbsp;<\/td><td>&nbsp;<\/td><\/tr><\/tbody><\/table><\/figure>\n\n\n\n<p><strong>Enlla\u00e7os<\/strong><\/p>\n\n\n\n<figure class=\"wp-block-table\"><table class=\"has-fixed-layout\"><tbody><tr><td><a href=\"http:\/\/iesolorda.cat\/departaments\/fq\/fq_av_index.htm\" target=\"_blank\" rel=\"noreferrer noopener\"><strong>Aula virtual<\/strong><\/a><\/td><\/tr><tr><td><a href=\"http:\/\/iesolorda.cat\/departaments\/fq\/fq_lectures.pdf\" target=\"_blank\" rel=\"noreferrer noopener\"><strong>Lectures<\/strong><\/a><\/td><\/tr><tr><td><a href=\"http:\/\/iesolorda.cat\/departaments\/fq\/fq_taula_periodica.pdf\" target=\"_blank\" rel=\"noreferrer noopener\"><strong>Construint una taula peri\u00f2dica<\/strong><\/a><\/td><\/tr><\/tbody><\/table><\/figure>\n","protected":false},"excerpt":{"rendered":"<p>Torna a departaments Criteris 2n ESO F\u00edsica I 1r BAT &nbsp;&#8211; 2n BAT 3r ESO Qu\u00edmica I 1r BAT &nbsp;&#8211; 2n BAT 4t ESO Reptes de F\u00edsica i Qu\u00edmica 1r BAT Programacions ESO 1r batxillerat 2n batxillerat 2n ESO Qu\u00edmica Qu\u00edmica 3r ESO F\u00edsica F\u00edsica 4t ESO &nbsp; &nbsp; Enlla\u00e7os Aula virtual Lectures Construint una [&hellip;]<\/p>\n","protected":false},"author":1,"featured_media":0,"parent":0,"menu_order":0,"comment_status":"closed","ping_status":"close","template":"","meta":{"site-sidebar-layout":"default","site-content-layout":"","ast-site-content-layout":"default","site-content-style":"default","site-sidebar-style":"default","ast-global-header-display":"","ast-banner-title-visibility":"","ast-main-header-display":"","ast-hfb-above-header-display":"","ast-hfb-below-header-display":"","ast-hfb-mobile-header-display":"","site-post-title":"","ast-breadcrumbs-content":"","ast-featured-img":"","footer-sml-layout":"","theme-transparent-header-meta":"","adv-header-id-meta":"","stick-header-meta":"","header-above-stick-meta":"","header-main-stick-meta":"","header-below-stick-meta":"","astra-migrate-meta-layouts":"set","ast-page-background-enabled":"default","ast-page-background-meta":{"desktop":{"background-color":"var(--ast-global-color-4)","background-image":"","background-repeat":"repeat","background-position":"center center","background-size":"auto","background-attachment":"scroll","background-type":"","background-media":"","overlay-type":"","overlay-color":"","overlay-opacity":"","overlay-gradient":""},"tablet":{"background-color":"","background-image":"","background-repeat":"repeat","background-position":"center center","background-size":"auto","background-attachment":"scroll","background-type":"","background-media":"","overlay-type":"","overlay-color":"","overlay-opacity":"","overlay-gradient":""},"mobile":{"background-color":"","background-image":"","background-repeat":"repeat","background-position":"center center","background-size":"auto","background-attachment":"scroll","background-type":"","background-media":"","overlay-type":"","overlay-color":"","overlay-opacity":"","overlay-gradient":""}},"ast-content-background-meta":{"desktop":{"background-color":"var(--ast-global-color-5)","background-image":"","background-repeat":"repeat","background-position":"center center","background-size":"auto","background-attachment":"scroll","background-type":"","background-media":"","overlay-type":"","overlay-color":"","overlay-opacity":"","overlay-gradient":""},"tablet":{"background-color":"var(--ast-global-color-5)","background-image":"","background-repeat":"repeat","background-position":"center center","background-size":"auto","background-attachment":"scroll","background-type":"","background-media":"","overlay-type":"","overlay-color":"","overlay-opacity":"","overlay-gradient":""},"mobile":{"background-color":"var(--ast-global-color-5)","background-image":"","background-repeat":"repeat","background-position":"center center","background-size":"auto","background-attachment":"scroll","background-type":"","background-media":"","overlay-type":"","overlay-color":"","overlay-opacity":"","overlay-gradient":""}},"footnotes":""},"class_list":["post-797","page","type-page","status-publish","hentry"],"post_mailing_queue_ids":[],"_links":{"self":[{"href":"https:\/\/agora.xtec.cat\/iesolorda\/wp-json\/wp\/v2\/pages\/797","targetHints":{"allow":["GET"]}}],"collection":[{"href":"https:\/\/agora.xtec.cat\/iesolorda\/wp-json\/wp\/v2\/pages"}],"about":[{"href":"https:\/\/agora.xtec.cat\/iesolorda\/wp-json\/wp\/v2\/types\/page"}],"author":[{"embeddable":true,"href":"https:\/\/agora.xtec.cat\/iesolorda\/wp-json\/wp\/v2\/users\/1"}],"replies":[{"embeddable":true,"href":"https:\/\/agora.xtec.cat\/iesolorda\/wp-json\/wp\/v2\/comments?post=797"}],"version-history":[{"count":3,"href":"https:\/\/agora.xtec.cat\/iesolorda\/wp-json\/wp\/v2\/pages\/797\/revisions"}],"predecessor-version":[{"id":1467,"href":"https:\/\/agora.xtec.cat\/iesolorda\/wp-json\/wp\/v2\/pages\/797\/revisions\/1467"}],"wp:attachment":[{"href":"https:\/\/agora.xtec.cat\/iesolorda\/wp-json\/wp\/v2\/media?parent=797"}],"curies":[{"name":"wp","href":"https:\/\/api.w.org\/{rel}","templated":true}]}}