{"id":737,"date":"2026-03-24T08:29:41","date_gmt":"2026-03-24T07:29:41","guid":{"rendered":"https:\/\/agora.xtec.cat\/iesolorda\/?page_id=737"},"modified":"2026-04-23T10:09:10","modified_gmt":"2026-04-23T08:09:10","slug":"departaments","status":"publish","type":"page","link":"https:\/\/agora.xtec.cat\/iesolorda\/departaments\/","title":{"rendered":"Departaments"},"content":{"rendered":"\n<p class=\"text-align-center\" style=\"text-align: center;\">\n    A cada departament es poden consultar les <strong>programacions<\/strong> i els <strong>criteris<\/strong><br>\n    <strong>d&#8217;avaluaci\u00f3 <\/strong>que s&#8217;apliquen a les mat\u00e8ries impartides, a m\u00e9s d&#8217;altres informacions<br>\n    que poden ser d&#8217;utilitat.\n<\/p>\n\n<p class=\"text-align-center\" style=\"text-align: center;\">\n    <a href=\"https:\/\/agora.xtec.cat\/iesolorda\/angles\" onmouseout=\"MM_swapImgRestore()\" onmouseover=\"MM_swapImage('Image100','','https:\/\/agora.xtec.cat\/iesolorda\/wp-content\/uploads\/usu3186\/2026\/04\/anglesB.png',1)\">\n        <img loading=\"lazy\" decoding=\"async\" src=\"https:\/\/agora.xtec.cat\/iesolorda\/wp-content\/uploads\/usu3186\/2026\/04\/anglesA.png\" alt=\"Departament d'angl\u00e8s\" width=\"100\" height=\"100\" id=\"Image100\">\n    <\/a>\n    <a href=\"https:\/\/agora.xtec.cat\/iesolorda\/castella\" onmouseout=\"MM_swapImgRestore()\" onmouseover=\"MM_swapImage('Image200','','https:\/\/agora.xtec.cat\/iesolorda\/wp-content\/uploads\/usu3186\/2026\/04\/casteB.png',1)\">\n        <img loading=\"lazy\" decoding=\"async\" src=\"https:\/\/agora.xtec.cat\/iesolorda\/wp-content\/uploads\/usu3186\/2026\/04\/casteA.png\" alt=\"Departament de castell\u00e0\" width=\"100\" height=\"100\" id=\"Image200\">\n    <\/a>\n    <a href=\"https:\/\/agora.xtec.cat\/iesolorda\/catala\" onmouseout=\"MM_swapImgRestore()\" onmouseover=\"MM_swapImage('Image300','','https:\/\/agora.xtec.cat\/iesolorda\/wp-content\/uploads\/usu3186\/2026\/04\/cataB.png',1)\">\n        <img loading=\"lazy\" decoding=\"async\" src=\"https:\/\/agora.xtec.cat\/iesolorda\/wp-content\/uploads\/usu3186\/2026\/04\/cataA.png\" alt=\"Departament de catal\u00e0\" width=\"100\" height=\"100\" id=\"Image300\">\n    <\/a>\n    <a href=\"https:\/\/agora.xtec.cat\/iesolorda\/biologia\" onmouseout=\"MM_swapImgRestore()\" onmouseover=\"MM_swapImage('Image400','','https:\/\/agora.xtec.cat\/iesolorda\/wp-content\/uploads\/usu3186\/2026\/04\/cienB.png',1)\">\n        <img loading=\"lazy\" decoding=\"async\" src=\"https:\/\/agora.xtec.cat\/iesolorda\/wp-content\/uploads\/usu3186\/2026\/04\/cienA.png\" alt=\"Departament de ci\u00e8ncies naturals\" width=\"100\" height=\"100\" id=\"Image400\">\n    <\/a>\n    <a href=\"https:\/\/agora.xtec.cat\/iesolorda\/plastica\" onmouseout=\"MM_swapImgRestore()\" onmouseover=\"MM_swapImage('Image500','','https:\/\/agora.xtec.cat\/iesolorda\/wp-content\/uploads\/usu3186\/2026\/04\/vipB.png',1)\">\n        <img loading=\"lazy\" decoding=\"async\" src=\"https:\/\/agora.xtec.cat\/iesolorda\/wp-content\/uploads\/usu3186\/2026\/04\/vipA.png\" alt=\"Departament de visual i pl\u00e0stica\" width=\"100\" height=\"100\" id=\"Image500\">\n    <\/a><br>\n\n    <a href=\"https:\/\/agora.xtec.cat\/iesolorda\/educacio-fisica\" onmouseout=\"MM_swapImgRestore()\" onmouseover=\"MM_swapImage('Image600','','https:\/\/agora.xtec.cat\/iesolorda\/wp-content\/uploads\/usu3186\/2026\/04\/efB.png',1)\">\n        <img loading=\"lazy\" decoding=\"async\" src=\"https:\/\/agora.xtec.cat\/iesolorda\/wp-content\/uploads\/usu3186\/2026\/04\/efA.png\" alt=\"Departament d'educaci\u00f3 f\u00edsica\" width=\"100\" height=\"100\" id=\"Image600\">\n    <\/a>\n    <a href=\"https:\/\/agora.xtec.cat\/iesolorda\/filosofia\" onmouseout=\"MM_swapImgRestore()\" onmouseover=\"MM_swapImage('Image700','','https:\/\/agora.xtec.cat\/iesolorda\/wp-content\/uploads\/usu3186\/2026\/04\/filoB.png',1)\">\n        <img loading=\"lazy\" decoding=\"async\" src=\"https:\/\/agora.xtec.cat\/iesolorda\/wp-content\/uploads\/usu3186\/2026\/04\/filoA.png\" alt=\"Departament de filosofia\" width=\"100\" height=\"100\" id=\"Image700\">\n    <\/a>\n    <a href=\"https:\/\/agora.xtec.cat\/iesolorda\/fisica-i-quimica\" onmouseout=\"MM_swapImgRestore()\" onmouseover=\"MM_swapImage('Image800','','https:\/\/agora.xtec.cat\/iesolorda\/wp-content\/uploads\/usu3186\/2026\/04\/fqB.png',1)\">\n        <img loading=\"lazy\" decoding=\"async\" src=\"https:\/\/agora.xtec.cat\/iesolorda\/wp-content\/uploads\/usu3186\/2026\/04\/fqA.png\" alt=\"Departament de f\u00edsica i qu\u00edmica\" width=\"100\" height=\"100\" id=\"Image800\">\n    <\/a>\n    <a href=\"https:\/\/agora.xtec.cat\/iesolorda\/frances\" onmouseout=\"MM_swapImgRestore()\" onmouseover=\"MM_swapImage('Image900','','https:\/\/agora.xtec.cat\/iesolorda\/wp-content\/uploads\/usu3186\/2026\/04\/fraB.png',1)\">\n        <img loading=\"lazy\" decoding=\"async\" src=\"https:\/\/agora.xtec.cat\/iesolorda\/wp-content\/uploads\/usu3186\/2026\/04\/fraA.png\" alt=\"Departament de franc\u00e8s\" width=\"100\" height=\"100\" id=\"Image900\">\n    <\/a>\n    <a href=\"https:\/\/agora.xtec.cat\/iesolorda\/historia\" onmouseout=\"MM_swapImgRestore()\" onmouseover=\"MM_swapImage('Image901','','https:\/\/agora.xtec.cat\/iesolorda\/wp-content\/uploads\/usu3186\/2026\/04\/histoB.png',1)\">\n        <img loading=\"lazy\" decoding=\"async\" src=\"https:\/\/agora.xtec.cat\/iesolorda\/wp-content\/uploads\/usu3186\/2026\/04\/histoA.png\" alt=\"Departament de geografia i hist\u00f2ria\" width=\"100\" height=\"100\" id=\"Image901\">\n    <\/a><br>\n\n    <a href=\"https:\/\/agora.xtec.cat\/iesolorda\/llengues-classiques\" onmouseout=\"MM_swapImgRestore()\" onmouseover=\"MM_swapImage('Image902','','https:\/\/agora.xtec.cat\/iesolorda\/wp-content\/uploads\/usu3186\/2026\/04\/classiB.png',1)\">\n        <img loading=\"lazy\" decoding=\"async\" src=\"https:\/\/agora.xtec.cat\/iesolorda\/wp-content\/uploads\/usu3186\/2026\/04\/classiA.png\" alt=\"Departament de lleng\u00fces cl\u00e0ssiques\" width=\"100\" height=\"100\" id=\"Image902\">\n    <\/a>\n    <a href=\"https:\/\/agora.xtec.cat\/iesolorda\/matematiques\" onmouseout=\"MM_swapImgRestore()\" onmouseover=\"MM_swapImage('Image903','','https:\/\/agora.xtec.cat\/iesolorda\/wp-content\/uploads\/usu3186\/2026\/04\/matesB.png',1)\">\n        <img loading=\"lazy\" decoding=\"async\" src=\"https:\/\/agora.xtec.cat\/iesolorda\/wp-content\/uploads\/usu3186\/2026\/04\/matesA.png\" alt=\"Departament de matem\u00e0tiques\" width=\"100\" height=\"100\" id=\"Image903\">\n    <\/a>\n    <a href=\"https:\/\/agora.xtec.cat\/iesolorda\/musica\" onmouseout=\"MM_swapImgRestore()\" onmouseover=\"MM_swapImage('Image904','','https:\/\/agora.xtec.cat\/iesolorda\/wp-content\/uploads\/usu3186\/2026\/04\/musB.png',1)\">\n        <img loading=\"lazy\" decoding=\"async\" src=\"https:\/\/agora.xtec.cat\/iesolorda\/wp-content\/uploads\/usu3186\/2026\/04\/musA.png\" alt=\"Departament de m\u00fasica\" width=\"100\" height=\"100\" id=\"Image904\">\n    <\/a>\n    <a href=\"https:\/\/agora.xtec.cat\/iesolorda\/religio\" onmouseout=\"MM_swapImgRestore()\" onmouseover=\"MM_swapImage('Image905','','https:\/\/agora.xtec.cat\/iesolorda\/wp-content\/uploads\/usu3186\/2026\/04\/reliB.png',1)\">\n        <img loading=\"lazy\" decoding=\"async\" src=\"https:\/\/agora.xtec.cat\/iesolorda\/wp-content\/uploads\/usu3186\/2026\/04\/reliA.png\" alt=\"Departament de religi\u00f3\" width=\"100\" height=\"100\" id=\"Image905\">\n    <\/a>\n    <a href=\"https:\/\/agora.xtec.cat\/iesolorda\/tecnologia\" onmouseout=\"MM_swapImgRestore()\" onmouseover=\"MM_swapImage('Image906','','https:\/\/agora.xtec.cat\/iesolorda\/wp-content\/uploads\/usu3186\/2026\/04\/tecnoB.png',1)\">\n        <img loading=\"lazy\" decoding=\"async\" src=\"https:\/\/agora.xtec.cat\/iesolorda\/wp-content\/uploads\/usu3186\/2026\/04\/tecnoA.png\" alt=\"Departament de tecnologia\" width=\"100\" height=\"100\" id=\"Image906\">\n    <\/a>\n<\/p>\n\n<script type=\"text\/javascript\">\nfunction MM_swapImgRestore() { \n  var i,x,a=document.MM_sr; for(i=0;a&&i<a.length&#038;&#038;(x=a[i])&#038;&#038;x.oSrc;i++) x.src=x.oSrc;\n}\nfunction MM_findObj(n, d) { \n  var p,i,x; if(!d) d=document; if((p=n.indexOf(\"?\"))>0&&parent.frames.length) {\n    d=parent.frames[n.substring(p+1)].document; n=n.substring(0,p);}\n  if(!(x=d[n])&&d.all) x=d.all[n]; for (i=0;!x&&i<d.forms.length;i++) x=d.forms[i][n];\n  for(i=0;!x&#038;&#038;d.layers&#038;&#038;i<d.layers.length;i++) x=MM_findObj(n,d.layers[i].document);\n  if(!x &#038;&#038; d.getElementById) x=d.getElementById(n); return x;\n}\nfunction MM_swapImage() { \n  var i,j=0,x,a=MM_swapImage.arguments; document.MM_sr=new Array; for(i=0;i<(a.length-2);i+=3)\n   if ((x=MM_findObj(a[i]))!=null){document.MM_sr[j++]=x; if(!x.oSrc) x.oSrc=x.src; x.src=a[i+2];}\n}\n<\/script>\n","protected":false},"excerpt":{"rendered":"<p>A cada departament es poden consultar les programacions i els criteris d&#8217;avaluaci\u00f3 que s&#8217;apliquen a les mat\u00e8ries impartides, a m\u00e9s d&#8217;altres informacions que poden ser d&#8217;utilitat.<\/p>\n","protected":false},"author":1,"featured_media":0,"parent":0,"menu_order":0,"comment_status":"closed","ping_status":"close","template":"","meta":{"site-sidebar-layout":"default","site-content-layout":"","ast-site-content-layout":"default","site-content-style":"default","site-sidebar-style":"default","ast-global-header-display":"","ast-banner-title-visibility":"","ast-main-header-display":"","ast-hfb-above-header-display":"","ast-hfb-below-header-display":"","ast-hfb-mobile-header-display":"","site-post-title":"","ast-breadcrumbs-content":"","ast-featured-img":"","footer-sml-layout":"","theme-transparent-header-meta":"","adv-header-id-meta":"","stick-header-meta":"","header-above-stick-meta":"","header-main-stick-meta":"","header-below-stick-meta":"","astra-migrate-meta-layouts":"set","ast-page-background-enabled":"default","ast-page-background-meta":{"desktop":{"background-color":"var(--ast-global-color-4)","background-image":"","background-repeat":"repeat","background-position":"center center","background-size":"auto","background-attachment":"scroll","background-type":"","background-media":"","overlay-type":"","overlay-color":"","overlay-opacity":"","overlay-gradient":""},"tablet":{"background-color":"","background-image":"","background-repeat":"repeat","background-position":"center center","background-size":"auto","background-attachment":"scroll","background-type":"","background-media":"","overlay-type":"","overlay-color":"","overlay-opacity":"","overlay-gradient":""},"mobile":{"background-color":"","background-image":"","background-repeat":"repeat","background-position":"center center","background-size":"auto","background-attachment":"scroll","background-type":"","background-media":"","overlay-type":"","overlay-color":"","overlay-opacity":"","overlay-gradient":""}},"ast-content-background-meta":{"desktop":{"background-color":"var(--ast-global-color-5)","background-image":"","background-repeat":"repeat","background-position":"center center","background-size":"auto","background-attachment":"scroll","background-type":"","background-media":"","overlay-type":"","overlay-color":"","overlay-opacity":"","overlay-gradient":""},"tablet":{"background-color":"var(--ast-global-color-5)","background-image":"","background-repeat":"repeat","background-position":"center center","background-size":"auto","background-attachment":"scroll","background-type":"","background-media":"","overlay-type":"","overlay-color":"","overlay-opacity":"","overlay-gradient":""},"mobile":{"background-color":"var(--ast-global-color-5)","background-image":"","background-repeat":"repeat","background-position":"center center","background-size":"auto","background-attachment":"scroll","background-type":"","background-media":"","overlay-type":"","overlay-color":"","overlay-opacity":"","overlay-gradient":""}},"footnotes":""},"class_list":["post-737","page","type-page","status-publish","hentry"],"post_mailing_queue_ids":[],"_links":{"self":[{"href":"https:\/\/agora.xtec.cat\/iesolorda\/wp-json\/wp\/v2\/pages\/737","targetHints":{"allow":["GET"]}}],"collection":[{"href":"https:\/\/agora.xtec.cat\/iesolorda\/wp-json\/wp\/v2\/pages"}],"about":[{"href":"https:\/\/agora.xtec.cat\/iesolorda\/wp-json\/wp\/v2\/types\/page"}],"author":[{"embeddable":true,"href":"https:\/\/agora.xtec.cat\/iesolorda\/wp-json\/wp\/v2\/users\/1"}],"replies":[{"embeddable":true,"href":"https:\/\/agora.xtec.cat\/iesolorda\/wp-json\/wp\/v2\/comments?post=737"}],"version-history":[{"count":6,"href":"https:\/\/agora.xtec.cat\/iesolorda\/wp-json\/wp\/v2\/pages\/737\/revisions"}],"predecessor-version":[{"id":1438,"href":"https:\/\/agora.xtec.cat\/iesolorda\/wp-json\/wp\/v2\/pages\/737\/revisions\/1438"}],"wp:attachment":[{"href":"https:\/\/agora.xtec.cat\/iesolorda\/wp-json\/wp\/v2\/media?parent=737"}],"curies":[{"name":"wp","href":"https:\/\/api.w.org\/{rel}","templated":true}]}}