{"id":735,"date":"2026-03-24T08:29:40","date_gmt":"2026-03-24T07:29:40","guid":{"rendered":"https:\/\/agora.xtec.cat\/iesolorda\/?page_id=735"},"modified":"2026-03-24T08:38:03","modified_gmt":"2026-03-24T07:38:03","slug":"documents","status":"publish","type":"page","link":"https:\/\/agora.xtec.cat\/iesolorda\/documents\/","title":{"rendered":"Documents"},"content":{"rendered":"\n<h1 class=\"wp-block-heading\"><strong>Documents alumne<\/strong><\/h1>\n\n\n\n<p><a href=\"https:\/\/drive.google.com\/file\/d\/1cLW5qTadOYiL4BRrg6upYxfr2lUoNyMD\/view?usp=sharing\" target=\"_blank\" rel=\"noreferrer noopener\"><strong>Document justificants de falta<\/strong><\/a><\/p>\n\n\n\n<h1 class=\"wp-block-heading\"><strong>Documentaci\u00f3 sortides<\/strong><\/h1>\n\n\n\n<p>&#8211; <a href=\"https:\/\/drive.google.com\/file\/d\/159L7oQhvwdK74j8quPzRHjgDNIBes6Jc\/view?usp=sharing\" target=\"_blank\" rel=\"noreferrer noopener\"><strong>Calendari sortides i activitats 2025-26.<\/strong><\/a><\/p>\n\n\n\n<p>&#8211; <a href=\"https:\/\/drive.google.com\/file\/d\/1XXHAKw7QZNKKdA2d3064D_UJ3JkfD4vV\/view?usp=sharing\" target=\"_blank\" rel=\"noreferrer noopener\"><strong>Pla sortides, activitats complement\u00e0ries i extraescolars curs 25-26.<\/strong><\/a><\/p>\n\n\n\n<p>&#8211; <a href=\"https:\/\/docs.google.com\/document\/d\/1W7QrgRK5gi1U_nEFrmYb7DZtJsvRcFjb\/edit?usp=share_link&amp;ouid=116884878668790070596&amp;rtpof=true&amp;sd=true\" target=\"_blank\" rel=\"noreferrer noopener\"><strong>Comunicat de sortides.<\/strong><\/a><\/p>\n\n\n\n<p>&#8211; <a href=\"https:\/\/docs.google.com\/document\/d\/1-I447VPeb2M5b_lMusH5rusHXTCx6Ltu\/edit?usp=share_link&amp;ouid=116884878668790070596&amp;rtpof=true&amp;sd=true\" target=\"_blank\" rel=\"noreferrer noopener\"><strong>Informaci\u00f3 a les fam\u00edlies.<\/strong><\/a><\/p>\n\n\n\n<p>&#8211; <a href=\"https:\/\/docs.google.com\/forms\/d\/e\/1FAIpQLSeTs3cYVJzkfI7EVQ_TcpBc802aj_Gwe_X8aIP9Ef47qHmpIw\/viewform\" target=\"_blank\" rel=\"noreferrer noopener\"><strong>Valoraci\u00f3 d&#8217;activitats<\/strong><\/a>&nbsp;(cal accedir amb un <strong>compte xtec<\/strong>)<\/p>\n\n\n\n<p>&#8211; <strong>Dossier esquiada<\/strong> (pendent de publicaci\u00f3 Mar\u00e7 2025)<\/p>\n","protected":false},"excerpt":{"rendered":"<p>Documents alumne Document justificants de falta Documentaci\u00f3 sortides &#8211; Calendari sortides i activitats 2025-26. &#8211; Pla sortides, activitats complement\u00e0ries i extraescolars curs 25-26. &#8211; Comunicat de sortides. &#8211; Informaci\u00f3 a les fam\u00edlies. &#8211; Valoraci\u00f3 d&#8217;activitats&nbsp;(cal accedir amb un compte xtec) &#8211; Dossier esquiada (pendent de publicaci\u00f3 Mar\u00e7 2025)<\/p>\n","protected":false},"author":1,"featured_media":0,"parent":0,"menu_order":0,"comment_status":"closed","ping_status":"close","template":"","meta":{"site-sidebar-layout":"default","site-content-layout":"","ast-site-content-layout":"default","site-content-style":"default","site-sidebar-style":"default","ast-global-header-display":"","ast-banner-title-visibility":"","ast-main-header-display":"","ast-hfb-above-header-display":"","ast-hfb-below-header-display":"","ast-hfb-mobile-header-display":"","site-post-title":"","ast-breadcrumbs-content":"","ast-featured-img":"","footer-sml-layout":"","theme-transparent-header-meta":"","adv-header-id-meta":"","stick-header-meta":"","header-above-stick-meta":"","header-main-stick-meta":"","header-below-stick-meta":"","astra-migrate-meta-layouts":"set","ast-page-background-enabled":"default","ast-page-background-meta":{"desktop":{"background-color":"var(--ast-global-color-4)","background-image":"","background-repeat":"repeat","background-position":"center center","background-size":"auto","background-attachment":"scroll","background-type":"","background-media":"","overlay-type":"","overlay-color":"","overlay-opacity":"","overlay-gradient":""},"tablet":{"background-color":"","background-image":"","background-repeat":"repeat","background-position":"center center","background-size":"auto","background-attachment":"scroll","background-type":"","background-media":"","overlay-type":"","overlay-color":"","overlay-opacity":"","overlay-gradient":""},"mobile":{"background-color":"","background-image":"","background-repeat":"repeat","background-position":"center center","background-size":"auto","background-attachment":"scroll","background-type":"","background-media":"","overlay-type":"","overlay-color":"","overlay-opacity":"","overlay-gradient":""}},"ast-content-background-meta":{"desktop":{"background-color":"var(--ast-global-color-5)","background-image":"","background-repeat":"repeat","background-position":"center center","background-size":"auto","background-attachment":"scroll","background-type":"","background-media":"","overlay-type":"","overlay-color":"","overlay-opacity":"","overlay-gradient":""},"tablet":{"background-color":"var(--ast-global-color-5)","background-image":"","background-repeat":"repeat","background-position":"center center","background-size":"auto","background-attachment":"scroll","background-type":"","background-media":"","overlay-type":"","overlay-color":"","overlay-opacity":"","overlay-gradient":""},"mobile":{"background-color":"var(--ast-global-color-5)","background-image":"","background-repeat":"repeat","background-position":"center center","background-size":"auto","background-attachment":"scroll","background-type":"","background-media":"","overlay-type":"","overlay-color":"","overlay-opacity":"","overlay-gradient":""}},"footnotes":""},"class_list":["post-735","page","type-page","status-publish","hentry"],"post_mailing_queue_ids":[],"_links":{"self":[{"href":"https:\/\/agora.xtec.cat\/iesolorda\/wp-json\/wp\/v2\/pages\/735","targetHints":{"allow":["GET"]}}],"collection":[{"href":"https:\/\/agora.xtec.cat\/iesolorda\/wp-json\/wp\/v2\/pages"}],"about":[{"href":"https:\/\/agora.xtec.cat\/iesolorda\/wp-json\/wp\/v2\/types\/page"}],"author":[{"embeddable":true,"href":"https:\/\/agora.xtec.cat\/iesolorda\/wp-json\/wp\/v2\/users\/1"}],"replies":[{"embeddable":true,"href":"https:\/\/agora.xtec.cat\/iesolorda\/wp-json\/wp\/v2\/comments?post=735"}],"version-history":[{"count":2,"href":"https:\/\/agora.xtec.cat\/iesolorda\/wp-json\/wp\/v2\/pages\/735\/revisions"}],"predecessor-version":[{"id":783,"href":"https:\/\/agora.xtec.cat\/iesolorda\/wp-json\/wp\/v2\/pages\/735\/revisions\/783"}],"wp:attachment":[{"href":"https:\/\/agora.xtec.cat\/iesolorda\/wp-json\/wp\/v2\/media?parent=735"}],"curies":[{"name":"wp","href":"https:\/\/api.w.org\/{rel}","templated":true}]}}